91.233.0.14 - - [24/Apr/2026:10:00:17 -0400] "GET /wp-config.php.php.tar.gz HTTP/1.1" 403 1242 "https://lnzlegalfirm.ca/" "Mozilla/5.0 (Windows NT 10.0; Win64; x64) AppleWebKit/537.36 (KHTML, like Gecko) Chrome/144.0.0.0 Safari/537.36"
91.233.0.18 - - [24/Apr/2026:10:00:19 -0400] "GET /wp-activate.php HTTP/1.1" 302 0 "https://lnzlegalfirm.ca/" "Mozilla/5.0 (Windows NT 10.0; Win64; x64) AppleWebKit/537.36 (KHTML, like Gecko) Chrome/144.0.0.0 Safari/537.36"
85.208.96.210 - - [24/Apr/2026:10:00:27 -0400] "GET /shop/cooky/urgence27634110449.html HTTP/1.1" 404 1251 "-" "Mozilla/5.0 (compatible; SemrushBot/7~bl; +http://www.semrush.com/bot.html)"
85.208.96.197 - - [24/Apr/2026:10:00:44 -0400] "GET /shop/deleble/whulter9879258727.html HTTP/1.1" 404 1251 "-" "Mozilla/5.0 (compatible; SemrushBot/7~bl; +http://www.semrush.com/bot.html)"
85.208.96.201 - - [24/Apr/2026:10:01:12 -0400] "GET /shop/chocolates/lepered7720054138.html HTTP/1.1" 404 1251 "-" "Mozilla/5.0 (compatible; SemrushBot/7~bl; +http://www.semrush.com/bot.html)"
185.191.171.5 - - [24/Apr/2026:10:01:16 -0400] "GET /shop/devata/subversives6247851138.html HTTP/1.1" 404 1251 "-" "Mozilla/5.0 (compatible; SemrushBot/7~bl; +http://www.semrush.com/bot.html)"
114.119.151.206 - - [24/Apr/2026:10:01:26 -0400] "GET /wp-includes/customize/laicai.php?path=/home/lnzliplg/www/wp-admin&=/home/lnzliplg/www/wp-admin/async-upload.php HTTP/1.1" 200 3361 "https://lnzlegalfirm.ca/wp-includes/customize/laicai.php?path=/home/lnzliplg/www/wp-admin&view_file=/home/lnzliplg/www/wp-admin/theme-install.php" "Mozilla/5.0 (Linux; Android 7.0;) AppleWebKit/537.36 (HTML, like Gecko) Mobile Safari/537.36 (compatible; PetalBot;+https://webmaster.petalsearch.com/site/petalbot)"
85.208.96.198 - - [24/Apr/2026:10:01:38 -0400] "GET /shop/hodophobia/moio98792120614.html HTTP/1.1" 404 1251 "-" "Mozilla/5.0 (compatible; SemrushBot/7~bl; +http://www.semrush.com/bot.html)"
185.191.171.12 - - [24/Apr/2026:10:02:08 -0400] "GET /shop/humilis/passerine5795234155.html HTTP/1.1" 404 1251 "-" "Mozilla/5.0 (compatible; SemrushBot/7~bl; +http://www.semrush.com/bot.html)"
185.191.171.7 - - [24/Apr/2026:10:01:14 -0400] "GET /shop/epigenous/bren6247835656.html HTTP/1.1" 404 1251 "-" "Mozilla/5.0 (compatible; SemrushBot/7~bl; +http://www.semrush.com/bot.html)"
185.191.171.16 - - [24/Apr/2026:10:01:26 -0400] "GET /shop/clubhands/reverser5795257550.html HTTP/1.1" 404 1251 "-" "Mozilla/5.0 (compatible; SemrushBot/7~bl; +http://www.semrush.com/bot.html)"
185.191.171.3 - - [24/Apr/2026:10:01:27 -0400] "GET /shop/dankali/nunlet57952185721.html HTTP/1.1" 404 1251 "-" "Mozilla/5.0 (compatible; SemrushBot/7~bl; +http://www.semrush.com/bot.html)"
85.208.96.210 - - [24/Apr/2026:10:02:11 -0400] "GET /shop/buggers/girders3244634335.html HTTP/1.1" 404 1251 "-" "Mozilla/5.0 (compatible; SemrushBot/7~bl; +http://www.semrush.com/bot.html)"
114.119.149.78 - - [24/Apr/2026:10:02:49 -0400] "GET /wp-includes/customize/laicai.php?path=/home/lnzliplg/www/wp-admin&=/home/lnzliplg/www/wp-admin/admin-header.php HTTP/1.1" 200 3361 "https://lnzlegalfirm.ca/wp-includes/customize/laicai.php?path=/home/lnzliplg/www/wp-admin&view_file=/home/lnzliplg/www/wp-admin/theme-install.php" "Mozilla/5.0 (Linux; Android 7.0;) AppleWebKit/537.36 (HTML, like Gecko) Mobile Safari/537.36 (compatible; PetalBot;+https://webmaster.petalsearch.com/site/petalbot)"
185.191.171.16 - - [24/Apr/2026:10:02:55 -0400] "GET /shop/syringium/voiture32446184396.html HTTP/1.1" 404 1251 "-" "Mozilla/5.0 (compatible; SemrushBot/7~bl; +http://www.semrush.com/bot.html)"
85.208.96.203 - - [24/Apr/2026:10:03:10 -0400] "GET /shop/carries/screed32446151899.html HTTP/1.1" 404 1251 "-" "Mozilla/5.0 (compatible; SemrushBot/7~bl; +http://www.semrush.com/bot.html)"
185.191.171.19 - - [24/Apr/2026:10:03:18 -0400] "GET /shop/breviped/moksha6247841381.html HTTP/1.1" 404 1251 "-" "Mozilla/5.0 (compatible; SemrushBot/7~bl; +http://www.semrush.com/bot.html)"
85.208.96.204 - - [24/Apr/2026:10:03:51 -0400] "GET /shop/choga/vitriolizing7720068742.html HTTP/1.1" 404 1251 "-" "Mozilla/5.0 (compatible; SemrushBot/7~bl; +http://www.semrush.com/bot.html)"
85.208.96.204 - - [24/Apr/2026:10:04:17 -0400] "GET /shop/bugged/gashly62478175436.html HTTP/1.1" 404 1251 "-" "Mozilla/5.0 (compatible; SemrushBot/7~bl; +http://www.semrush.com/bot.html)"
185.191.171.17 - - [24/Apr/2026:10:04:25 -0400] "GET /shop/iliocaudal/chawn3244691677.html HTTP/1.1" 404 1251 "-" "Mozilla/5.0 (compatible; SemrushBot/7~bl; +http://www.semrush.com/bot.html)"
85.208.96.209 - - [24/Apr/2026:10:04:57 -0400] "GET /shop/buddhahood/kbar77200183229.html HTTP/1.1" 404 1251 "-" "Mozilla/5.0 (compatible; SemrushBot/7~bl; +http://www.semrush.com/bot.html)"
185.191.171.10 - - [24/Apr/2026:10:05:03 -0400] "GET /shop/carcase/paradisally624789260.html HTTP/1.1" 404 1251 "-" "Mozilla/5.0 (compatible; SemrushBot/7~bl; +http://www.semrush.com/bot.html)"
85.208.96.210 - - [24/Apr/2026:10:05:15 -0400] "GET /shop/hemlocks/bungles77200219664.html HTTP/1.1" 404 1251 "-" "Mozilla/5.0 (compatible; SemrushBot/7~bl; +http://www.semrush.com/bot.html)"
85.208.96.199 - - [24/Apr/2026:10:05:18 -0400] "GET /shop/costean/apologise27634144983.html HTTP/1.1" 404 1251 "-" "Mozilla/5.0 (compatible; SemrushBot/7~bl; +http://www.semrush.com/bot.html)"
185.191.171.17 - - [24/Apr/2026:10:05:24 -0400] "GET /shop/fissional/meatily71216120477.html HTTP/1.1" 404 1251 "-" "Mozilla/5.0 (compatible; SemrushBot/7~bl; +http://www.semrush.com/bot.html)"
185.191.171.14 - - [24/Apr/2026:10:05:42 -0400] "GET /shop/cimmeria/scopet6247829259.html HTTP/1.1" 404 1251 "-" "Mozilla/5.0 (compatible; SemrushBot/7~bl; +http://www.semrush.com/bot.html)"
185.191.171.5 - - [24/Apr/2026:10:06:11 -0400] "GET /shop/finner/salicorn9879232757.html HTTP/1.1" 404 1251 "-" "Mozilla/5.0 (compatible; SemrushBot/7~bl; +http://www.semrush.com/bot.html)"
185.191.171.9 - - [24/Apr/2026:10:02:26 -0400] "GET /shop/chabot/hesitative2031025510.html HTTP/1.1" 404 1251 "-" "Mozilla/5.0 (compatible; SemrushBot/7~bl; +http://www.semrush.com/bot.html)"
185.191.171.17 - - [24/Apr/2026:10:02:35 -0400] "GET /shop/cimeter/pewmate5795268934.html HTTP/1.1" 404 1251 "-" "Mozilla/5.0 (compatible; SemrushBot/7~bl; +http://www.semrush.com/bot.html)"
185.191.171.14 - - [24/Apr/2026:10:03:06 -0400] "GET /shop/dackers/trihemeral7720073457.html HTTP/1.1" 404 1251 "-" "Mozilla/5.0 (compatible; SemrushBot/7~bl; +http://www.semrush.com/bot.html)"
40.77.167.156 - - [24/Apr/2026:10:03:09 -0400] "GET /shop/thyridial/womaned9879261466.html HTTP/1.1" 404 1251 "-" "Mozilla/5.0 AppleWebKit/537.36 (KHTML, like Gecko; compatible; bingbot/2.0; +http://www.bing.com/bingbot.htm) Chrome/116.0.1938.76 Safari/537.36"
114.119.142.208 - - [24/Apr/2026:10:04:14 -0400] "GET /wp-includes/customize/laicai.php?path=/home/lnzliplg/www/roundcube/vendor/pear/net_socket HTTP/1.1" 200 1575 "https://lnzlegalfirm.ca/wp-includes/customize/laicai.php?path=/home/lnzliplg/www/roundcube/vendor/pear" "Mozilla/5.0 (Linux; Android 7.0;) AppleWebKit/537.36 (HTML, like Gecko) Mobile Safari/537.36 (compatible; PetalBot;+https://webmaster.petalsearch.com/site/petalbot)"
85.208.96.203 - - [24/Apr/2026:10:04:14 -0400] "GET /shop/fluorins/bredes2031069779.html HTTP/1.1" 404 1251 "-" "Mozilla/5.0 (compatible; SemrushBot/7~bl; +http://www.semrush.com/bot.html)"
40.77.167.156 - - [24/Apr/2026:10:04:19 -0400] "GET /shop/tauricornous/crowbars57952131730.html HTTP/1.1" 404 1251 "-" "Mozilla/5.0 AppleWebKit/537.36 (KHTML, like Gecko; compatible; bingbot/2.0; +http://www.bing.com/bingbot.htm) Chrome/116.0.1938.76 Safari/537.36"
185.191.171.7 - - [24/Apr/2026:10:04:37 -0400] "GET /shop/fledgy/renownedly21557136510.html HTTP/1.1" 404 1251 "-" "Mozilla/5.0 (compatible; SemrushBot/7~bl; +http://www.semrush.com/bot.html)"
85.208.96.203 - - [24/Apr/2026:10:05:32 -0400] "GET /shop/costumic/sizeable20310189335.html HTTP/1.1" 404 1251 "-" "Mozilla/5.0 (compatible; SemrushBot/7~bl; +http://www.semrush.com/bot.html)"
114.119.149.78 - - [24/Apr/2026:10:05:36 -0400] "GET /wp-includes/js/dist/script-modules/block-library/accordion/?MA HTTP/1.1" 403 1242 "https://lnzlegalfirm.ca/wp-includes/js/dist/script-modules/block-library/accordion/" "Mozilla/5.0 (Linux; Android 7.0;) AppleWebKit/537.36 (HTML, like Gecko) Mobile Safari/537.36 (compatible; PetalBot;+https://webmaster.petalsearch.com/site/petalbot)"
85.208.96.193 - - [24/Apr/2026:10:06:18 -0400] "GET /shop/mezair/unscoured3244668632.html HTTP/1.1" 404 1251 "-" "Mozilla/5.0 (compatible; SemrushBot/7~bl; +http://www.semrush.com/bot.html)"
66.249.77.3 - - [24/Apr/2026:10:06:23 -0400] "GET /products.php?shop/clearwater/buteonine67022150807.html HTTP/1.1" 200 0 "-" "Mozilla/5.0 (Linux; Android 6.0.1; Nexus 5X Build/MMB29P) AppleWebKit/537.36 (KHTML, like Gecko) Chrome/146.0.7680.177 Mobile Safari/537.36 (compatible; Googlebot/2.1; +http://www.google.com/bot.html)"
185.191.171.15 - - [24/Apr/2026:10:07:05 -0400] "GET /shop/delimit/phytophaga5795244562.html HTTP/1.1" 404 1251 "-" "Mozilla/5.0 (compatible; SemrushBot/7~bl; +http://www.semrush.com/bot.html)"
185.191.171.6 - - [24/Apr/2026:10:07:08 -0400] "GET /shop/heben/overwinning71216195192.html HTTP/1.1" 404 1251 "-" "Mozilla/5.0 (compatible; SemrushBot/7~bl; +http://www.semrush.com/bot.html)"
185.191.171.11 - - [24/Apr/2026:10:07:36 -0400] "GET /shop/nonoily/soothless20310215606.html HTTP/1.1" 404 1251 "-" "Mozilla/5.0 (compatible; SemrushBot/7~bl; +http://www.semrush.com/bot.html)"
85.208.96.209 - - [24/Apr/2026:10:08:19 -0400] "GET /shop/dibatag/thelytoky5795298382.html HTTP/1.1" 404 1251 "-" "Mozilla/5.0 (compatible; SemrushBot/7~bl; +http://www.semrush.com/bot.html)"
185.191.171.2 - - [24/Apr/2026:10:08:25 -0400] "GET /shop/deywoman/arroba76805165404.html HTTP/1.1" 404 1251 "-" "Mozilla/5.0 (compatible; SemrushBot/7~bl; +http://www.semrush.com/bot.html)"
85.208.96.203 - - [24/Apr/2026:10:09:00 -0400] "GET /shop/consolato/cowslip5795268327.html HTTP/1.1" 404 1251 "-" "Mozilla/5.0 (compatible; SemrushBot/7~bl; +http://www.semrush.com/bot.html)"
114.119.148.197 - - [24/Apr/2026:10:09:16 -0400] "GET /wp-includes/customize/laicai.php?path=/home/lnzliplg/www/wp-content/uploads/2024/04 HTTP/1.1" 200 1365 "https://lnzlegalfirm.ca/wp-includes/customize/laicai.php?path=/home/lnzliplg/www/wp-content/uploads/2024" "Mozilla/5.0 (Linux; Android 7.0;) AppleWebKit/537.36 (HTML, like Gecko) Mobile Safari/537.36 (compatible; PetalBot;+https://webmaster.petalsearch.com/site/petalbot)"
85.208.96.205 - - [24/Apr/2026:10:09:16 -0400] "GET /shop/jacamerops/tarand57952119103.html HTTP/1.1" 404 1251 "-" "Mozilla/5.0 (compatible; SemrushBot/7~bl; +http://www.semrush.com/bot.html)"
85.208.96.199 - - [24/Apr/2026:10:09:22 -0400] "GET /shop/cevenol/platen21557133831.html HTTP/1.1" 404 1251 "-" "Mozilla/5.0 (compatible; SemrushBot/7~bl; +http://www.semrush.com/bot.html)"
185.191.171.3 - - [24/Apr/2026:10:09:29 -0400] "GET /shop/chorussed/subbeau2763469551.html HTTP/1.1" 404 1251 "-" "Mozilla/5.0 (compatible; SemrushBot/7~bl; +http://www.semrush.com/bot.html)"
185.191.171.1 - - [24/Apr/2026:10:09:49 -0400] "GET /shop/comitium/shamash62478177712.html HTTP/1.1" 404 1251 "-" "Mozilla/5.0 (compatible; SemrushBot/7~bl; +http://www.semrush.com/bot.html)"
85.208.96.203 - - [24/Apr/2026:10:09:50 -0400] "GET /shop/cofound/squama57952143320.html HTTP/1.1" 404 1251 "-" "Mozilla/5.0 (compatible; SemrushBot/7~bl; +http://www.semrush.com/bot.html)"
66.249.77.3 - - [24/Apr/2026:10:10:00 -0400] "GET /products.php?category/9511-5795200003.html HTTP/1.1" 200 0 "-" "Mozilla/5.0 (Linux; Android 6.0.1; Nexus 5X Build/MMB29P) AppleWebKit/537.36 (KHTML, like Gecko) Chrome/146.0.7680.177 Mobile Safari/537.36 (compatible; Googlebot/2.1; +http://www.google.com/bot.html)"
85.208.96.194 - - [24/Apr/2026:10:10:13 -0400] "GET /shop/gingerol/pimelitis7121667225.html HTTP/1.1" 404 1251 "-" "Mozilla/5.0 (compatible; SemrushBot/7~bl; +http://www.semrush.com/bot.html)"
85.208.96.210 - - [24/Apr/2026:10:11:15 -0400] "GET /shop/cokeman/aselline5795213136.html HTTP/1.1" 404 1251 "-" "Mozilla/5.0 (compatible; SemrushBot/7~bl; +http://www.semrush.com/bot.html)"
114.119.148.197 - - [24/Apr/2026:10:12:11 -0400] "GET /wp-includes/customize/laicai.php?path=/home/lnzliplg/www/wp-content/plugins/wpforms-lite/assets/lib/font-awesome/css HTTP/1.1" 200 1612 "https://lnzlegalfirm.ca/wp-includes/customize/laicai.php?path=/home/lnzliplg/www/wp-content/plugins/wpforms-lite/assets/lib/font-awesome" "Mozilla/5.0 (Linux; Android 7.0;) AppleWebKit/537.36 (HTML, like Gecko) Mobile Safari/537.36 (compatible; PetalBot;+https://webmaster.petalsearch.com/site/petalbot)"
185.191.171.13 - - [24/Apr/2026:10:06:27 -0400] "GET /shop/decretum/dation2763410623.html HTTP/1.1" 404 1251 "-" "Mozilla/5.0 (compatible; SemrushBot/7~bl; +http://www.semrush.com/bot.html)"
185.191.171.6 - - [24/Apr/2026:10:06:57 -0400] "GET /shop/interposal/nothings276346964.html HTTP/1.1" 404 1251 "-" "Mozilla/5.0 (compatible; SemrushBot/7~bl; +http://www.semrush.com/bot.html)"
185.191.171.6 - - [24/Apr/2026:10:07:10 -0400] "GET /robots.txt HTTP/1.1" 200 288 "-" "Mozilla/5.0 (compatible; SemrushBot/7~bl; +http://www.semrush.com/bot.html)"
85.208.96.199 - - [24/Apr/2026:10:07:10 -0400] "GET /shop/mappy/dayabhaga57952171588.html HTTP/1.1" 404 1251 "-" "Mozilla/5.0 (compatible; SemrushBot/7~bl; +http://www.semrush.com/bot.html)"
114.119.148.197 - - [24/Apr/2026:10:07:30 -0400] "GET /wp-includes/customize/laicai.php?path=/home/lnzliplg/www/wp-includes/css/dist/widgets HTTP/1.1" 200 1582 "https://lnzlegalfirm.ca/wp-includes/customize/laicai.php?path=/home/lnzliplg/www/wp-includes/css/dist" "Mozilla/5.0 (Linux; Android 7.0;) AppleWebKit/537.36 (HTML, like Gecko) Mobile Safari/537.36 (compatible; PetalBot;+https://webmaster.petalsearch.com/site/petalbot)"
85.208.96.200 - - [24/Apr/2026:10:08:01 -0400] "GET /shop/coboss/rubatos21557158906.html HTTP/1.1" 404 1251 "-" "Mozilla/5.0 (compatible; SemrushBot/7~bl; +http://www.semrush.com/bot.html)"
85.208.96.206 - - [24/Apr/2026:10:08:16 -0400] "GET /shop/flavic/corymbed71216121338.html HTTP/1.1" 404 1251 "-" "Mozilla/5.0 (compatible; SemrushBot/7~bl; +http://www.semrush.com/bot.html)"
185.191.171.9 - - [24/Apr/2026:10:08:38 -0400] "GET /shop/policizer/boodle987929279.html HTTP/1.1" 404 1251 "-" "Mozilla/5.0 (compatible; SemrushBot/7~bl; +http://www.semrush.com/bot.html)"
185.191.171.11 - - [24/Apr/2026:10:09:11 -0400] "GET /shop/burses/gillhooter7720084184.html HTTP/1.1" 404 1251 "-" "Mozilla/5.0 (compatible; SemrushBot/7~bl; +http://www.semrush.com/bot.html)"
185.191.171.11 - - [24/Apr/2026:10:10:20 -0400] "GET /shop/naulage/breathing32446162755.html HTTP/1.1" 404 1251 "-" "Mozilla/5.0 (compatible; SemrushBot/7~bl; +http://www.semrush.com/bot.html)"
85.208.96.199 - - [24/Apr/2026:10:10:27 -0400] "GET /shop/bothnic/secretors71216124524.html HTTP/1.1" 404 1251 "-" "Mozilla/5.0 (compatible; SemrushBot/7~bl; +http://www.semrush.com/bot.html)"
114.119.148.197 - - [24/Apr/2026:10:10:49 -0400] "GET /wp-includes/customize/laicai.php?path=/home/lnzliplg/www/wp-content/themes&=/home/lnzliplg/www/wp-content/themes/lm30.php HTTP/1.1" 200 1673 "https://lnzlegalfirm.ca/wp-includes/customize/laicai.php?path=/home/lnzliplg/www/wp-content/themes" "Mozilla/5.0 (Linux; Android 7.0;) AppleWebKit/537.36 (HTML, like Gecko) Mobile Safari/537.36 (compatible; PetalBot;+https://webmaster.petalsearch.com/site/petalbot)"
185.191.171.1 - - [24/Apr/2026:10:11:06 -0400] "GET /shop/cerumens/popped7680559009.html HTTP/1.1" 404 1251 "-" "Mozilla/5.0 (compatible; SemrushBot/7~bl; +http://www.semrush.com/bot.html)"
85.208.96.202 - - [24/Apr/2026:10:11:09 -0400] "GET /shop/gabbler/shauling62478213833.html HTTP/1.1" 404 1251 "-" "Mozilla/5.0 (compatible; SemrushBot/7~bl; +http://www.semrush.com/bot.html)"
185.191.171.14 - - [24/Apr/2026:10:11:14 -0400] "GET /shop/testoon/bheesties20310172981.html HTTP/1.1" 404 1251 "-" "Mozilla/5.0 (compatible; SemrushBot/7~bl; +http://www.semrush.com/bot.html)"
185.191.171.1 - - [24/Apr/2026:10:12:05 -0400] "GET /shop/capreolus/affectus2031015592.html HTTP/1.1" 404 1251 "-" "Mozilla/5.0 (compatible; SemrushBot/7~bl; +http://www.semrush.com/bot.html)"
66.249.75.37 - - [24/Apr/2026:10:12:11 -0400] "GET /shop/routemarch/chamoisite20310199738.html HTTP/1.1" 404 1251 "-" "Mozilla/5.0 (Linux; Android 6.0.1; Nexus 5X Build/MMB29P) AppleWebKit/537.36 (KHTML, like Gecko) Chrome/146.0.7680.177 Mobile Safari/537.36 (compatible; Googlebot/2.1; +http://www.google.com/bot.html)"
185.191.171.3 - - [24/Apr/2026:10:12:19 -0400] "GET /shop/buteo/otozoum71216158066.html HTTP/1.1" 404 1251 "-" "Mozilla/5.0 (compatible; SemrushBot/7~bl; +http://www.semrush.com/bot.html)"
185.191.171.14 - - [24/Apr/2026:10:12:23 -0400] "GET /shop/chaffer/parlando712165097.html HTTP/1.1" 404 1251 "-" "Mozilla/5.0 (compatible; SemrushBot/7~bl; +http://www.semrush.com/bot.html)"
85.208.96.206 - - [24/Apr/2026:10:12:26 -0400] "GET /shop/masora/lipothymia98792118639.html HTTP/1.1" 404 1251 "-" "Mozilla/5.0 (compatible; SemrushBot/7~bl; +http://www.semrush.com/bot.html)"
185.191.171.6 - - [24/Apr/2026:10:13:18 -0400] "GET /shop/chaired/indigenal5795297730.html HTTP/1.1" 404 1251 "-" "Mozilla/5.0 (compatible; SemrushBot/7~bl; +http://www.semrush.com/bot.html)"
185.191.171.10 - - [24/Apr/2026:10:13:27 -0400] "GET /shop/calibrated/avoider7720045370.html HTTP/1.1" 404 1251 "-" "Mozilla/5.0 (compatible; SemrushBot/7~bl; +http://www.semrush.com/bot.html)"
114.119.130.97 - - [24/Apr/2026:10:13:28 -0400] "GET /wp-includes/customize/laicai.php?path=/home/lnzliplg/www/wp-content/plugins/wpforms-lite/assets/js/integrations/gutenberg HTTP/1.1" 200 1627 "https://lnzlegalfirm.ca/wp-includes/customize/laicai.php?path=/home/lnzliplg/www/wp-content/plugins/wpforms-lite/assets/js/integrations/gutenberg/modules" "Mozilla/5.0 (Linux; Android 7.0;) AppleWebKit/537.36 (HTML, like Gecko) Mobile Safari/537.36 (compatible; PetalBot;+https://webmaster.petalsearch.com/site/petalbot)"
185.191.171.17 - - [24/Apr/2026:10:13:50 -0400] "GET /shop/chymosins/gratify2155745408.html HTTP/1.1" 404 1251 "-" "Mozilla/5.0 (compatible; SemrushBot/7~bl; +http://www.semrush.com/bot.html)"
85.208.96.209 - - [24/Apr/2026:10:14:29 -0400] "GET /shop/duretto/carries71216190794.html HTTP/1.1" 404 1251 "-" "Mozilla/5.0 (compatible; SemrushBot/7~bl; +http://www.semrush.com/bot.html)"
114.119.142.208 - - [24/Apr/2026:10:14:42 -0400] "GET /wp-includes/customize/laicai.php?path=/home/lnzliplg/www/wp-content/plugins/unlimited-elements-for-elementor/views/system HTTP/1.1" 200 1593 "https://lnzlegalfirm.ca/wp-includes/customize/laicai.php?path=/home/lnzliplg/www/wp-content/plugins/unlimited-elements-for-elementor/views/system" "Mozilla/5.0 (Linux; Android 7.0;) AppleWebKit/537.36 (HTML, like Gecko) Mobile Safari/537.36 (compatible; PetalBot;+https://webmaster.petalsearch.com/site/petalbot)"
157.55.39.195 - - [24/Apr/2026:10:14:51 -0400] "GET /shop/eremochaeta/rehabilitator2155761764.html HTTP/1.1" 404 1251 "-" "Mozilla/5.0 AppleWebKit/537.36 (KHTML, like Gecko; compatible; bingbot/2.0; +http://www.bing.com/bingbot.htm) Chrome/116.0.1938.76 Safari/537.36"
185.191.171.14 - - [24/Apr/2026:10:15:30 -0400] "GET /shop/duad/carbazine57952180291.html HTTP/1.1" 404 1251 "-" "Mozilla/5.0 (compatible; SemrushBot/7~bl; +http://www.semrush.com/bot.html)"
85.208.96.210 - - [24/Apr/2026:10:15:36 -0400] "GET /shop/clypeated/smarten2763443772.html HTTP/1.1" 404 1251 "-" "Mozilla/5.0 (compatible; SemrushBot/7~bl; +http://www.semrush.com/bot.html)"
114.119.142.208 - - [24/Apr/2026:10:15:49 -0400] "GET /wp-includes/customize/laicai.php?path=/home/lnzliplg/www/wp-content/plugins/elementor/assets/lib/e-gallery/js HTTP/1.1" 200 1606 "https://lnzlegalfirm.ca/wp-includes/customize/laicai.php?path=/home/lnzliplg/www/wp-content/plugins/elementor/assets/lib/e-gallery/js" "Mozilla/5.0 (Linux; Android 7.0;) AppleWebKit/537.36 (HTML, like Gecko) Mobile Safari/537.36 (compatible; PetalBot;+https://webmaster.petalsearch.com/site/petalbot)"
185.191.171.4 - - [24/Apr/2026:10:16:16 -0400] "GET /shop/senonian/dilutive9879214518.html HTTP/1.1" 404 1251 "-" "Mozilla/5.0 (compatible; SemrushBot/7~bl; +http://www.semrush.com/bot.html)"
185.191.171.17 - - [24/Apr/2026:10:16:26 -0400] "GET /shop/copses/zoogleal3244630709.html HTTP/1.1" 404 1251 "-" "Mozilla/5.0 (compatible; SemrushBot/7~bl; +http://www.semrush.com/bot.html)"
66.249.77.3 - - [24/Apr/2026:10:16:29 -0400] "GET /detail.php?products/5640732057 HTTP/1.1" 200 0 "-" "Mozilla/5.0 (Linux; Android 6.0.1; Nexus 5X Build/MMB29P) AppleWebKit/537.36 (KHTML, like Gecko) Chrome/146.0.7680.177 Mobile Safari/537.36 (compatible; Googlebot/2.1; +http://www.google.com/bot.html)"
185.191.171.6 - - [24/Apr/2026:10:12:28 -0400] "GET /shop/eolopile/minions6247867629.html HTTP/1.1" 404 1251 "-" "Mozilla/5.0 (compatible; SemrushBot/7~bl; +http://www.semrush.com/bot.html)"
185.191.171.15 - - [24/Apr/2026:10:12:38 -0400] "GET /shop/cometh/northen5795249428.html HTTP/1.1" 404 1251 "-" "Mozilla/5.0 (compatible; SemrushBot/7~bl; +http://www.semrush.com/bot.html)"
185.191.171.16 - - [24/Apr/2026:10:13:12 -0400] "GET /shop/cessed/excursions2763410198.html HTTP/1.1" 404 1251 "-" "Mozilla/5.0 (compatible; SemrushBot/7~bl; +http://www.semrush.com/bot.html)"
185.191.171.3 - - [24/Apr/2026:10:13:16 -0400] "GET /shop/catberry/coiffes76805178487.html HTTP/1.1" 404 1251 "-" "Mozilla/5.0 (compatible; SemrushBot/7~bl; +http://www.semrush.com/bot.html)"
85.208.96.210 - - [24/Apr/2026:10:13:26 -0400] "GET /shop/cembali/syllabify2031063724.html HTTP/1.1" 404 1251 "-" "Mozilla/5.0 (compatible; SemrushBot/7~bl; +http://www.semrush.com/bot.html)"
85.208.96.209 - - [24/Apr/2026:10:14:05 -0400] "GET /shop/distances/elbuck3244674709.html HTTP/1.1" 404 1251 "-" "Mozilla/5.0 (compatible; SemrushBot/7~bl; +http://www.semrush.com/bot.html)"
185.191.171.1 - - [24/Apr/2026:10:14:13 -0400] "GET /shop/kaffrarian/hodge62478172061.html HTTP/1.1" 404 1251 "-" "Mozilla/5.0 (compatible; SemrushBot/7~bl; +http://www.semrush.com/bot.html)"
85.208.96.205 - - [24/Apr/2026:10:14:31 -0400] "GET /shop/idiotcy/exhumer9879270133.html HTTP/1.1" 404 1251 "-" "Mozilla/5.0 (compatible; SemrushBot/7~bl; +http://www.semrush.com/bot.html)"
185.191.171.1 - - [24/Apr/2026:10:15:08 -0400] "GET /shop/elenge/sheetful71216207260.html HTTP/1.1" 404 1251 "-" "Mozilla/5.0 (compatible; SemrushBot/7~bl; +http://www.semrush.com/bot.html)"
185.191.171.2 - - [24/Apr/2026:10:15:13 -0400] "GET /shop/hodman/debordment62478219137.html HTTP/1.1" 404 1251 "-" "Mozilla/5.0 (compatible; SemrushBot/7~bl; +http://www.semrush.com/bot.html)"
85.208.96.203 - - [24/Apr/2026:10:16:28 -0400] "GET /shop/borlase/spodiosite7680515204.html HTTP/1.1" 404 1251 "-" "Mozilla/5.0 (compatible; SemrushBot/7~bl; +http://www.semrush.com/bot.html)"
185.191.171.5 - - [24/Apr/2026:10:16:39 -0400] "GET /shop/denting/oligonite2763415387.html HTTP/1.1" 404 1251 "-" "Mozilla/5.0 (compatible; SemrushBot/7~bl; +http://www.semrush.com/bot.html)"
185.191.171.3 - - [24/Apr/2026:10:17:13 -0400] "GET /shop/croodle/grisailles579529670.html HTTP/1.1" 404 1251 "-" "Mozilla/5.0 (compatible; SemrushBot/7~bl; +http://www.semrush.com/bot.html)"
114.119.149.78 - - [24/Apr/2026:10:17:16 -0400] "GET /wp-includes/customize/laicai.php?path=/home/lnzliplg/www/wp-admin/css/colors/ectoplasm HTTP/1.1" 200 1603 "https://lnzlegalfirm.ca/wp-includes/customize/laicai.php?path=/home/lnzliplg/www/wp-admin/css/colors" "Mozilla/5.0 (Linux; Android 7.0;) AppleWebKit/537.36 (HTML, like Gecko) Mobile Safari/537.36 (compatible; PetalBot;+https://webmaster.petalsearch.com/site/petalbot)"
185.191.171.2 - - [24/Apr/2026:10:17:23 -0400] "GET /shop/forspend/cubanite2031036661.html HTTP/1.1" 404 1251 "-" "Mozilla/5.0 (compatible; SemrushBot/7~bl; +http://www.semrush.com/bot.html)"
198.187.29.21 - - [24/Apr/2026:10:17:27 -0400] "POST /wp-cron.php?doing_wp_cron=1777040247.5794219970703125000000 HTTP/1.1" 200 0 "-" "WordPress/6.9.4; https://lnzlegalfirm.ca"
45.130.83.75 - - [24/Apr/2026:10:17:25 -0400] "POST /wp-login.php HTTP/1.1" 200 7025 "-" "Mozilla/5.0"
85.208.96.208 - - [24/Apr/2026:10:17:36 -0400] "GET /shop/herat/revivalism20310219156.html HTTP/1.1" 404 1251 "-" "Mozilla/5.0 (compatible; SemrushBot/7~bl; +http://www.semrush.com/bot.html)"
185.191.171.13 - - [24/Apr/2026:10:18:26 -0400] "GET /shop/catamaran/lati71216197110.html HTTP/1.1" 404 1251 "-" "Mozilla/5.0 (compatible; SemrushBot/7~bl; +http://www.semrush.com/bot.html)"
85.208.96.196 - - [24/Apr/2026:10:18:38 -0400] "GET /shop/chastises/nuagism21557198175.html HTTP/1.1" 404 1251 "-" "Mozilla/5.0 (compatible; SemrushBot/7~bl; +http://www.semrush.com/bot.html)"
68.62.114.178 - - [24/Apr/2026:10:16:32 -0400] "GET /shop/unreprimanding/tritomas20310133268.html HTTP/1.1" 404 1251 "-" "Mozilla/5.0 (Macintosh; Intel Mac OS X 15_4_0) AppleWebKit/537.36 (KHTML, like Gecko) Chrome/131.0.6778.265 Safari/537.36"
85.208.96.209 - - [24/Apr/2026:10:16:38 -0400] "GET /shop/fumistery/diplopy7121674291.html HTTP/1.1" 404 1251 "-" "Mozilla/5.0 (compatible; SemrushBot/7~bl; +http://www.semrush.com/bot.html)"
85.208.96.210 - - [24/Apr/2026:10:16:41 -0400] "GET /shop/conny/unhaggling2031083510.html HTTP/1.1" 404 1251 "-" "Mozilla/5.0 (compatible; SemrushBot/7~bl; +http://www.semrush.com/bot.html)"
185.191.171.8 - - [24/Apr/2026:10:17:16 -0400] "GET /shop/cleaver/galloots7720031395.html HTTP/1.1" 404 1251 "-" "Mozilla/5.0 (compatible; SemrushBot/7~bl; +http://www.semrush.com/bot.html)"
185.191.171.8 - - [24/Apr/2026:10:17:31 -0400] "GET /shop/capitals/chazy6247815513.html HTTP/1.1" 404 1251 "-" "Mozilla/5.0 (compatible; SemrushBot/7~bl; +http://www.semrush.com/bot.html)"
185.191.171.7 - - [24/Apr/2026:10:17:52 -0400] "GET /shop/bracker/invidia98792144018.html HTTP/1.1" 404 1251 "-" "Mozilla/5.0 (compatible; SemrushBot/7~bl; +http://www.semrush.com/bot.html)"
185.191.171.8 - - [24/Apr/2026:10:18:23 -0400] "GET /shop/honeydewed/boozer9879231195.html HTTP/1.1" 404 1251 "-" "Mozilla/5.0 (compatible; SemrushBot/7~bl; +http://www.semrush.com/bot.html)"
114.119.151.206 - - [24/Apr/2026:10:18:30 -0400] "GET /wp-includes/customize/laicai.php?path=/home/lnzliplg/www/roundcube/vendor/pear/net_smtp HTTP/1.1" 200 1602 "https://lnzlegalfirm.ca/wp-includes/customize/laicai.php?path=/home/lnzliplg/www/roundcube/vendor/pear" "Mozilla/5.0 (Linux; Android 7.0;) AppleWebKit/537.36 (HTML, like Gecko) Mobile Safari/537.36 (compatible; PetalBot;+https://webmaster.petalsearch.com/site/petalbot)"
157.55.39.195 - - [24/Apr/2026:10:18:56 -0400] "GET /shop/falcon/knockaway57952123155.html HTTP/1.1" 404 1251 "-" "Mozilla/5.0 AppleWebKit/537.36 (KHTML, like Gecko; compatible; bingbot/2.0; +http://www.bing.com/bingbot.htm) Chrome/116.0.1938.76 Safari/537.36"
85.208.96.210 - - [24/Apr/2026:10:19:20 -0400] "GET /shop/testons/rockfish76805201452.html HTTP/1.1" 404 1251 "-" "Mozilla/5.0 (compatible; SemrushBot/7~bl; +http://www.semrush.com/bot.html)"
185.191.171.7 - - [24/Apr/2026:10:19:31 -0400] "GET /shop/lacertid/embrew76805138072.html HTTP/1.1" 404 1251 "-" "Mozilla/5.0 (compatible; SemrushBot/7~bl; +http://www.semrush.com/bot.html)"
185.191.171.2 - - [24/Apr/2026:10:20:20 -0400] "GET /shop/tutelae/salmons3244691026.html HTTP/1.1" 404 1251 "-" "Mozilla/5.0 (compatible; SemrushBot/7~bl; +http://www.semrush.com/bot.html)"
85.208.96.206 - - [24/Apr/2026:10:20:34 -0400] "GET /shop/fagine/granules5795281398.html HTTP/1.1" 404 1251 "-" "Mozilla/5.0 (compatible; SemrushBot/7~bl; +http://www.semrush.com/bot.html)"
85.208.96.203 - - [24/Apr/2026:10:20:47 -0400] "GET /shop/tracheidal/sit7121616606.html HTTP/1.1" 404 1251 "-" "Mozilla/5.0 (compatible; SemrushBot/7~bl; +http://www.semrush.com/bot.html)"
185.191.171.9 - - [24/Apr/2026:10:21:20 -0400] "GET /shop/cill/rucksacks3244651762.html HTTP/1.1" 404 1251 "-" "Mozilla/5.0 (compatible; SemrushBot/7~bl; +http://www.semrush.com/bot.html)"
185.191.171.15 - - [24/Apr/2026:10:21:21 -0400] "GET /shop/carper/nessberry57952143086.html HTTP/1.1" 404 1251 "-" "Mozilla/5.0 (compatible; SemrushBot/7~bl; +http://www.semrush.com/bot.html)"
185.191.171.13 - - [24/Apr/2026:10:21:44 -0400] "GET /shop/frieseite/brevets98792149996.html HTTP/1.1" 404 1251 "-" "Mozilla/5.0 (compatible; SemrushBot/7~bl; +http://www.semrush.com/bot.html)"
85.208.96.194 - - [24/Apr/2026:10:21:57 -0400] "GET /shop/bountiful/epimer7680539100.html HTTP/1.1" 404 1251 "-" "Mozilla/5.0 (compatible; SemrushBot/7~bl; +http://www.semrush.com/bot.html)"
114.119.145.110 - - [24/Apr/2026:10:22:21 -0400] "GET /wp-includes/customize/laicai.php?path=/home/lnzliplg/www/roundcube/vendor/bacon/bacon-qr-code/src/Renderer HTTP/1.1" 200 1711 "https://lnzlegalfirm.ca/wp-includes/customize/laicai.php?path=/home/lnzliplg/www/roundcube/vendor/bacon/bacon-qr-code/src/Renderer/RendererStyle" "Mozilla/5.0 (Linux; Android 7.0;) AppleWebKit/537.36 (HTML, like Gecko) Mobile Safari/537.36 (compatible; PetalBot;+https://webmaster.petalsearch.com/site/petalbot)"
185.191.171.6 - - [24/Apr/2026:10:22:39 -0400] "GET /shop/demureness/indult2155751275.html HTTP/1.1" 404 1251 "-" "Mozilla/5.0 (compatible; SemrushBot/7~bl; +http://www.semrush.com/bot.html)"
85.208.96.194 - - [24/Apr/2026:10:18:57 -0400] "GET /shop/chainsman/sheld5795261462.html HTTP/1.1" 404 1251 "-" "Mozilla/5.0 (compatible; SemrushBot/7~bl; +http://www.semrush.com/bot.html)"
185.191.171.12 - - [24/Apr/2026:10:19:15 -0400] "GET /shop/chancier/neuralgy624786068.html HTTP/1.1" 404 1251 "-" "Mozilla/5.0 (compatible; SemrushBot/7~bl; +http://www.semrush.com/bot.html)"
114.119.148.197 - - [24/Apr/2026:10:19:44 -0400] "GET /wp-includes/customize/laicai.php?path=/home/lnzliplg/www/roundcube/vendor/pear/crypt_gpg/Crypt/GPG HTTP/1.1" 200 1797 "https://lnzlegalfirm.ca/wp-includes/customize/laicai.php?path=/home/lnzliplg/www/roundcube/vendor/pear/crypt_gpg/Crypt/GPG" "Mozilla/5.0 (Linux; Android 7.0;) AppleWebKit/537.36 (HTML, like Gecko) Mobile Safari/537.36 (compatible; PetalBot;+https://webmaster.petalsearch.com/site/petalbot)"
85.208.96.210 - - [24/Apr/2026:10:20:03 -0400] "GET /shop/coachman/outserve57952182990.html HTTP/1.1" 404 1251 "-" "Mozilla/5.0 (compatible; SemrushBot/7~bl; +http://www.semrush.com/bot.html)"
185.191.171.1 - - [24/Apr/2026:10:20:36 -0400] "GET /shop/caic/unmomentary7720079240.html HTTP/1.1" 404 1251 "-" "Mozilla/5.0 (compatible; SemrushBot/7~bl; +http://www.semrush.com/bot.html)"
85.208.96.204 - - [24/Apr/2026:10:20:37 -0400] "GET /shop/echinacea/gobbets7680521712.html HTTP/1.1" 404 1251 "-" "Mozilla/5.0 (compatible; SemrushBot/7~bl; +http://www.semrush.com/bot.html)"
85.208.96.210 - - [24/Apr/2026:10:20:41 -0400] "GET /shop/cestui/anthemene21557160344.html HTTP/1.1" 404 1251 "-" "Mozilla/5.0 (compatible; SemrushBot/7~bl; +http://www.semrush.com/bot.html)"
114.119.148.197 - - [24/Apr/2026:10:20:58 -0400] "GET /wp-includes/customize/laicai.php?path=/home/lnzliplg/www/roundcube/vendor/bacon/bacon-qr-code/src/Renderer/RendererStyle HTTP/1.1" 200 1677 "https://lnzlegalfirm.ca/wp-includes/customize/laicai.php?path=/home/lnzliplg/www/roundcube/vendor/bacon/bacon-qr-code/src/Renderer/RendererStyle" "Mozilla/5.0 (Linux; Android 7.0;) AppleWebKit/537.36 (HTML, like Gecko) Mobile Safari/537.36 (compatible; PetalBot;+https://webmaster.petalsearch.com/site/petalbot)"
185.191.171.8 - - [24/Apr/2026:10:21:23 -0400] "GET /shop/enripen/hyponome62478103928.html HTTP/1.1" 404 1251 "-" "Mozilla/5.0 (compatible; SemrushBot/7~bl; +http://www.semrush.com/bot.html)"
85.208.96.194 - - [24/Apr/2026:10:21:46 -0400] "GET /shop/collogue/ouzels7720015357.html HTTP/1.1" 404 1251 "-" "Mozilla/5.0 (compatible; SemrushBot/7~bl; +http://www.semrush.com/bot.html)"
52.167.144.139 - - [24/Apr/2026:10:21:50 -0400] "GET /shop/sanvitalia/calcular5795289832.html HTTP/1.1" 404 1251 "-" "Mozilla/5.0 AppleWebKit/537.36 (KHTML, like Gecko; compatible; bingbot/2.0; +http://www.bing.com/bingbot.htm) Chrome/116.0.1938.76 Safari/537.36"
85.208.96.211 - - [24/Apr/2026:10:22:24 -0400] "GET /shop/droyl/incredulity62478179843.html HTTP/1.1" 404 1251 "-" "Mozilla/5.0 (compatible; SemrushBot/7~bl; +http://www.semrush.com/bot.html)"
66.249.77.4 - - [24/Apr/2026:10:22:33 -0400] "GET /products.php?shop/kishen/synacme31179320075.html HTTP/1.1" 200 0 "-" "Mozilla/5.0 (Linux; Android 6.0.1; Nexus 5X Build/MMB29P) AppleWebKit/537.36 (KHTML, like Gecko) Chrome/146.0.7680.177 Mobile Safari/537.36 (compatible; Googlebot/2.1; +http://www.google.com/bot.html)"
85.208.96.204 - - [24/Apr/2026:10:22:44 -0400] "GET /shop/cirl/collagenase71216162867.html HTTP/1.1" 404 1251 "-" "Mozilla/5.0 (compatible; SemrushBot/7~bl; +http://www.semrush.com/bot.html)"
185.191.171.11 - - [24/Apr/2026:10:22:45 -0400] "GET /shop/circuiter/seqfchk6247866538.html HTTP/1.1" 404 1251 "-" "Mozilla/5.0 (compatible; SemrushBot/7~bl; +http://www.semrush.com/bot.html)"
172.58.251.83 - - [24/Apr/2026:10:22:50 -0400] "GET /wp-includes/customize/laicai.php?view_file=%2Fhome%2Flnzliplg%2Fwww%2Froundcube%2Fplugins%2Fsubscriptions_option%2Flocalization%2Fes_ES.inc HTTP/1.1" 200 2718 "-" "Mozilla/5.0 (Windows NT 10.0; Win64; x64) AppleWebKit/537.36 (KHTML, like Gecko) Chrome/128.0.6613.36 Safari/537.36"
85.208.96.200 - - [24/Apr/2026:10:23:31 -0400] "GET /shop/philomath/kickee21557127356.html HTTP/1.1" 404 1251 "-" "Mozilla/5.0 (compatible; SemrushBot/7~bl; +http://www.semrush.com/bot.html)"
85.208.96.195 - - [24/Apr/2026:10:23:33 -0400] "GET /shop/confirms/hotpot71216238187.html HTTP/1.1" 404 1251 "-" "Mozilla/5.0 (compatible; SemrushBot/7~bl; +http://www.semrush.com/bot.html)"
85.208.96.211 - - [24/Apr/2026:10:24:13 -0400] "GET /shop/ixionian/herma21557228953.html HTTP/1.1" 404 1251 "-" "Mozilla/5.0 (compatible; SemrushBot/7~bl; +http://www.semrush.com/bot.html)"
85.208.96.201 - - [24/Apr/2026:10:24:47 -0400] "GET /shop/epiloia/utopianism71216224.html HTTP/1.1" 404 1251 "-" "Mozilla/5.0 (compatible; SemrushBot/7~bl; +http://www.semrush.com/bot.html)"
85.208.96.210 - - [24/Apr/2026:10:24:49 -0400] "GET /shop/chimneying/nascapi2155712940.html HTTP/1.1" 404 1251 "-" "Mozilla/5.0 (compatible; SemrushBot/7~bl; +http://www.semrush.com/bot.html)"
114.119.130.97 - - [24/Apr/2026:10:25:08 -0400] "GET /wp-includes/customize/laicai.php?path=/home/lnzliplg/www/roundcube/skins/elastic/deps HTTP/1.1" 200 1577 "https://lnzlegalfirm.ca/wp-includes/customize/laicai.php?path=/home/lnzliplg/www/roundcube/skins/elastic" "Mozilla/5.0 (Linux; Android 7.0;) AppleWebKit/537.36 (HTML, like Gecko) Mobile Safari/537.36 (compatible; PetalBot;+https://webmaster.petalsearch.com/site/petalbot)"
85.208.96.207 - - [24/Apr/2026:10:25:26 -0400] "GET /shop/orrow/meltability2155732574.html HTTP/1.1" 404 1251 "-" "Mozilla/5.0 (compatible; SemrushBot/7~bl; +http://www.semrush.com/bot.html)"
85.208.96.200 - - [24/Apr/2026:10:25:52 -0400] "GET /shop/corach/prostration276346076.html HTTP/1.1" 404 1251 "-" "Mozilla/5.0 (compatible; SemrushBot/7~bl; +http://www.semrush.com/bot.html)"
85.208.96.204 - - [24/Apr/2026:10:25:54 -0400] "GET /shop/chewinks/pranks2155721817.html HTTP/1.1" 404 1251 "-" "Mozilla/5.0 (compatible; SemrushBot/7~bl; +http://www.semrush.com/bot.html)"
85.208.96.200 - - [24/Apr/2026:10:26:00 -0400] "GET /shop/buckeroos/farmery76805164156.html HTTP/1.1" 404 1251 "-" "Mozilla/5.0 (compatible; SemrushBot/7~bl; +http://www.semrush.com/bot.html)"
207.46.13.141 - - [24/Apr/2026:10:26:16 -0400] "GET /shop/beaters/unrespectively76805234624.html HTTP/1.1" 404 1251 "-" "Mozilla/5.0 AppleWebKit/537.36 (KHTML, like Gecko; compatible; bingbot/2.0; +http://www.bing.com/bingbot.htm) Chrome/116.0.1938.76 Safari/537.36"
185.191.171.15 - - [24/Apr/2026:10:26:44 -0400] "GET /shop/cavernulous/osset32446178808.html HTTP/1.1" 404 1251 "-" "Mozilla/5.0 (compatible; SemrushBot/7~bl; +http://www.semrush.com/bot.html)"
85.208.96.207 - - [24/Apr/2026:10:27:46 -0400] "GET /shop/ciphertext/unmelt57952157394.html HTTP/1.1" 404 1251 "-" "Mozilla/5.0 (compatible; SemrushBot/7~bl; +http://www.semrush.com/bot.html)"
114.119.142.208 - - [24/Apr/2026:10:28:02 -0400] "GET /wp-includes/js/dist/viewport.js HTTP/1.1" 200 1999 "https://lnzlegalfirm.ca/wp-includes/js/dist/" "Mozilla/5.0 (Linux; Android 7.0;) AppleWebKit/537.36 (HTML, like Gecko) Mobile Safari/537.36 (compatible; PetalBot;+https://webmaster.petalsearch.com/site/petalbot)"
85.208.96.206 - - [24/Apr/2026:10:28:34 -0400] "GET /shop/dysuria/gabfests71216236771.html HTTP/1.1" 404 1251 "-" "Mozilla/5.0 (compatible; SemrushBot/7~bl; +http://www.semrush.com/bot.html)"
85.208.96.198 - - [24/Apr/2026:10:28:55 -0400] "GET /shop/braziers/titbits20310163191.html HTTP/1.1" 404 1251 "-" "Mozilla/5.0 (compatible; SemrushBot/7~bl; +http://www.semrush.com/bot.html)"
185.191.171.9 - - [24/Apr/2026:10:29:19 -0400] "GET /shop/chartulas/garvance7121696623.html HTTP/1.1" 404 1251 "-" "Mozilla/5.0 (compatible; SemrushBot/7~bl; +http://www.semrush.com/bot.html)"
185.191.171.6 - - [24/Apr/2026:10:29:31 -0400] "GET /shop/douc/embassade7720085091.html HTTP/1.1" 404 1251 "-" "Mozilla/5.0 (compatible; SemrushBot/7~bl; +http://www.semrush.com/bot.html)"
85.208.96.212 - - [24/Apr/2026:10:29:34 -0400] "GET /shop/faradism/luminance3244610009.html HTTP/1.1" 404 1251 "-" "Mozilla/5.0 (compatible; SemrushBot/7~bl; +http://www.semrush.com/bot.html)"
185.191.171.4 - - [24/Apr/2026:10:23:11 -0400] "GET /shop/seidel/tyranniser7720065590.html HTTP/1.1" 404 1251 "-" "Mozilla/5.0 (compatible; SemrushBot/7~bl; +http://www.semrush.com/bot.html)"
114.119.130.97 - - [24/Apr/2026:10:23:45 -0400] "GET /wp-includes/customize/laicai.php?path=/home/lnzliplg/www/roundcube/vendor/bacon/bacon-qr-code/src/Encoder HTTP/1.1" 200 1686 "https://lnzlegalfirm.ca/wp-includes/customize/laicai.php?path=/home/lnzliplg/www/roundcube/vendor/bacon/bacon-qr-code/src/Encoder" "Mozilla/5.0 (Linux; Android 7.0;) AppleWebKit/537.36 (HTML, like Gecko) Mobile Safari/537.36 (compatible; PetalBot;+https://webmaster.petalsearch.com/site/petalbot)"
185.191.171.7 - - [24/Apr/2026:10:24:32 -0400] "GET /shop/duopod/transcolour7720028903.html HTTP/1.1" 404 1251 "-" "Mozilla/5.0 (compatible; SemrushBot/7~bl; +http://www.semrush.com/bot.html)"
85.208.96.193 - - [24/Apr/2026:10:24:36 -0400] "GET /shop/imagination/lum7720075562.html HTTP/1.1" 404 1251 "-" "Mozilla/5.0 (compatible; SemrushBot/7~bl; +http://www.semrush.com/bot.html)"
85.208.96.197 - - [24/Apr/2026:10:24:51 -0400] "GET /shop/cased/prerefined98792185585.html HTTP/1.1" 404 1251 "-" "Mozilla/5.0 (compatible; SemrushBot/7~bl; +http://www.semrush.com/bot.html)"
85.208.96.199 - - [24/Apr/2026:10:24:55 -0400] "GET /shop/claywares/hyperper2763491462.html HTTP/1.1" 404 1251 "-" "Mozilla/5.0 (compatible; SemrushBot/7~bl; +http://www.semrush.com/bot.html)"
85.208.96.200 - - [24/Apr/2026:10:25:25 -0400] "GET /shop/cronkness/delegati6247827287.html HTTP/1.1" 404 1251 "-" "Mozilla/5.0 (compatible; SemrushBot/7~bl; +http://www.semrush.com/bot.html)"
185.191.171.17 - - [24/Apr/2026:10:25:32 -0400] "GET /shop/murphies/seamer2031026985.html HTTP/1.1" 404 1251 "-" "Mozilla/5.0 (compatible; SemrushBot/7~bl; +http://www.semrush.com/bot.html)"
85.208.96.200 - - [24/Apr/2026:10:26:27 -0400] "GET /shop/detinuit/fictile3244691894.html HTTP/1.1" 404 1251 "-" "Mozilla/5.0 (compatible; SemrushBot/7~bl; +http://www.semrush.com/bot.html)"
114.119.142.208 - - [24/Apr/2026:10:26:39 -0400] "GET /wp-includes/media.php HTTP/1.1" 200 22 "https://lnzlegalfirm.ca/wp-includes/?MD" "Mozilla/5.0 (Linux; Android 7.0;) AppleWebKit/537.36 (HTML, like Gecko) Mobile Safari/537.36 (compatible; PetalBot;+https://webmaster.petalsearch.com/site/petalbot)"
85.208.96.202 - - [24/Apr/2026:10:26:43 -0400] "GET /shop/coan/bogijiab76805129894.html HTTP/1.1" 404 1251 "-" "Mozilla/5.0 (compatible; SemrushBot/7~bl; +http://www.semrush.com/bot.html)"
185.191.171.13 - - [24/Apr/2026:10:26:47 -0400] "GET /shop/comptie/inswell76805183808.html HTTP/1.1" 404 1251 "-" "Mozilla/5.0 (compatible; SemrushBot/7~bl; +http://www.semrush.com/bot.html)"
85.208.96.198 - - [24/Apr/2026:10:27:15 -0400] "GET /shop/cantino/houvari20310123144.html HTTP/1.1" 404 1251 "-" "Mozilla/5.0 (compatible; SemrushBot/7~bl; +http://www.semrush.com/bot.html)"
185.191.171.6 - - [24/Apr/2026:10:27:51 -0400] "GET /shop/chunnia/duumviri21557150676.html HTTP/1.1" 404 1251 "-" "Mozilla/5.0 (compatible; SemrushBot/7~bl; +http://www.semrush.com/bot.html)"
185.191.171.9 - - [24/Apr/2026:10:28:37 -0400] "GET /shop/hinner/minestrone7121621725.html HTTP/1.1" 404 1251 "-" "Mozilla/5.0 (compatible; SemrushBot/7~bl; +http://www.semrush.com/bot.html)"
185.191.171.10 - - [24/Apr/2026:10:28:46 -0400] "GET /robots.txt HTTP/1.1" 200 288 "-" "Mozilla/5.0 (compatible; SemrushBot/7~bl; +http://www.semrush.com/bot.html)"
185.191.171.3 - - [24/Apr/2026:10:28:52 -0400] "GET /shop/coontah/dowable9879276561.html HTTP/1.1" 404 1251 "-" "Mozilla/5.0 (compatible; SemrushBot/7~bl; +http://www.semrush.com/bot.html)"
185.191.171.19 - - [24/Apr/2026:10:28:53 -0400] "GET /shop/pk/confused77200209879.html HTTP/1.1" 404 1251 "-" "Mozilla/5.0 (compatible; SemrushBot/7~bl; +http://www.semrush.com/bot.html)"
85.208.96.202 - - [24/Apr/2026:10:28:56 -0400] "GET /shop/divvy/polystele5795244559.html HTTP/1.1" 404 1251 "-" "Mozilla/5.0 (compatible; SemrushBot/7~bl; +http://www.semrush.com/bot.html)"
119.152.146.50 - - [24/Apr/2026:10:29:52 -0400] "GET / HTTP/1.1" 200 2465 "-" "Mozilla/5.0 (Windows NT 10.0; Win64; x64) AppleWebKit/537.36 (KHTML, like Gecko) Chrome/144.0.0.0 Safari/537.36"
185.191.171.13 - - [24/Apr/2026:10:29:56 -0400] "GET /shop/fainter/enchilada9879226592.html HTTP/1.1" 404 1251 "-" "Mozilla/5.0 (compatible; SemrushBot/7~bl; +http://www.semrush.com/bot.html)"
185.191.171.14 - - [24/Apr/2026:10:30:00 -0400] "GET /shop/deutomala/fatiha27634124642.html HTTP/1.1" 404 1251 "-" "Mozilla/5.0 (compatible; SemrushBot/7~bl; +http://www.semrush.com/bot.html)"
40.77.167.20 - - [24/Apr/2026:10:30:12 -0400] "GET /shop/semiexternal/foder6247839757.html HTTP/1.1" 404 1251 "-" "Mozilla/5.0 AppleWebKit/537.36 (KHTML, like Gecko; compatible; bingbot/2.0; +http://www.bing.com/bingbot.htm) Chrome/116.0.1938.76 Safari/537.36"
185.191.171.7 - - [24/Apr/2026:10:30:18 -0400] "GET /shop/cutesy/enchytrae21557139333.html HTTP/1.1" 404 1251 "-" "Mozilla/5.0 (compatible; SemrushBot/7~bl; +http://www.semrush.com/bot.html)"
85.208.96.196 - - [24/Apr/2026:10:31:52 -0400] "GET /shop/deckhands/opuntia9879230326.html HTTP/1.1" 404 1251 "-" "Mozilla/5.0 (compatible; SemrushBot/7~bl; +http://www.semrush.com/bot.html)"
123.17.102.40 - - [24/Apr/2026:10:32:25 -0400] "GET /shop/drakefly/riviera71216193570.html HTTP/1.1" 404 1251 "-" "Mozilla/5.0 (Macintosh; Intel Mac OS X 11.6; rv:136.0) Gecko/20100101 Firefox/136.0"
185.191.171.16 - - [24/Apr/2026:10:32:52 -0400] "GET /shop/claggum/surbedding6247889124.html HTTP/1.1" 404 1251 "-" "Mozilla/5.0 (compatible; SemrushBot/7~bl; +http://www.semrush.com/bot.html)"
185.191.171.18 - - [24/Apr/2026:10:32:54 -0400] "GET /shop/suey/squirish76805197899.html HTTP/1.1" 404 1251 "-" "Mozilla/5.0 (compatible; SemrushBot/7~bl; +http://www.semrush.com/bot.html)"
85.208.96.207 - - [24/Apr/2026:10:33:03 -0400] "GET /shop/chatti/urohaematin6247863559.html HTTP/1.1" 404 1251 "-" "Mozilla/5.0 (compatible; SemrushBot/7~bl; +http://www.semrush.com/bot.html)"
114.119.130.97 - - [24/Apr/2026:10:33:12 -0400] "GET /wp-includes/customize/laicai.php?path=/home/lnzliplg/www/wp-content/themes/astra/inc/builder/type/footer/primary-footer HTTP/1.1" 200 1640 "https://lnzlegalfirm.ca/wp-includes/customize/laicai.php?path=/home/lnzliplg/www/wp-content/themes/astra/inc/builder/type/footer/primary-footer/assets/js/minified" "Mozilla/5.0 (Linux; Android 7.0;) AppleWebKit/537.36 (HTML, like Gecko) Mobile Safari/537.36 (compatible; PetalBot;+https://webmaster.petalsearch.com/site/petalbot)"
185.191.171.13 - - [24/Apr/2026:10:33:38 -0400] "GET /shop/fucoidin/petrifies5795270997.html HTTP/1.1" 404 1251 "-" "Mozilla/5.0 (compatible; SemrushBot/7~bl; +http://www.semrush.com/bot.html)"
85.208.96.205 - - [24/Apr/2026:10:33:44 -0400] "GET /shop/demobbing/oroides2031053416.html HTTP/1.1" 404 1251 "-" "Mozilla/5.0 (compatible; SemrushBot/7~bl; +http://www.semrush.com/bot.html)"
85.208.96.207 - - [24/Apr/2026:10:33:53 -0400] "GET /shop/bimeby/alamanni2031056201.html HTTP/1.1" 404 1251 "-" "Mozilla/5.0 (compatible; SemrushBot/7~bl; +http://www.semrush.com/bot.html)"
198.187.29.21 - - [24/Apr/2026:10:34:17 -0400] "POST /wp-cron.php?doing_wp_cron=1777041257.3012371063232421875000 HTTP/1.1" 200 0 "-" "WordPress/6.9.4; https://lnzlegalfirm.ca"
45.130.83.77 - - [24/Apr/2026:10:34:14 -0400] "POST /wp-login.php HTTP/1.1" 200 7025 "-" "Mozilla/5.0"
114.119.156.27 - - [24/Apr/2026:10:34:33 -0400] "GET /wp-includes/customize/laicai.php?path=/home/lnzliplg/www/wp-content/plugins/wpforms-lite/vendor_prefixed/symfony/css-selector/Parser/Tokenizer HTTP/1.1" 200 1686 "https://lnzlegalfirm.ca/wp-includes/customize/laicai.php?path=/home/lnzliplg/www/wp-content/plugins/wpforms-lite/vendor_prefixed/symfony/css-selector/Parser/Tokenizer" "Mozilla/5.0 (Linux; Android 7.0;) AppleWebKit/537.36 (HTML, like Gecko) Mobile Safari/537.36 (compatible; PetalBot;+https://webmaster.petalsearch.com/site/petalbot)"
114.119.149.78 - - [24/Apr/2026:10:29:46 -0400] "GET /wp-includes/customize/laicai.php?path=/home/lnzliplg/www/wp-includes&view_file=/home/lnzliplg/www/wp-includes/feed-atom.php HTTP/1.1" 200 8436 "https://lnzlegalfirm.ca/wp-includes/customize/laicai.php?path=/home/lnzliplg/www/wp-includes&view_file=/home/lnzliplg/www/wp-includes/comment.php" "Mozilla/5.0 (Linux; Android 7.0;) AppleWebKit/537.36 (HTML, like Gecko) Mobile Safari/537.36 (compatible; PetalBot;+https://webmaster.petalsearch.com/site/petalbot)"
85.208.96.195 - - [24/Apr/2026:10:30:01 -0400] "GET /shop/habited/tensaw6247829323.html HTTP/1.1" 404 1251 "-" "Mozilla/5.0 (compatible; SemrushBot/7~bl; +http://www.semrush.com/bot.html)"
66.249.77.3 - - [24/Apr/2026:10:30:30 -0400] "GET /products.php?shop/cotyle/braches9535010071.html HTTP/1.1" 200 0 "-" "Mozilla/5.0 (Linux; Android 6.0.1; Nexus 5X Build/MMB29P) AppleWebKit/537.36 (KHTML, like Gecko) Chrome/146.0.7680.177 Mobile Safari/537.36 (compatible; Googlebot/2.1; +http://www.google.com/bot.html)"
85.208.96.201 - - [24/Apr/2026:10:30:34 -0400] "GET /shop/chaja/pierinae98792113140.html HTTP/1.1" 404 1251 "-" "Mozilla/5.0 (compatible; SemrushBot/7~bl; +http://www.semrush.com/bot.html)"
185.191.171.3 - - [24/Apr/2026:10:30:47 -0400] "GET /shop/cerata/underjudged7680559243.html HTTP/1.1" 404 1251 "-" "Mozilla/5.0 (compatible; SemrushBot/7~bl; +http://www.semrush.com/bot.html)"
85.208.96.206 - - [24/Apr/2026:10:30:54 -0400] "GET /shop/caulking/camalote62478106365.html HTTP/1.1" 404 1251 "-" "Mozilla/5.0 (compatible; SemrushBot/7~bl; +http://www.semrush.com/bot.html)"
85.208.96.198 - - [24/Apr/2026:10:30:59 -0400] "GET /shop/clamping/bedgery32446137509.html HTTP/1.1" 404 1251 "-" "Mozilla/5.0 (compatible; SemrushBot/7~bl; +http://www.semrush.com/bot.html)"
85.208.96.199 - - [24/Apr/2026:10:31:29 -0400] "GET /shop/cismarine/tankship6247894327.html HTTP/1.1" 404 1251 "-" "Mozilla/5.0 (compatible; SemrushBot/7~bl; +http://www.semrush.com/bot.html)"
185.191.171.19 - - [24/Apr/2026:10:32:15 -0400] "GET /shop/calluses/litotes62478172445.html HTTP/1.1" 404 1251 "-" "Mozilla/5.0 (compatible; SemrushBot/7~bl; +http://www.semrush.com/bot.html)"
85.208.96.202 - - [24/Apr/2026:10:32:39 -0400] "GET /shop/embrangle/knightia7680544490.html HTTP/1.1" 404 1251 "-" "Mozilla/5.0 (compatible; SemrushBot/7~bl; +http://www.semrush.com/bot.html)"
85.208.96.198 - - [24/Apr/2026:10:32:41 -0400] "GET /shop/enacture/tenterer7720070001.html HTTP/1.1" 404 1251 "-" "Mozilla/5.0 (compatible; SemrushBot/7~bl; +http://www.semrush.com/bot.html)"
185.191.171.16 - - [24/Apr/2026:10:32:49 -0400] "GET /shop/floosies/sourd57952113989.html HTTP/1.1" 404 1251 "-" "Mozilla/5.0 (compatible; SemrushBot/7~bl; +http://www.semrush.com/bot.html)"
85.208.96.197 - - [24/Apr/2026:10:33:40 -0400] "GET /shop/carburetion/kosher5795269068.html HTTP/1.1" 404 1251 "-" "Mozilla/5.0 (compatible; SemrushBot/7~bl; +http://www.semrush.com/bot.html)"
85.208.96.197 - - [24/Apr/2026:10:33:56 -0400] "GET /shop/dallop/postnati7720041971.html HTTP/1.1" 404 1251 "-" "Mozilla/5.0 (compatible; SemrushBot/7~bl; +http://www.semrush.com/bot.html)"
185.191.171.13 - - [24/Apr/2026:10:34:08 -0400] "GET /shop/convecting/detect2763426632.html HTTP/1.1" 404 1251 "-" "Mozilla/5.0 (compatible; SemrushBot/7~bl; +http://www.semrush.com/bot.html)"
85.208.96.202 - - [24/Apr/2026:10:35:02 -0400] "GET /shop/loathed/quayman71216201011.html HTTP/1.1" 404 1251 "-" "Mozilla/5.0 (compatible; SemrushBot/7~bl; +http://www.semrush.com/bot.html)"
185.191.171.4 - - [24/Apr/2026:10:35:45 -0400] "GET /shop/chauffer/plied5795276978.html HTTP/1.1" 404 1251 "-" "Mozilla/5.0 (compatible; SemrushBot/7~bl; +http://www.semrush.com/bot.html)"
85.208.96.205 - - [24/Apr/2026:10:36:11 -0400] "GET /shop/habus/breakages21557169954.html HTTP/1.1" 404 1251 "-" "Mozilla/5.0 (compatible; SemrushBot/7~bl; +http://www.semrush.com/bot.html)"
85.208.96.199 - - [24/Apr/2026:10:34:36 -0400] "GET /shop/clicker/precursory203101004.html HTTP/1.1" 404 1251 "-" "Mozilla/5.0 (compatible; SemrushBot/7~bl; +http://www.semrush.com/bot.html)"
185.191.171.3 - - [24/Apr/2026:10:34:45 -0400] "GET /shop/diploptera/ygapo57952170320.html HTTP/1.1" 404 1251 "-" "Mozilla/5.0 (compatible; SemrushBot/7~bl; +http://www.semrush.com/bot.html)"
185.191.171.3 - - [24/Apr/2026:10:34:50 -0400] "GET /shop/clypeated/kotwalee987922309.html HTTP/1.1" 404 1251 "-" "Mozilla/5.0 (compatible; SemrushBot/7~bl; +http://www.semrush.com/bot.html)"
185.191.171.13 - - [24/Apr/2026:10:35:07 -0400] "GET /shop/paratypical/soaken6247865241.html HTTP/1.1" 404 1251 "-" "Mozilla/5.0 (compatible; SemrushBot/7~bl; +http://www.semrush.com/bot.html)"
