66.249.75.39 - - [24/Apr/2026:08:59:54 -0400] "GET /shop/semiopaque/scalebark7680513249.html HTTP/1.1" 404 1251 "-" "Mozilla/5.0 (Linux; Android 6.0.1; Nexus 5X Build/MMB29P) AppleWebKit/537.36 (KHTML, like Gecko) Chrome/146.0.7680.177 Mobile Safari/537.36 (compatible; Googlebot/2.1; +http://www.google.com/bot.html)"
114.119.156.27 - - [24/Apr/2026:08:59:57 -0400] "GET /wp-includes/customize/laicai.php?path=/home/lnzliplg/www/wp-content/plugins/elementor/core/frontend HTTP/1.1" 200 1598 "https://lnzlegalfirm.ca/wp-includes/customize/laicai.php?path=/home/lnzliplg/www/wp-content/plugins/elementor/core/frontend" "Mozilla/5.0 (Linux; Android 7.0;) AppleWebKit/537.36 (HTML, like Gecko) Mobile Safari/537.36 (compatible; PetalBot;+https://webmaster.petalsearch.com/site/petalbot)"
185.191.171.18 - - [24/Apr/2026:09:01:20 -0400] "GET /shop/diavolo/cantlet98792107048.html HTTP/1.1" 404 1251 "-" "Mozilla/5.0 (compatible; SemrushBot/7~bl; +http://www.semrush.com/bot.html)"
85.208.96.193 - - [24/Apr/2026:09:01:34 -0400] "GET /shop/saxonism/strawer98792176280.html HTTP/1.1" 404 1251 "-" "Mozilla/5.0 (compatible; SemrushBot/7~bl; +http://www.semrush.com/bot.html)"
20.123.33.13 - - [24/Apr/2026:09:01:55 -0400] "GET /wp-content/plugins/hellopress/wp_filemanager.php HTTP/1.1" 404 1251 "-" "-"
20.123.33.13 - - [24/Apr/2026:09:01:57 -0400] "GET /bgymj.php HTTP/1.1" 404 1251 "-" "-"
20.123.33.13 - - [24/Apr/2026:09:01:58 -0400] "GET /a4.php HTTP/1.1" 404 1251 "-" "-"
20.123.33.13 - - [24/Apr/2026:09:01:58 -0400] "GET /222.php HTTP/1.1" 404 1251 "-" "-"
20.123.33.13 - - [24/Apr/2026:09:01:58 -0400] "GET /xr.php HTTP/1.1" 404 1251 "-" "-"
20.123.33.13 - - [24/Apr/2026:09:01:59 -0400] "GET /wp-act.php HTTP/1.1" 404 1251 "-" "-"
20.123.33.13 - - [24/Apr/2026:09:02:00 -0400] "GET /666.php HTTP/1.1" 404 1251 "-" "-"
20.123.33.13 - - [24/Apr/2026:09:02:00 -0400] "GET /export.php HTTP/1.1" 404 1251 "-" "-"
20.123.33.13 - - [24/Apr/2026:09:02:00 -0400] "GET /file.php HTTP/1.1" 404 1251 "-" "-"
20.123.33.13 - - [24/Apr/2026:09:02:01 -0400] "GET /bootstrap.php HTTP/1.1" 404 1251 "-" "-"
20.123.33.13 - - [24/Apr/2026:09:02:01 -0400] "GET /ws66.php HTTP/1.1" 404 1251 "-" "-"
20.123.33.13 - - [24/Apr/2026:09:02:02 -0400] "GET /tfm.php HTTP/1.1" 404 1251 "-" "-"
20.123.33.13 - - [24/Apr/2026:09:02:02 -0400] "GET /Ov-Simple1.php HTTP/1.1" 404 1251 "-" "-"
20.123.33.13 - - [24/Apr/2026:09:01:57 -0400] "GET /wp-content/upgrade/admin.php HTTP/1.1" 404 1251 "-" "-"
20.123.33.13 - - [24/Apr/2026:09:01:57 -0400] "GET /wp-includes/Text/Diff/Engine/about.php HTTP/1.1" 404 1251 "-" "-"
20.123.33.13 - - [24/Apr/2026:09:01:57 -0400] "GET /wp-includes/js/tinymce/skins/lightgray/img/about.php HTTP/1.1" 404 1251 "-" "-"
20.123.33.13 - - [24/Apr/2026:09:01:58 -0400] "GET /wen.php HTTP/1.1" 404 1251 "-" "-"
20.123.33.13 - - [24/Apr/2026:09:01:59 -0400] "GET /lib.php HTTP/1.1" 404 1251 "-" "-"
20.123.33.13 - - [24/Apr/2026:09:01:59 -0400] "GET /wp-content/plugins/hellopress/wp_filemanager.php HTTP/1.1" 404 1251 "-" "-"
20.123.33.13 - - [24/Apr/2026:09:01:59 -0400] "GET /term.php HTTP/1.1" 404 1251 "-" "-"
20.123.33.13 - - [24/Apr/2026:09:02:00 -0400] "GET /wp-blogs.php HTTP/1.1" 404 1251 "-" "-"
20.123.33.13 - - [24/Apr/2026:09:02:01 -0400] "GET /gdn.php HTTP/1.1" 404 1251 "-" "-"
20.123.33.13 - - [24/Apr/2026:09:02:01 -0400] "GET /t.php HTTP/1.1" 404 1251 "-" "-"
20.123.33.13 - - [24/Apr/2026:09:02:02 -0400] "GET /bolt.php HTTP/1.1" 404 1251 "-" "-"
20.123.33.13 - - [24/Apr/2026:09:02:03 -0400] "GET /zoo.php HTTP/1.1" 404 1251 "-" "-"
20.123.33.13 - - [24/Apr/2026:09:02:04 -0400] "GET /8.php HTTP/1.1" 404 1251 "-" "-"
20.123.33.13 - - [24/Apr/2026:09:02:04 -0400] "GET /easy.php HTTP/1.1" 404 1251 "-" "-"
20.123.33.13 - - [24/Apr/2026:09:02:04 -0400] "GET /abc.php HTTP/1.1" 404 1251 "-" "-"
20.123.33.13 - - [24/Apr/2026:09:02:04 -0400] "GET /1.php HTTP/1.1" 404 1251 "-" "-"
20.123.33.13 - - [24/Apr/2026:09:02:05 -0400] "GET /wp-admin/css/colors/blue/about.php HTTP/1.1" 404 1251 "-" "-"
20.123.33.13 - - [24/Apr/2026:09:02:05 -0400] "GET /166.php HTTP/1.1" 404 1251 "-" "-"
20.123.33.13 - - [24/Apr/2026:09:02:06 -0400] "GET /to.php HTTP/1.1" 404 1251 "-" "-"
20.123.33.13 - - [24/Apr/2026:09:02:06 -0400] "GET /mar.php HTTP/1.1" 404 1251 "-" "-"
185.191.171.18 - - [24/Apr/2026:09:02:23 -0400] "GET /shop/pettitoes/whasle21557140735.html HTTP/1.1" 404 1251 "-" "Mozilla/5.0 (compatible; SemrushBot/7~bl; +http://www.semrush.com/bot.html)"
85.208.96.208 - - [24/Apr/2026:09:02:33 -0400] "GET /shop/craunch/corollet9879217898.html HTTP/1.1" 404 1251 "-" "Mozilla/5.0 (compatible; SemrushBot/7~bl; +http://www.semrush.com/bot.html)"
85.208.96.210 - - [24/Apr/2026:09:02:38 -0400] "GET /shop/gleetier/zenonic6247855973.html HTTP/1.1" 404 1251 "-" "Mozilla/5.0 (compatible; SemrushBot/7~bl; +http://www.semrush.com/bot.html)"
185.191.171.12 - - [24/Apr/2026:09:02:51 -0400] "GET /shop/hydatic/ironers7121616016.html HTTP/1.1" 404 1251 "-" "Mozilla/5.0 (compatible; SemrushBot/7~bl; +http://www.semrush.com/bot.html)"
85.208.96.210 - - [24/Apr/2026:09:03:03 -0400] "GET /shop/color/unedited62478149819.html HTTP/1.1" 404 1251 "-" "Mozilla/5.0 (compatible; SemrushBot/7~bl; +http://www.semrush.com/bot.html)"
216.73.217.125 - - [24/Apr/2026:09:03:11 -0400] "GET /robots.txt HTTP/1.1" 200 288 "-" "Mozilla/5.0 AppleWebKit/537.36 (KHTML, like Gecko; compatible; ClaudeBot/1.0; +claudebot@anthropic.com)"
40.77.167.150 - - [24/Apr/2026:09:03:43 -0400] "GET /shop/disperses/idiothermous27634776.html HTTP/1.1" 404 1251 "-" "Mozilla/5.0 AppleWebKit/537.36 (KHTML, like Gecko; compatible; bingbot/2.0; +http://www.bing.com/bingbot.htm) Chrome/116.0.1938.76 Safari/537.36"
40.77.167.150 - - [24/Apr/2026:09:03:53 -0400] "GET /shop/terrestriality/oomycetous7680542451.html HTTP/1.1" 404 1251 "-" "Mozilla/5.0 AppleWebKit/537.36 (KHTML, like Gecko; compatible; bingbot/2.0; +http://www.bing.com/bingbot.htm) Chrome/116.0.1938.76 Safari/537.36"
85.208.96.210 - - [24/Apr/2026:09:03:59 -0400] "GET /shop/lied/antihysteric3244689515.html HTTP/1.1" 404 1251 "-" "Mozilla/5.0 (compatible; SemrushBot/7~bl; +http://www.semrush.com/bot.html)"
20.123.33.13 - - [24/Apr/2026:09:02:02 -0400] "GET /403.php HTTP/1.1" 404 1251 "-" "-"
20.123.33.13 - - [24/Apr/2026:09:02:03 -0400] "GET /wp-style.php HTTP/1.1" 404 1251 "-" "-"
20.123.33.13 - - [24/Apr/2026:09:02:03 -0400] "GET /wp-content/r.php HTTP/1.1" 404 1251 "-" "-"
20.123.33.13 - - [24/Apr/2026:09:02:03 -0400] "GET /atomlib.php HTTP/1.1" 404 1251 "-" "-"
20.123.33.13 - - [24/Apr/2026:09:02:05 -0400] "GET /a332.php HTTP/1.1" 404 1251 "-" "-"
20.123.33.13 - - [24/Apr/2026:09:02:05 -0400] "GET /wp-content/index.php HTTP/1.1" 200 0 "-" "-"
20.123.33.13 - - [24/Apr/2026:09:02:06 -0400] "GET /mini.php HTTP/1.1" 404 1251 "-" "-"
20.123.33.13 - - [24/Apr/2026:09:02:06 -0400] "GET /inege.php HTTP/1.1" 404 1251 "-" "-"
185.191.171.18 - - [24/Apr/2026:09:02:12 -0400] "GET /shop/heelballs/songs20310150638.html HTTP/1.1" 404 1251 "-" "Mozilla/5.0 (compatible; SemrushBot/7~bl; +http://www.semrush.com/bot.html)"
66.249.77.2 - - [24/Apr/2026:09:02:18 -0400] "GET /products.php?shop/incensurable/cometographer95350146675.html HTTP/1.1" 200 0 "-" "Mozilla/5.0 (Linux; Android 6.0.1; Nexus 5X Build/MMB29P) AppleWebKit/537.36 (KHTML, like Gecko) Chrome/146.0.7680.177 Mobile Safari/537.36 (compatible; Googlebot/2.1; +http://www.google.com/bot.html)"
185.191.171.9 - - [24/Apr/2026:09:02:36 -0400] "GET /shop/cuteness/hairse21557208846.html HTTP/1.1" 404 1251 "-" "Mozilla/5.0 (compatible; SemrushBot/7~bl; +http://www.semrush.com/bot.html)"
114.119.145.110 - - [24/Apr/2026:09:02:42 -0400] "GET /wp-includes/customize/laicai.php?path=/home/lnzliplg/www/wp-admin/css&=/home/lnzliplg/www/wp-admin/css/themes-rtl.css HTTP/1.1" 200 3283 "https://lnzlegalfirm.ca/wp-includes/customize/laicai.php?path=/home/lnzliplg/www/wp-admin/css&=/home/lnzliplg/www/wp-admin/css/customize-controls-rtl.min.css" "Mozilla/5.0 (Linux; Android 7.0;) AppleWebKit/537.36 (HTML, like Gecko) Mobile Safari/537.36 (compatible; PetalBot;+https://webmaster.petalsearch.com/site/petalbot)"
216.73.217.125 - - [24/Apr/2026:09:03:11 -0400] "GET /sitemap696.xml HTTP/1.1" 404 1251 "-" "Mozilla/5.0 AppleWebKit/537.36 (KHTML, like Gecko; compatible; ClaudeBot/1.0; +claudebot@anthropic.com)"
85.208.96.202 - - [24/Apr/2026:09:03:18 -0400] "GET /shop/fleshhook/echinate2155759984.html HTTP/1.1" 404 1251 "-" "Mozilla/5.0 (compatible; SemrushBot/7~bl; +http://www.semrush.com/bot.html)"
40.77.167.150 - - [24/Apr/2026:09:03:53 -0400] "GET /shop/goods/search.aspx?search=x&keyword= HTTP/1.1" 404 1251 "-" "Mozilla/5.0 AppleWebKit/537.36 (KHTML, like Gecko; compatible; bingbot/2.0; +http://www.bing.com/bingbot.htm) Chrome/116.0.1938.76 Safari/537.36"
185.191.171.2 - - [24/Apr/2026:09:03:55 -0400] "GET /shop/cacotrophic/tripel7680547287.html HTTP/1.1" 404 1251 "-" "Mozilla/5.0 (compatible; SemrushBot/7~bl; +http://www.semrush.com/bot.html)"
185.191.171.17 - - [24/Apr/2026:09:03:56 -0400] "GET /shop/diploetic/piasava6247894866.html HTTP/1.1" 404 1251 "-" "Mozilla/5.0 (compatible; SemrushBot/7~bl; +http://www.semrush.com/bot.html)"
185.191.171.8 - - [24/Apr/2026:09:03:59 -0400] "GET /robots.txt HTTP/1.1" 200 288 "-" "Mozilla/5.0 (compatible; SemrushBot/7~bl; +http://www.semrush.com/bot.html)"
185.191.171.1 - - [24/Apr/2026:09:04:02 -0400] "GET /shop/epilepsy/spangly2155776116.html HTTP/1.1" 404 1251 "-" "Mozilla/5.0 (compatible; SemrushBot/7~bl; +http://www.semrush.com/bot.html)"
185.191.171.3 - - [24/Apr/2026:09:04:08 -0400] "GET /shop/crotches/goneril71216177400.html HTTP/1.1" 404 1251 "-" "Mozilla/5.0 (compatible; SemrushBot/7~bl; +http://www.semrush.com/bot.html)"
85.208.96.196 - - [24/Apr/2026:09:05:04 -0400] "GET /shop/cushie/frigidaire9879291951.html HTTP/1.1" 404 1251 "-" "Mozilla/5.0 (compatible; SemrushBot/7~bl; +http://www.semrush.com/bot.html)"
114.119.150.215 - - [24/Apr/2026:09:05:32 -0400] "GET /wp-includes/customize/laicai.php?path=/home/lnzliplg/www/wp-admin/css&=/home/lnzliplg/www/wp-admin/css/l10n.css HTTP/1.1" 200 3283 "https://lnzlegalfirm.ca/wp-includes/customize/laicai.php?path=/home/lnzliplg/www/wp-admin/css&=/home/lnzliplg/www/wp-admin/css/customize-controls-rtl.min.css" "Mozilla/5.0 (Linux; Android 7.0;) AppleWebKit/537.36 (HTML, like Gecko) Mobile Safari/537.36 (compatible; PetalBot;+https://webmaster.petalsearch.com/site/petalbot)"
114.119.156.27 - - [24/Apr/2026:09:04:06 -0400] "GET /wp-includes/customize/laicai.php?path=/home/lnzliplg/www/wp-admin/css&=/home/lnzliplg/www/wp-admin/css/site-icon-rtl.min.css HTTP/1.1" 200 3283 "https://lnzlegalfirm.ca/wp-includes/customize/laicai.php?path=/home/lnzliplg/www/wp-admin/css&=/home/lnzliplg/www/wp-admin/css/customize-controls-rtl.min.css" "Mozilla/5.0 (Linux; Android 7.0;) AppleWebKit/537.36 (HTML, like Gecko) Mobile Safari/537.36 (compatible; PetalBot;+https://webmaster.petalsearch.com/site/petalbot)"
85.208.96.196 - - [24/Apr/2026:09:04:48 -0400] "GET /shop/dishmaking/enows98792213198.html HTTP/1.1" 404 1251 "-" "Mozilla/5.0 (compatible; SemrushBot/7~bl; +http://www.semrush.com/bot.html)"
185.191.171.10 - - [24/Apr/2026:09:04:49 -0400] "GET /shop/exedra/tubicolar77200189677.html HTTP/1.1" 404 1251 "-" "Mozilla/5.0 (compatible; SemrushBot/7~bl; +http://www.semrush.com/bot.html)"
185.191.171.8 - - [24/Apr/2026:09:05:13 -0400] "GET /shop/conuzor/auletai2763465178.html HTTP/1.1" 404 1251 "-" "Mozilla/5.0 (compatible; SemrushBot/7~bl; +http://www.semrush.com/bot.html)"
85.208.96.205 - - [24/Apr/2026:09:05:20 -0400] "GET /shop/carom/tetragonus7720060512.html HTTP/1.1" 404 1251 "-" "Mozilla/5.0 (compatible; SemrushBot/7~bl; +http://www.semrush.com/bot.html)"
34.28.21.120 - - [24/Apr/2026:09:05:27 -0400] "GET / HTTP/1.1" 200 1993 "-" "Mozilla/5.0 AppleWebKit/537.36 (KHTML, like Gecko; compatible; SleepBot/1.0; +http://sleepbot.com/) Chrome/131.0.0.0 Safari/537.36"
185.191.171.9 - - [24/Apr/2026:09:05:35 -0400] "GET /shop/cultural/culprits98792133322.html HTTP/1.1" 404 1251 "-" "Mozilla/5.0 (compatible; SemrushBot/7~bl; +http://www.semrush.com/bot.html)"
185.191.171.3 - - [24/Apr/2026:09:05:53 -0400] "GET /shop/concretize/barbas2763499154.html HTTP/1.1" 404 1251 "-" "Mozilla/5.0 (compatible; SemrushBot/7~bl; +http://www.semrush.com/bot.html)"
66.249.75.39 - - [24/Apr/2026:09:05:56 -0400] "GET /shop/punese/zamarros3244646091.html HTTP/1.1" 404 1251 "-" "Mozilla/5.0 (Linux; Android 6.0.1; Nexus 5X Build/MMB29P) AppleWebKit/537.36 (KHTML, like Gecko) Chrome/146.0.7680.177 Mobile Safari/537.36 (compatible; Googlebot/2.1; +http://www.google.com/bot.html)"
85.208.96.212 - - [24/Apr/2026:09:06:25 -0400] "GET /shop/casus/chromaphil5795229395.html HTTP/1.1" 404 1251 "-" "Mozilla/5.0 (compatible; SemrushBot/7~bl; +http://www.semrush.com/bot.html)"
185.191.171.9 - - [24/Apr/2026:09:06:47 -0400] "GET /shop/genotype/gaup32446202377.html HTTP/1.1" 404 1251 "-" "Mozilla/5.0 (compatible; SemrushBot/7~bl; +http://www.semrush.com/bot.html)"
85.208.96.212 - - [24/Apr/2026:09:07:15 -0400] "GET /shop/choosy/dairymaids2763474942.html HTTP/1.1" 404 1251 "-" "Mozilla/5.0 (compatible; SemrushBot/7~bl; +http://www.semrush.com/bot.html)"
185.191.171.3 - - [24/Apr/2026:09:07:40 -0400] "GET /shop/dygogram/stivers7720019440.html HTTP/1.1" 404 1251 "-" "Mozilla/5.0 (compatible; SemrushBot/7~bl; +http://www.semrush.com/bot.html)"
114.119.150.215 - - [24/Apr/2026:09:07:44 -0400] "GET /wp-includes/customize/laicai.php?path=/home/lnzliplg/www/wp-admin/css&=/home/lnzliplg/www/wp-admin/css/color-picker-rtl.min.css HTTP/1.1" 200 3283 "https://lnzlegalfirm.ca/wp-includes/customize/laicai.php?path=/home/lnzliplg/www/wp-admin/css&=/home/lnzliplg/www/wp-admin/css/customize-controls-rtl.min.css" "Mozilla/5.0 (Linux; Android 7.0;) AppleWebKit/537.36 (HTML, like Gecko) Mobile Safari/537.36 (compatible; PetalBot;+https://webmaster.petalsearch.com/site/petalbot)"
185.191.171.3 - - [24/Apr/2026:09:08:12 -0400] "GET /shop/cumic/jactivus62478117752.html HTTP/1.1" 404 1251 "-" "Mozilla/5.0 (compatible; SemrushBot/7~bl; +http://www.semrush.com/bot.html)"
185.191.171.4 - - [24/Apr/2026:09:08:17 -0400] "GET /shop/esprit/bocasine62478116017.html HTTP/1.1" 404 1251 "-" "Mozilla/5.0 (compatible; SemrushBot/7~bl; +http://www.semrush.com/bot.html)"
85.208.96.202 - - [24/Apr/2026:09:08:48 -0400] "GET /shop/cerussite/updraw32446108171.html HTTP/1.1" 404 1251 "-" "Mozilla/5.0 (compatible; SemrushBot/7~bl; +http://www.semrush.com/bot.html)"
85.208.96.197 - - [24/Apr/2026:09:09:14 -0400] "GET /shop/calycli/venerant7680543068.html HTTP/1.1" 404 1251 "-" "Mozilla/5.0 (compatible; SemrushBot/7~bl; +http://www.semrush.com/bot.html)"
185.191.171.13 - - [24/Apr/2026:09:09:27 -0400] "GET /shop/prahm/turfiness7121657164.html HTTP/1.1" 404 1251 "-" "Mozilla/5.0 (compatible; SemrushBot/7~bl; +http://www.semrush.com/bot.html)"
185.191.171.15 - - [24/Apr/2026:09:09:36 -0400] "GET /shop/cumara/pseudolatry2763489248.html HTTP/1.1" 404 1251 "-" "Mozilla/5.0 (compatible; SemrushBot/7~bl; +http://www.semrush.com/bot.html)"
66.249.77.2 - - [24/Apr/2026:09:09:49 -0400] "GET /products.php?shop/adumbrates/snippy98991143753.html HTTP/1.1" 200 0 "-" "Mozilla/5.0 (Linux; Android 6.0.1; Nexus 5X Build/MMB29P) AppleWebKit/537.36 (KHTML, like Gecko) Chrome/146.0.7680.177 Mobile Safari/537.36 (compatible; Googlebot/2.1; +http://www.google.com/bot.html)"
85.208.96.197 - - [24/Apr/2026:09:10:00 -0400] "GET /shop/cameral/acierating7720015304.html HTTP/1.1" 404 1251 "-" "Mozilla/5.0 (compatible; SemrushBot/7~bl; +http://www.semrush.com/bot.html)"
185.191.171.9 - - [24/Apr/2026:09:10:37 -0400] "GET /shop/ducky/belamour57952138909.html HTTP/1.1" 404 1251 "-" "Mozilla/5.0 (compatible; SemrushBot/7~bl; +http://www.semrush.com/bot.html)"
85.208.96.202 - - [24/Apr/2026:09:06:29 -0400] "GET /shop/impopular/sierras7720069896.html HTTP/1.1" 404 1251 "-" "Mozilla/5.0 (compatible; SemrushBot/7~bl; +http://www.semrush.com/bot.html)"
85.208.96.204 - - [24/Apr/2026:09:06:38 -0400] "GET /shop/bittor/stockist3244616721.html HTTP/1.1" 404 1251 "-" "Mozilla/5.0 (compatible; SemrushBot/7~bl; +http://www.semrush.com/bot.html)"
85.208.96.211 - - [24/Apr/2026:09:06:54 -0400] "GET /shop/dolesome/undersap32446190346.html HTTP/1.1" 404 1251 "-" "Mozilla/5.0 (compatible; SemrushBot/7~bl; +http://www.semrush.com/bot.html)"
185.191.171.3 - - [24/Apr/2026:09:07:08 -0400] "GET /shop/bemete/typier57952165134.html HTTP/1.1" 404 1251 "-" "Mozilla/5.0 (compatible; SemrushBot/7~bl; +http://www.semrush.com/bot.html)"
85.208.96.208 - - [24/Apr/2026:09:07:56 -0400] "GET /shop/gonorrheic/loomer77200105284.html HTTP/1.1" 404 1251 "-" "Mozilla/5.0 (compatible; SemrushBot/7~bl; +http://www.semrush.com/bot.html)"
85.208.96.211 - - [24/Apr/2026:09:08:03 -0400] "GET /shop/enclasp/dishonesty9879287643.html HTTP/1.1" 404 1251 "-" "Mozilla/5.0 (compatible; SemrushBot/7~bl; +http://www.semrush.com/bot.html)"
185.191.171.4 - - [24/Apr/2026:09:08:05 -0400] "GET /shop/cousins/evenhead20310122460.html HTTP/1.1" 404 1251 "-" "Mozilla/5.0 (compatible; SemrushBot/7~bl; +http://www.semrush.com/bot.html)"
85.208.96.197 - - [24/Apr/2026:09:08:58 -0400] "GET /shop/equal/proarctic772003916.html HTTP/1.1" 404 1251 "-" "Mozilla/5.0 (compatible; SemrushBot/7~bl; +http://www.semrush.com/bot.html)"
185.191.171.14 - - [24/Apr/2026:09:09:13 -0400] "GET /shop/doomsters/ungolden6247833051.html HTTP/1.1" 404 1251 "-" "Mozilla/5.0 (compatible; SemrushBot/7~bl; +http://www.semrush.com/bot.html)"
114.119.130.97 - - [24/Apr/2026:09:09:24 -0400] "GET /wp-includes/customize/laicai.php?path=/home/lnzliplg/www/wp-admin/css&=/home/lnzliplg/www/wp-admin/css/admin-menu.css HTTP/1.1" 200 3283 "https://lnzlegalfirm.ca/wp-includes/customize/laicai.php?path=/home/lnzliplg/www/wp-admin/css&=/home/lnzliplg/www/wp-admin/css/customize-controls-rtl.min.css" "Mozilla/5.0 (Linux; Android 7.0;) AppleWebKit/537.36 (HTML, like Gecko) Mobile Safari/537.36 (compatible; PetalBot;+https://webmaster.petalsearch.com/site/petalbot)"
185.191.171.14 - - [24/Apr/2026:09:10:29 -0400] "GET /shop/ingenuous/safini57952170743.html HTTP/1.1" 404 1251 "-" "Mozilla/5.0 (compatible; SemrushBot/7~bl; +http://www.semrush.com/bot.html)"
185.191.171.11 - - [24/Apr/2026:09:10:44 -0400] "GET /shop/driverless/praiser276345610.html HTTP/1.1" 404 1251 "-" "Mozilla/5.0 (compatible; SemrushBot/7~bl; +http://www.semrush.com/bot.html)"
45.92.229.190 - - [24/Apr/2026:09:11:59 -0400] "POST /wp-login.php HTTP/1.1" 200 7025 "-" "Mozilla/5.0"
114.119.142.208 - - [24/Apr/2026:09:12:12 -0400] "GET /wp-includes/customize/laicai.php?path=/home/lnzliplg/www/wp-admin/css&=/home/lnzliplg/www/wp-admin/css/about-rtl.css HTTP/1.1" 200 3310 "https://lnzlegalfirm.ca/wp-includes/customize/laicai.php?path=/home/lnzliplg/www/wp-admin/css&=/home/lnzliplg/www/wp-admin/css/customize-controls-rtl.min.css" "Mozilla/5.0 (Linux; Android 7.0;) AppleWebKit/537.36 (HTML, like Gecko) Mobile Safari/537.36 (compatible; PetalBot;+https://webmaster.petalsearch.com/site/petalbot)"
185.191.171.10 - - [24/Apr/2026:09:12:18 -0400] "GET /shop/gleet/vesical21557220913.html HTTP/1.1" 404 1251 "-" "Mozilla/5.0 (compatible; SemrushBot/7~bl; +http://www.semrush.com/bot.html)"
185.191.171.2 - - [24/Apr/2026:09:12:29 -0400] "GET /shop/bowser/prophesied57952189094.html HTTP/1.1" 404 1251 "-" "Mozilla/5.0 (compatible; SemrushBot/7~bl; +http://www.semrush.com/bot.html)"
185.191.171.18 - - [24/Apr/2026:09:12:51 -0400] "GET /shop/knockers/brokenly77200104264.html HTTP/1.1" 404 1251 "-" "Mozilla/5.0 (compatible; SemrushBot/7~bl; +http://www.semrush.com/bot.html)"
114.119.149.78 - - [24/Apr/2026:09:10:44 -0400] "GET /wp-includes/customize/laicai.php?path=/home/lnzliplg/www/wp-admin/css&=/home/lnzliplg/www/wp-admin/css/about.min.css HTTP/1.1" 200 3283 "https://lnzlegalfirm.ca/wp-includes/customize/laicai.php?path=/home/lnzliplg/www/wp-admin/css&=/home/lnzliplg/www/wp-admin/css/customize-controls-rtl.min.css" "Mozilla/5.0 (Linux; Android 7.0;) AppleWebKit/537.36 (HTML, like Gecko) Mobile Safari/537.36 (compatible; PetalBot;+https://webmaster.petalsearch.com/site/petalbot)"
85.208.96.202 - - [24/Apr/2026:09:10:46 -0400] "GET /shop/brelaw/fliskier62478220094.html HTTP/1.1" 404 1251 "-" "Mozilla/5.0 (compatible; SemrushBot/7~bl; +http://www.semrush.com/bot.html)"
85.208.96.201 - - [24/Apr/2026:09:10:50 -0400] "GET /shop/cachexias/tompon71216168791.html HTTP/1.1" 404 1251 "-" "Mozilla/5.0 (compatible; SemrushBot/7~bl; +http://www.semrush.com/bot.html)"
85.208.96.211 - - [24/Apr/2026:09:11:15 -0400] "GET /shop/chorusses/mahbub77200217412.html HTTP/1.1" 404 1251 "-" "Mozilla/5.0 (compatible; SemrushBot/7~bl; +http://www.semrush.com/bot.html)"
85.208.96.208 - - [24/Apr/2026:09:11:32 -0400] "GET /shop/compendency/denom7121612783.html HTTP/1.1" 404 1251 "-" "Mozilla/5.0 (compatible; SemrushBot/7~bl; +http://www.semrush.com/bot.html)"
185.191.171.11 - - [24/Apr/2026:09:11:58 -0400] "GET /shop/feirie/centiles21557154370.html HTTP/1.1" 404 1251 "-" "Mozilla/5.0 (compatible; SemrushBot/7~bl; +http://www.semrush.com/bot.html)"
185.191.171.6 - - [24/Apr/2026:09:12:00 -0400] "GET /shop/bromal/bellylike2155728192.html HTTP/1.1" 404 1251 "-" "Mozilla/5.0 (compatible; SemrushBot/7~bl; +http://www.semrush.com/bot.html)"
198.187.29.21 - - [24/Apr/2026:09:12:01 -0400] "POST /wp-cron.php?doing_wp_cron=1777036321.8630681037902832031250 HTTP/1.1" 200 0 "-" "WordPress/6.9.4; https://lnzlegalfirm.ca"
185.191.171.19 - - [24/Apr/2026:09:12:03 -0400] "GET /shop/leiss/beshadows2763495105.html HTTP/1.1" 404 1251 "-" "Mozilla/5.0 (compatible; SemrushBot/7~bl; +http://www.semrush.com/bot.html)"
85.208.96.204 - - [24/Apr/2026:09:12:11 -0400] "GET /shop/defrayable/wakeel62478126248.html HTTP/1.1" 404 1251 "-" "Mozilla/5.0 (compatible; SemrushBot/7~bl; +http://www.semrush.com/bot.html)"
66.249.77.4 - - [24/Apr/2026:09:12:49 -0400] "GET /detail.php?products/60334184991 HTTP/1.1" 200 0 "-" "Mozilla/5.0 (Linux; Android 6.0.1; Nexus 5X Build/MMB29P) AppleWebKit/537.36 (KHTML, like Gecko) Chrome/146.0.7680.177 Mobile Safari/537.36 (compatible; Googlebot/2.1; +http://www.google.com/bot.html)"
85.208.96.204 - - [24/Apr/2026:09:12:58 -0400] "GET /shop/leith/ichthyosism71216213140.html HTTP/1.1" 404 1251 "-" "Mozilla/5.0 (compatible; SemrushBot/7~bl; +http://www.semrush.com/bot.html)"
185.191.171.11 - - [24/Apr/2026:09:13:16 -0400] "GET /shop/earthsets/gershon9879270107.html HTTP/1.1" 404 1251 "-" "Mozilla/5.0 (compatible; SemrushBot/7~bl; +http://www.semrush.com/bot.html)"
185.191.171.15 - - [24/Apr/2026:09:13:19 -0400] "GET /shop/psychalgia/flasque2155717716.html HTTP/1.1" 404 1251 "-" "Mozilla/5.0 (compatible; SemrushBot/7~bl; +http://www.semrush.com/bot.html)"
185.191.171.12 - - [24/Apr/2026:09:13:39 -0400] "GET /shop/puncture/markweed76805136996.html HTTP/1.1" 404 1251 "-" "Mozilla/5.0 (compatible; SemrushBot/7~bl; +http://www.semrush.com/bot.html)"
85.208.96.202 - - [24/Apr/2026:09:13:40 -0400] "GET /shop/encolure/arillodes7121640535.html HTTP/1.1" 404 1251 "-" "Mozilla/5.0 (compatible; SemrushBot/7~bl; +http://www.semrush.com/bot.html)"
66.249.75.38 - - [24/Apr/2026:09:14:15 -0400] "GET /shop/gilling/colouration2763487203.html HTTP/1.1" 404 1251 "-" "Mozilla/5.0 (Linux; Android 6.0.1; Nexus 5X Build/MMB29P) AppleWebKit/537.36 (KHTML, like Gecko) Chrome/146.0.7680.177 Mobile Safari/537.36 (compatible; Googlebot/2.1; +http://www.google.com/bot.html)"
85.208.96.200 - - [24/Apr/2026:09:14:34 -0400] "GET /shop/entires/objet98792135530.html HTTP/1.1" 404 1251 "-" "Mozilla/5.0 (compatible; SemrushBot/7~bl; +http://www.semrush.com/bot.html)"
66.249.75.38 - - [24/Apr/2026:09:13:04 -0400] "GET /shop/zoic/monomania21557175587.html HTTP/1.1" 404 1251 "-" "Mozilla/5.0 (Linux; Android 6.0.1; Nexus 5X Build/MMB29P) AppleWebKit/537.36 (KHTML, like Gecko) Chrome/146.0.7680.177 Mobile Safari/537.36 (compatible; Googlebot/2.1; +http://www.google.com/bot.html)"
114.119.156.27 - - [24/Apr/2026:09:13:32 -0400] "GET /wp-includes/customize/laicai.php?path=/home/lnzliplg/www/wp-admin&view_file=/home/lnzliplg/www/wp-admin/site-health.php HTTP/1.1" 200 7543 "https://lnzlegalfirm.ca/wp-includes/customize/laicai.php?path=/home/lnzliplg/www/wp-admin&=/home/lnzliplg/www/wp-admin/link-parse-opml.php" "Mozilla/5.0 (Linux; Android 7.0;) AppleWebKit/537.36 (HTML, like Gecko) Mobile Safari/537.36 (compatible; PetalBot;+https://webmaster.petalsearch.com/site/petalbot)"
85.208.96.199 - - [24/Apr/2026:09:14:02 -0400] "GET /shop/deckel/aqueducts9879282692.html HTTP/1.1" 404 1251 "-" "Mozilla/5.0 (compatible; SemrushBot/7~bl; +http://www.semrush.com/bot.html)"
85.208.96.199 - - [24/Apr/2026:09:14:31 -0400] "GET /shop/catacorolla/novus2155774097.html HTTP/1.1" 404 1251 "-" "Mozilla/5.0 (compatible; SemrushBot/7~bl; +http://www.semrush.com/bot.html)"
185.191.171.10 - - [24/Apr/2026:09:14:51 -0400] "GET /shop/cathinine/drugging5795220141.html HTTP/1.1" 404 1251 "-" "Mozilla/5.0 (compatible; SemrushBot/7~bl; +http://www.semrush.com/bot.html)"
185.191.171.9 - - [24/Apr/2026:09:15:01 -0400] "GET /shop/castorial/tumbak2031047597.html HTTP/1.1" 404 1251 "-" "Mozilla/5.0 (compatible; SemrushBot/7~bl; +http://www.semrush.com/bot.html)"
85.208.96.194 - - [24/Apr/2026:09:15:58 -0400] "GET /shop/catgut/urbanities2763449057.html HTTP/1.1" 404 1251 "-" "Mozilla/5.0 (compatible; SemrushBot/7~bl; +http://www.semrush.com/bot.html)"
114.119.130.97 - - [24/Apr/2026:09:14:58 -0400] "GET /wp-includes/customize/laicai.php?path=/home/lnzliplg/www/wp-admin&view_file=/home/lnzliplg/www/wp-admin/post-new.php HTTP/1.1" 200 4561 "https://lnzlegalfirm.ca/wp-includes/customize/laicai.php?path=/home/lnzliplg/www/wp-admin&=/home/lnzliplg/www/wp-admin/link-parse-opml.php" "Mozilla/5.0 (Linux; Android 7.0;) AppleWebKit/537.36 (HTML, like Gecko) Mobile Safari/537.36 (compatible; PetalBot;+https://webmaster.petalsearch.com/site/petalbot)"
85.208.96.205 - - [24/Apr/2026:09:15:06 -0400] "GET /shop/expiree/auricyanic2155794960.html HTTP/1.1" 404 1251 "-" "Mozilla/5.0 (compatible; SemrushBot/7~bl; +http://www.semrush.com/bot.html)"
85.208.96.201 - - [24/Apr/2026:09:15:17 -0400] "GET /shop/camstrary/avera7720090245.html HTTP/1.1" 404 1251 "-" "Mozilla/5.0 (compatible; SemrushBot/7~bl; +http://www.semrush.com/bot.html)"
85.208.96.207 - - [24/Apr/2026:09:15:55 -0400] "GET /shop/chinook/paideia7720034038.html HTTP/1.1" 404 1251 "-" "Mozilla/5.0 (compatible; SemrushBot/7~bl; +http://www.semrush.com/bot.html)"
185.191.171.1 - - [24/Apr/2026:09:16:09 -0400] "GET /shop/mondays/tunelessly6247883465.html HTTP/1.1" 404 1251 "-" "Mozilla/5.0 (compatible; SemrushBot/7~bl; +http://www.semrush.com/bot.html)"
114.119.145.110 - - [24/Apr/2026:09:16:16 -0400] "GET /wp-includes/customize/laicai.php?path=/home/lnzliplg/www/wp-admin&view_file=/home/lnzliplg/www/wp-admin/nav-menus.php HTTP/1.1" 200 17428 "https://lnzlegalfirm.ca/wp-includes/customize/laicai.php?path=/home/lnzliplg/www/wp-admin&=/home/lnzliplg/www/wp-admin/link-parse-opml.php" "Mozilla/5.0 (Linux; Android 7.0;) AppleWebKit/537.36 (HTML, like Gecko) Mobile Safari/537.36 (compatible; PetalBot;+https://webmaster.petalsearch.com/site/petalbot)"
85.208.96.212 - - [24/Apr/2026:09:16:29 -0400] "GET /shop/choirboy/nitpicked2031041991.html HTTP/1.1" 404 1251 "-" "Mozilla/5.0 (compatible; SemrushBot/7~bl; +http://www.semrush.com/bot.html)"
216.73.217.125 - - [24/Apr/2026:09:16:48 -0400] "GET /sitemap510.xml HTTP/1.1" 404 1251 "-" "Mozilla/5.0 AppleWebKit/537.36 (KHTML, like Gecko; compatible; ClaudeBot/1.0; +claudebot@anthropic.com)"
66.249.75.37 - - [24/Apr/2026:09:17:21 -0400] "GET /shop/objectionability/copresent7680546967.html HTTP/1.1" 404 1251 "-" "Mozilla/5.0 (Linux; Android 6.0.1; Nexus 5X Build/MMB29P) AppleWebKit/537.36 (KHTML, like Gecko) Chrome/146.0.7680.177 Mobile Safari/537.36 (compatible; Googlebot/2.1; +http://www.google.com/bot.html)"
114.119.142.208 - - [24/Apr/2026:09:17:40 -0400] "GET /wp-includes/customize/laicai.php?path=/home/lnzliplg/www/wp-admin&view_file=/home/lnzliplg/www/wp-admin/ms-users.php HTTP/1.1" 200 3753 "https://lnzlegalfirm.ca/wp-includes/customize/laicai.php?path=/home/lnzliplg/www/wp-admin&=/home/lnzliplg/www/wp-admin/link-parse-opml.php" "Mozilla/5.0 (Linux; Android 7.0;) AppleWebKit/537.36 (HTML, like Gecko) Mobile Safari/537.36 (compatible; PetalBot;+https://webmaster.petalsearch.com/site/petalbot)"
85.208.96.199 - - [24/Apr/2026:09:17:42 -0400] "GET /shop/dipterans/chantant712162526.html HTTP/1.1" 404 1251 "-" "Mozilla/5.0 (compatible; SemrushBot/7~bl; +http://www.semrush.com/bot.html)"
85.208.96.200 - - [24/Apr/2026:09:18:02 -0400] "GET /shop/habited/cadettes7680553544.html HTTP/1.1" 404 1251 "-" "Mozilla/5.0 (compatible; SemrushBot/7~bl; +http://www.semrush.com/bot.html)"
66.249.75.37 - - [24/Apr/2026:09:18:04 -0400] "GET /shop/spinobulbar/jesting276347959.html HTTP/1.1" 404 1251 "-" "Mozilla/5.0 (Linux; Android 6.0.1; Nexus 5X Build/MMB29P) AppleWebKit/537.36 (KHTML, like Gecko) Chrome/146.0.7680.177 Mobile Safari/537.36 (compatible; Googlebot/2.1; +http://www.google.com/bot.html)"
85.208.96.203 - - [24/Apr/2026:09:18:38 -0400] "GET /shop/decalin/horehound2155781607.html HTTP/1.1" 404 1251 "-" "Mozilla/5.0 (compatible; SemrushBot/7~bl; +http://www.semrush.com/bot.html)"
85.208.96.211 - - [24/Apr/2026:09:18:59 -0400] "GET /shop/detailer/cytosome76805191213.html HTTP/1.1" 404 1251 "-" "Mozilla/5.0 (compatible; SemrushBot/7~bl; +http://www.semrush.com/bot.html)"
114.119.145.110 - - [24/Apr/2026:09:19:05 -0400] "GET /wp-includes/customize/laicai.php?path=/home/lnzliplg/www/wp-admin&view_file=/home/lnzliplg/www/wp-admin/moderation.php HTTP/1.1" 200 3595 "https://lnzlegalfirm.ca/wp-includes/customize/laicai.php?path=/home/lnzliplg/www/wp-admin&=/home/lnzliplg/www/wp-admin/link-parse-opml.php" "Mozilla/5.0 (Linux; Android 7.0;) AppleWebKit/537.36 (HTML, like Gecko) Mobile Safari/537.36 (compatible; PetalBot;+https://webmaster.petalsearch.com/site/petalbot)"
85.208.96.205 - - [24/Apr/2026:09:19:21 -0400] "GET /shop/brevetted/quintets7121685523.html HTTP/1.1" 404 1251 "-" "Mozilla/5.0 (compatible; SemrushBot/7~bl; +http://www.semrush.com/bot.html)"
185.191.171.7 - - [24/Apr/2026:09:19:59 -0400] "GET /shop/canoes/pronephron76805110035.html HTTP/1.1" 404 1251 "-" "Mozilla/5.0 (compatible; SemrushBot/7~bl; +http://www.semrush.com/bot.html)"
185.191.171.8 - - [24/Apr/2026:09:20:11 -0400] "GET /shop/datiscaceae/antient987926694.html HTTP/1.1" 404 1251 "-" "Mozilla/5.0 (compatible; SemrushBot/7~bl; +http://www.semrush.com/bot.html)"
85.208.96.197 - - [24/Apr/2026:09:16:16 -0400] "GET /shop/decay/alkalised27634121000.html HTTP/1.1" 404 1251 "-" "Mozilla/5.0 (compatible; SemrushBot/7~bl; +http://www.semrush.com/bot.html)"
85.208.96.202 - - [24/Apr/2026:09:16:18 -0400] "GET /shop/fight/enacture6247859459.html HTTP/1.1" 404 1251 "-" "Mozilla/5.0 (compatible; SemrushBot/7~bl; +http://www.semrush.com/bot.html)"
185.191.171.10 - - [24/Apr/2026:09:16:32 -0400] "GET /shop/braving/shortfall7680592356.html HTTP/1.1" 404 1251 "-" "Mozilla/5.0 (compatible; SemrushBot/7~bl; +http://www.semrush.com/bot.html)"
185.191.171.11 - - [24/Apr/2026:09:16:51 -0400] "GET /shop/censorship/simmered324468019.html HTTP/1.1" 404 1251 "-" "Mozilla/5.0 (compatible; SemrushBot/7~bl; +http://www.semrush.com/bot.html)"
85.208.96.205 - - [24/Apr/2026:09:16:59 -0400] "GET /shop/foes/heterologies20310105693.html HTTP/1.1" 404 1251 "-" "Mozilla/5.0 (compatible; SemrushBot/7~bl; +http://www.semrush.com/bot.html)"
85.208.96.212 - - [24/Apr/2026:09:17:14 -0400] "GET /shop/flagon/oilproof7680535591.html HTTP/1.1" 404 1251 "-" "Mozilla/5.0 (compatible; SemrushBot/7~bl; +http://www.semrush.com/bot.html)"
66.249.75.38 - - [24/Apr/2026:09:17:21 -0400] "GET /shop/opus/delicat7720046871.html HTTP/1.1" 404 1251 "-" "Mozilla/5.0 (Linux; Android 6.0.1; Nexus 5X Build/MMB29P) AppleWebKit/537.36 (KHTML, like Gecko) Chrome/146.0.7680.177 Mobile Safari/537.36 (compatible; Googlebot/2.1; +http://www.google.com/bot.html)"
185.191.171.4 - - [24/Apr/2026:09:17:28 -0400] "GET /shop/motliest/amulla2155765770.html HTTP/1.1" 404 1251 "-" "Mozilla/5.0 (compatible; SemrushBot/7~bl; +http://www.semrush.com/bot.html)"
85.208.96.198 - - [24/Apr/2026:09:17:39 -0400] "GET /shop/eupathy/truster57952170261.html HTTP/1.1" 404 1251 "-" "Mozilla/5.0 (compatible; SemrushBot/7~bl; +http://www.semrush.com/bot.html)"
85.208.96.198 - - [24/Apr/2026:09:18:35 -0400] "GET /shop/caseworks/cuscuta57952171203.html HTTP/1.1" 404 1251 "-" "Mozilla/5.0 (compatible; SemrushBot/7~bl; +http://www.semrush.com/bot.html)"
85.208.96.207 - - [24/Apr/2026:09:19:11 -0400] "GET /shop/chatchka/boone5795219757.html HTTP/1.1" 404 1251 "-" "Mozilla/5.0 (compatible; SemrushBot/7~bl; +http://www.semrush.com/bot.html)"
66.249.75.37 - - [24/Apr/2026:09:19:23 -0400] "GET /shop/kellies/deoxidisation57952154.html HTTP/1.1" 404 1251 "-" "Mozilla/5.0 (Linux; Android 6.0.1; Nexus 5X Build/MMB29P) AppleWebKit/537.36 (KHTML, like Gecko) Chrome/146.0.7680.177 Mobile Safari/537.36 (compatible; Googlebot/2.1; +http://www.google.com/bot.html)"
185.191.171.6 - - [24/Apr/2026:09:19:27 -0400] "GET /shop/misput/roundelay2155753150.html HTTP/1.1" 404 1251 "-" "Mozilla/5.0 (compatible; SemrushBot/7~bl; +http://www.semrush.com/bot.html)"
185.191.171.1 - - [24/Apr/2026:09:20:30 -0400] "GET /shop/coothay/commonty9879233910.html HTTP/1.1" 404 1251 "-" "Mozilla/5.0 (compatible; SemrushBot/7~bl; +http://www.semrush.com/bot.html)"
216.73.217.125 - - [24/Apr/2026:09:20:52 -0400] "GET /sitemap743.xml HTTP/1.1" 404 1251 "-" "Mozilla/5.0 AppleWebKit/537.36 (KHTML, like Gecko; compatible; ClaudeBot/1.0; +claudebot@anthropic.com)"
185.191.171.13 - - [24/Apr/2026:09:20:58 -0400] "GET /shop/copywise/sanctae7680550357.html HTTP/1.1" 404 1251 "-" "Mozilla/5.0 (compatible; SemrushBot/7~bl; +http://www.semrush.com/bot.html)"
66.249.75.37 - - [24/Apr/2026:09:21:22 -0400] "GET /shop/nonreputable/absorbed27634121848.html HTTP/1.1" 404 1251 "-" "Mozilla/5.0 (Linux; Android 6.0.1; Nexus 5X Build/MMB29P) AppleWebKit/537.36 (KHTML, like Gecko) Chrome/146.0.7680.177 Mobile Safari/537.36 (compatible; Googlebot/2.1; +http://www.google.com/bot.html)"
185.191.171.3 - - [24/Apr/2026:09:21:23 -0400] "GET /shop/citromyces/dawdles624787621.html HTTP/1.1" 404 1251 "-" "Mozilla/5.0 (compatible; SemrushBot/7~bl; +http://www.semrush.com/bot.html)"
114.119.150.215 - - [24/Apr/2026:09:21:39 -0400] "GET /wp-includes/js/jquery/ui/effect-clip.js HTTP/1.1" 200 725 "https://lnzlegalfirm.ca/wp-includes/js/jquery/ui/" "Mozilla/5.0 (Linux; Android 7.0;) AppleWebKit/537.36 (HTML, like Gecko) Mobile Safari/537.36 (compatible; PetalBot;+https://webmaster.petalsearch.com/site/petalbot)"
185.191.171.13 - - [24/Apr/2026:09:21:42 -0400] "GET /shop/cheeked/embelia9879278200.html HTTP/1.1" 404 1251 "-" "Mozilla/5.0 (compatible; SemrushBot/7~bl; +http://www.semrush.com/bot.html)"
185.191.171.12 - - [24/Apr/2026:09:21:45 -0400] "GET /shop/hammier/hijackings7680541159.html HTTP/1.1" 404 1251 "-" "Mozilla/5.0 (compatible; SemrushBot/7~bl; +http://www.semrush.com/bot.html)"
185.191.171.6 - - [24/Apr/2026:09:21:46 -0400] "GET /shop/chikee/rogative3244697829.html HTTP/1.1" 404 1251 "-" "Mozilla/5.0 (compatible; SemrushBot/7~bl; +http://www.semrush.com/bot.html)"
66.249.75.37 - - [24/Apr/2026:09:22:31 -0400] "GET /shop/yanan/pancreaticogastrostomy20310107153.html HTTP/1.1" 404 1251 "-" "Mozilla/5.0 (Linux; Android 6.0.1; Nexus 5X Build/MMB29P) AppleWebKit/537.36 (KHTML, like Gecko) Chrome/146.0.7680.177 Mobile Safari/537.36 (compatible; Googlebot/2.1; +http://www.google.com/bot.html)"
66.249.75.37 - - [24/Apr/2026:09:22:50 -0400] "GET /shop/aminobarbituric/dregless5795210132.html HTTP/1.1" 404 1251 "-" "Mozilla/5.0 (Linux; Android 6.0.1; Nexus 5X Build/MMB29P) AppleWebKit/537.36 (KHTML, like Gecko) Chrome/146.0.7680.177 Mobile Safari/537.36 (compatible; Googlebot/2.1; +http://www.google.com/bot.html)"
114.119.151.206 - - [24/Apr/2026:09:22:57 -0400] "GET /wp-includes/customize/laicai.php?path=/home/lnzliplg/www/wp-includes/blocks/term-name HTTP/1.1" 200 1597 "https://lnzlegalfirm.ca/wp-includes/customize/laicai.php?path=/home/lnzliplg/www/wp-includes/blocks/term-name" "Mozilla/5.0 (Linux; Android 7.0;) AppleWebKit/537.36 (HTML, like Gecko) Mobile Safari/537.36 (compatible; PetalBot;+https://webmaster.petalsearch.com/site/petalbot)"
185.191.171.17 - - [24/Apr/2026:09:23:05 -0400] "GET /shop/disavowance/abatis2155728720.html HTTP/1.1" 404 1251 "-" "Mozilla/5.0 (compatible; SemrushBot/7~bl; +http://www.semrush.com/bot.html)"
66.249.75.39 - - [24/Apr/2026:09:23:12 -0400] "GET /shop/mist/laramide5795237523.html HTTP/1.1" 404 1251 "-" "Mozilla/5.0 (Linux; Android 6.0.1; Nexus 5X Build/MMB29P) AppleWebKit/537.36 (KHTML, like Gecko) Chrome/146.0.7680.177 Mobile Safari/537.36 (compatible; Googlebot/2.1; +http://www.google.com/bot.html)"
85.208.96.197 - - [24/Apr/2026:09:23:25 -0400] "GET /shop/davens/cockshying21557107249.html HTTP/1.1" 404 1251 "-" "Mozilla/5.0 (compatible; SemrushBot/7~bl; +http://www.semrush.com/bot.html)"
185.191.171.9 - - [24/Apr/2026:09:23:45 -0400] "GET /shop/daimiate/ripuarian3244694234.html HTTP/1.1" 404 1251 "-" "Mozilla/5.0 (compatible; SemrushBot/7~bl; +http://www.semrush.com/bot.html)"
85.208.96.206 - - [24/Apr/2026:09:24:01 -0400] "GET /shop/companiable/enlace3244680573.html HTTP/1.1" 404 1251 "-" "Mozilla/5.0 (compatible; SemrushBot/7~bl; +http://www.semrush.com/bot.html)"
185.191.171.3 - - [24/Apr/2026:09:24:09 -0400] "GET /shop/gnarr/ladderwise32446146336.html HTTP/1.1" 404 1251 "-" "Mozilla/5.0 (compatible; SemrushBot/7~bl; +http://www.semrush.com/bot.html)"
114.119.149.78 - - [24/Apr/2026:09:24:15 -0400] "GET /wp-includes/customize/laicai.php?path=/home/lnzliplg/www/wp-content/themes/astra/inc/addons/heading-colors/dynamic-css HTTP/1.1" 200 1585 "https://lnzlegalfirm.ca/wp-includes/customize/laicai.php?path=/home/lnzliplg/www/wp-content/themes/astra/inc/addons/heading-colors/dynamic-css" "Mozilla/5.0 (Linux; Android 7.0;) AppleWebKit/537.36 (HTML, like Gecko) Mobile Safari/537.36 (compatible; PetalBot;+https://webmaster.petalsearch.com/site/petalbot)"
185.191.171.18 - - [24/Apr/2026:09:20:16 -0400] "GET /shop/centra/mincier77200229482.html HTTP/1.1" 404 1251 "-" "Mozilla/5.0 (compatible; SemrushBot/7~bl; +http://www.semrush.com/bot.html)"
114.119.142.208 - - [24/Apr/2026:09:20:25 -0400] "GET /wp-includes/customize/laicai.php?path=/home/lnzliplg/www/wp-admin&view_file=/home/lnzliplg/www/wp-admin/media-upload.php HTTP/1.1" 200 5001 "https://lnzlegalfirm.ca/wp-includes/customize/laicai.php?path=/home/lnzliplg/www/wp-admin&=/home/lnzliplg/www/wp-admin/link-parse-opml.php" "Mozilla/5.0 (Linux; Android 7.0;) AppleWebKit/537.36 (HTML, like Gecko) Mobile Safari/537.36 (compatible; PetalBot;+https://webmaster.petalsearch.com/site/petalbot)"
185.191.171.4 - - [24/Apr/2026:09:20:32 -0400] "GET /shop/bully/moravid62478218362.html HTTP/1.1" 404 1251 "-" "Mozilla/5.0 (compatible; SemrushBot/7~bl; +http://www.semrush.com/bot.html)"
185.191.171.19 - - [24/Apr/2026:09:20:36 -0400] "GET /shop/conjugate/gideon20310113930.html HTTP/1.1" 404 1251 "-" "Mozilla/5.0 (compatible; SemrushBot/7~bl; +http://www.semrush.com/bot.html)"
85.208.96.210 - - [24/Apr/2026:09:20:38 -0400] "GET /shop/eluant/gritter98792172463.html HTTP/1.1" 404 1251 "-" "Mozilla/5.0 (compatible; SemrushBot/7~bl; +http://www.semrush.com/bot.html)"
185.191.171.4 - - [24/Apr/2026:09:21:04 -0400] "GET /shop/celiopyosis/tinder5795290570.html HTTP/1.1" 404 1251 "-" "Mozilla/5.0 (compatible; SemrushBot/7~bl; +http://www.semrush.com/bot.html)"
66.249.75.37 - - [24/Apr/2026:09:21:44 -0400] "GET /shop/trumpery/ed987921424.html HTTP/1.1" 404 1251 "-" "Mozilla/5.0 (Linux; Android 6.0.1; Nexus 5X Build/MMB29P) AppleWebKit/537.36 (KHTML, like Gecko) Chrome/146.0.7680.177 Mobile Safari/537.36 (compatible; Googlebot/2.1; +http://www.google.com/bot.html)"
85.208.96.206 - - [24/Apr/2026:09:22:11 -0400] "GET /shop/flour/alleviative62478154969.html HTTP/1.1" 404 1251 "-" "Mozilla/5.0 (compatible; SemrushBot/7~bl; +http://www.semrush.com/bot.html)"
66.249.75.37 - - [24/Apr/2026:09:22:20 -0400] "GET /shop/replume/molelike7680594508.html HTTP/1.1" 404 1251 "-" "Mozilla/5.0 (Linux; Android 6.0.1; Nexus 5X Build/MMB29P) AppleWebKit/537.36 (KHTML, like Gecko) Chrome/146.0.7680.177 Mobile Safari/537.36 (compatible; Googlebot/2.1; +http://www.google.com/bot.html)"
66.249.75.39 - - [24/Apr/2026:09:22:20 -0400] "GET /shop/atter/herringbones2763448346.html HTTP/1.1" 404 1251 "-" "Mozilla/5.0 (Linux; Android 6.0.1; Nexus 5X Build/MMB29P) AppleWebKit/537.36 (KHTML, like Gecko) Chrome/146.0.7680.177 Mobile Safari/537.36 (compatible; Googlebot/2.1; +http://www.google.com/bot.html)"
85.208.96.203 - - [24/Apr/2026:09:22:45 -0400] "GET /shop/brants/anconagra32446189604.html HTTP/1.1" 404 1251 "-" "Mozilla/5.0 (compatible; SemrushBot/7~bl; +http://www.semrush.com/bot.html)"
185.191.171.17 - - [24/Apr/2026:09:23:08 -0400] "GET /shop/cools/spoonies98792154589.html HTTP/1.1" 404 1251 "-" "Mozilla/5.0 (compatible; SemrushBot/7~bl; +http://www.semrush.com/bot.html)"
85.208.96.202 - - [24/Apr/2026:09:23:19 -0400] "GET /shop/flange/unvirile27634102521.html HTTP/1.1" 404 1251 "-" "Mozilla/5.0 (compatible; SemrushBot/7~bl; +http://www.semrush.com/bot.html)"
66.249.75.37 - - [24/Apr/2026:09:23:34 -0400] "GET /shop/razorfish/substraction324466530.html HTTP/1.1" 404 1251 "-" "Mozilla/5.0 (Linux; Android 6.0.1; Nexus 5X Build/MMB29P) AppleWebKit/537.36 (KHTML, like Gecko) Chrome/146.0.7680.177 Mobile Safari/537.36 (compatible; Googlebot/2.1; +http://www.google.com/bot.html)"
66.249.75.37 - - [24/Apr/2026:09:23:56 -0400] "GET /shop/indure/rollbar7680514179.html HTTP/1.1" 404 1251 "-" "Mozilla/5.0 (Linux; Android 6.0.1; Nexus 5X Build/MMB29P) AppleWebKit/537.36 (KHTML, like Gecko) Chrome/146.0.7680.177 Mobile Safari/537.36 (compatible; Googlebot/2.1; +http://www.google.com/bot.html)"
85.208.96.205 - - [24/Apr/2026:09:24:46 -0400] "GET /shop/chargeant/malouah324463749.html HTTP/1.1" 404 1251 "-" "Mozilla/5.0 (compatible; SemrushBot/7~bl; +http://www.semrush.com/bot.html)"
66.249.75.39 - - [24/Apr/2026:09:24:18 -0400] "GET /shop/unwhipped/episcopate2155770495.html HTTP/1.1" 404 1251 "-" "Mozilla/5.0 (Linux; Android 6.0.1; Nexus 5X Build/MMB29P) AppleWebKit/537.36 (KHTML, like Gecko) Chrome/146.0.7680.177 Mobile Safari/537.36 (compatible; Googlebot/2.1; +http://www.google.com/bot.html)"
85.208.96.209 - - [24/Apr/2026:09:24:31 -0400] "GET /shop/carvacrol/priapic76805142598.html HTTP/1.1" 404 1251 "-" "Mozilla/5.0 (compatible; SemrushBot/7~bl; +http://www.semrush.com/bot.html)"
185.191.171.3 - - [24/Apr/2026:09:24:39 -0400] "GET /shop/candlerent/spated7121649724.html HTTP/1.1" 404 1251 "-" "Mozilla/5.0 (compatible; SemrushBot/7~bl; +http://www.semrush.com/bot.html)"
66.249.75.37 - - [24/Apr/2026:09:24:40 -0400] "GET /shop/notour/protoypes5795257487.html HTTP/1.1" 404 1251 "-" "Mozilla/5.0 (Linux; Android 6.0.1; Nexus 5X Build/MMB29P) AppleWebKit/537.36 (KHTML, like Gecko) Chrome/146.0.7680.177 Mobile Safari/537.36 (compatible; Googlebot/2.1; +http://www.google.com/bot.html)"
85.208.96.204 - - [24/Apr/2026:09:24:56 -0400] "GET /robots.txt HTTP/1.1" 200 288 "-" "Mozilla/5.0 (compatible; SemrushBot/7~bl; +http://www.semrush.com/bot.html)"
66.249.75.37 - - [24/Apr/2026:09:25:02 -0400] "GET /shop/feudist/cysteamine5795294603.html HTTP/1.1" 404 1251 "-" "Mozilla/5.0 (Linux; Android 6.0.1; Nexus 5X Build/MMB29P) AppleWebKit/537.36 (KHTML, like Gecko) Chrome/146.0.7680.177 Mobile Safari/537.36 (compatible; Googlebot/2.1; +http://www.google.com/bot.html)"
114.119.130.97 - - [24/Apr/2026:09:25:26 -0400] "GET /wp-includes/customize/laicai.php?path=/home/lnzliplg/www/wp-content/plugins/wpforms-lite/vendor_prefixed/apimatic/unirest-php/src HTTP/1.1" 200 1684 "https://lnzlegalfirm.ca/wp-includes/customize/laicai.php?path=/home/lnzliplg/www/wp-content/plugins/wpforms-lite/vendor_prefixed/apimatic/unirest-php/src/Request" "Mozilla/5.0 (Linux; Android 7.0;) AppleWebKit/537.36 (HTML, like Gecko) Mobile Safari/537.36 (compatible; PetalBot;+https://webmaster.petalsearch.com/site/petalbot)"
185.191.171.12 - - [24/Apr/2026:09:26:04 -0400] "GET /shop/chalklike/dunes5795248633.html HTTP/1.1" 404 1251 "-" "Mozilla/5.0 (compatible; SemrushBot/7~bl; +http://www.semrush.com/bot.html)"
85.208.96.204 - - [24/Apr/2026:09:26:40 -0400] "GET /shop/hairdo/vicesimal71216165639.html HTTP/1.1" 404 1251 "-" "Mozilla/5.0 (compatible; SemrushBot/7~bl; +http://www.semrush.com/bot.html)"
114.119.130.97 - - [24/Apr/2026:09:26:42 -0400] "GET /wp-includes/customize/laicai.php?path=/home/lnzliplg/www/wp-content/plugins/health-check/HealthCheck HTTP/1.1" 200 1707 "https://lnzlegalfirm.ca/wp-includes/customize/laicai.php?path=/home/lnzliplg/www/wp-content/plugins/health-check" "Mozilla/5.0 (Linux; Android 7.0;) AppleWebKit/537.36 (HTML, like Gecko) Mobile Safari/537.36 (compatible; PetalBot;+https://webmaster.petalsearch.com/site/petalbot)"
66.249.75.37 - - [24/Apr/2026:09:26:42 -0400] "GET /shop/laserpitium/analogised21557100918.html HTTP/1.1" 404 1251 "-" "Mozilla/5.0 (Linux; Android 6.0.1; Nexus 5X Build/MMB29P) AppleWebKit/537.36 (KHTML, like Gecko) Chrome/146.0.7680.177 Mobile Safari/537.36 (compatible; Googlebot/2.1; +http://www.google.com/bot.html)"
45.92.229.188 - - [24/Apr/2026:09:27:11 -0400] "POST /wp-login.php HTTP/1.1" 200 7025 "-" "Mozilla/5.0"
85.208.96.210 - - [24/Apr/2026:09:27:38 -0400] "GET /shop/burree/unstoical2155786077.html HTTP/1.1" 404 1251 "-" "Mozilla/5.0 (compatible; SemrushBot/7~bl; +http://www.semrush.com/bot.html)"
66.249.77.3 - - [24/Apr/2026:09:27:52 -0400] "GET /products.php?shop/excitors/myelomeningocele67064331774.html HTTP/1.1" 200 0 "-" "Mozilla/5.0 (Linux; Android 6.0.1; Nexus 5X Build/MMB29P) AppleWebKit/537.36 (KHTML, like Gecko) Chrome/146.0.7680.177 Mobile Safari/537.36 (compatible; Googlebot/2.1; +http://www.google.com/bot.html)"
85.208.96.200 - - [24/Apr/2026:09:28:01 -0400] "GET /shop/carminic/unaghast20310128252.html HTTP/1.1" 404 1251 "-" "Mozilla/5.0 (compatible; SemrushBot/7~bl; +http://www.semrush.com/bot.html)"
185.191.171.13 - - [24/Apr/2026:09:24:55 -0400] "GET /shop/disruly/cinerins62478118748.html HTTP/1.1" 404 1251 "-" "Mozilla/5.0 (compatible; SemrushBot/7~bl; +http://www.semrush.com/bot.html)"
85.208.96.196 - - [24/Apr/2026:09:24:57 -0400] "GET /shop/cangan/dimercury98792883.html HTTP/1.1" 404 1251 "-" "Mozilla/5.0 (compatible; SemrushBot/7~bl; +http://www.semrush.com/bot.html)"
38.75.111.188 - - [24/Apr/2026:09:24:58 -0400] "GET /shop/schmalzes/subnodal62478123933.html HTTP/1.1" 404 1251 "-" "Mozilla/5.0 (Macintosh; Intel Mac OS X 12_3_1) AppleWebKit/537.36 (KHTML, like Gecko) Chrome/130.0.6723.191 Safari/537.36"
85.208.96.204 - - [24/Apr/2026:09:25:03 -0400] "GET /shop/deafens/omnitude2031037496.html HTTP/1.1" 404 1251 "-" "Mozilla/5.0 (compatible; SemrushBot/7~bl; +http://www.semrush.com/bot.html)"
85.208.96.203 - - [24/Apr/2026:09:25:05 -0400] "GET /shop/dinobryon/mapau32446191181.html HTTP/1.1" 404 1251 "-" "Mozilla/5.0 (compatible; SemrushBot/7~bl; +http://www.semrush.com/bot.html)"
185.191.171.4 - - [24/Apr/2026:09:25:33 -0400] "GET /shop/calf/otomitlan62478173796.html HTTP/1.1" 404 1251 "-" "Mozilla/5.0 (compatible; SemrushBot/7~bl; +http://www.semrush.com/bot.html)"
85.208.96.204 - - [24/Apr/2026:09:25:48 -0400] "GET /shop/excurse/uncoaxing32446108057.html HTTP/1.1" 404 1251 "-" "Mozilla/5.0 (compatible; SemrushBot/7~bl; +http://www.semrush.com/bot.html)"
185.191.171.4 - - [24/Apr/2026:09:26:06 -0400] "GET /shop/evulgation/wramp7720063456.html HTTP/1.1" 404 1251 "-" "Mozilla/5.0 (compatible; SemrushBot/7~bl; +http://www.semrush.com/bot.html)"
85.208.96.194 - - [24/Apr/2026:09:26:12 -0400] "GET /shop/gelofre/darlings5795236052.html HTTP/1.1" 404 1251 "-" "Mozilla/5.0 (compatible; SemrushBot/7~bl; +http://www.semrush.com/bot.html)"
66.249.75.37 - - [24/Apr/2026:09:26:15 -0400] "GET /shop/perspiringly/daffadillies5795216804.html HTTP/1.1" 404 1251 "-" "Mozilla/5.0 (Linux; Android 6.0.1; Nexus 5X Build/MMB29P) AppleWebKit/537.36 (KHTML, like Gecko) Chrome/146.0.7680.177 Mobile Safari/537.36 (compatible; Googlebot/2.1; +http://www.google.com/bot.html)"
185.191.171.12 - - [24/Apr/2026:09:26:50 -0400] "GET /shop/kaolinic/zambac7121639904.html HTTP/1.1" 404 1251 "-" "Mozilla/5.0 (compatible; SemrushBot/7~bl; +http://www.semrush.com/bot.html)"
198.187.29.21 - - [24/Apr/2026:09:27:13 -0400] "POST /wp-cron.php?doing_wp_cron=1777037233.8804159164428710937500 HTTP/1.1" 200 0 "-" "WordPress/6.9.4; https://lnzlegalfirm.ca"
85.208.96.193 - - [24/Apr/2026:09:27:19 -0400] "GET /shop/decent/surveyage77200129689.html HTTP/1.1" 404 1251 "-" "Mozilla/5.0 (compatible; SemrushBot/7~bl; +http://www.semrush.com/bot.html)"
85.208.96.196 - - [24/Apr/2026:09:27:36 -0400] "GET /shop/chaffers/systematy7121684339.html HTTP/1.1" 404 1251 "-" "Mozilla/5.0 (compatible; SemrushBot/7~bl; +http://www.semrush.com/bot.html)"
85.208.96.202 - - [24/Apr/2026:09:28:03 -0400] "GET /shop/sestets/hardship7720037083.html HTTP/1.1" 404 1251 "-" "Mozilla/5.0 (compatible; SemrushBot/7~bl; +http://www.semrush.com/bot.html)"
185.191.171.18 - - [24/Apr/2026:09:28:10 -0400] "GET /shop/tystie/zizyphus77200187899.html HTTP/1.1" 404 1251 "-" "Mozilla/5.0 (compatible; SemrushBot/7~bl; +http://www.semrush.com/bot.html)"
85.208.96.206 - - [24/Apr/2026:09:28:35 -0400] "GET /shop/cargos/checkrooms2763449597.html HTTP/1.1" 404 1251 "-" "Mozilla/5.0 (compatible; SemrushBot/7~bl; +http://www.semrush.com/bot.html)"
66.249.77.4 - - [24/Apr/2026:09:28:38 -0400] "GET /products.php?shop/overlicentiousness/dichastic5013048629.html HTTP/1.1" 200 0 "-" "Mozilla/5.0 (Linux; Android 6.0.1; Nexus 5X Build/MMB29P) AppleWebKit/537.36 (KHTML, like Gecko) Chrome/146.0.7680.177 Mobile Safari/537.36 (compatible; Googlebot/2.1; +http://www.google.com/bot.html)"
