216.73.217.125 - - [24/Apr/2026:11:11:53 -0400] "GET /wp-includes/speculative-loading.php HTTP/1.1" 200 0 "-" "Mozilla/5.0 AppleWebKit/537.36 (KHTML, like Gecko; compatible; ClaudeBot/1.0; +claudebot@anthropic.com)"
216.73.217.125 - - [24/Apr/2026:11:11:54 -0400] "GET /wp-includes/ms-network.php HTTP/1.1" 200 0 "-" "Mozilla/5.0 AppleWebKit/537.36 (KHTML, like Gecko; compatible; ClaudeBot/1.0; +claudebot@anthropic.com)"
216.73.217.125 - - [24/Apr/2026:11:11:55 -0400] "GET /wp-includes/class-wp-block-parser.php HTTP/1.1" 200 0 "-" "Mozilla/5.0 AppleWebKit/537.36 (KHTML, like Gecko; compatible; ClaudeBot/1.0; +claudebot@anthropic.com)"
216.73.217.125 - - [24/Apr/2026:11:12:13 -0400] "GET /wp-includes/error-protection.php HTTP/1.1" 200 0 "-" "Mozilla/5.0 AppleWebKit/537.36 (KHTML, like Gecko; compatible; ClaudeBot/1.0; +claudebot@anthropic.com)"
216.73.217.125 - - [24/Apr/2026:11:12:13 -0400] "GET /wp-includes/class-requests.php HTTP/1.1" 200 0 "-" "Mozilla/5.0 AppleWebKit/537.36 (KHTML, like Gecko; compatible; ClaudeBot/1.0; +claudebot@anthropic.com)"
216.73.217.125 - - [24/Apr/2026:11:12:14 -0400] "GET /wp-includes/feed-atom.php HTTP/1.1" 200 6 "-" "Mozilla/5.0 AppleWebKit/537.36 (KHTML, like Gecko; compatible; ClaudeBot/1.0; +claudebot@anthropic.com)"
198.187.29.21 - - [24/Apr/2026:11:12:15 -0400] "POST /wp-cron.php?doing_wp_cron=1777043535.1058290004730224609375 HTTP/1.1" 200 0 "-" "WordPress/6.9.4; https://lnzlegalfirm.ca"
216.73.217.125 - - [24/Apr/2026:11:12:15 -0400] "GET /wp-includes/class-wp-network.php HTTP/1.1" 200 0 "-" "Mozilla/5.0 AppleWebKit/537.36 (KHTML, like Gecko; compatible; ClaudeBot/1.0; +claudebot@anthropic.com)"
216.73.217.125 - - [24/Apr/2026:11:12:16 -0400] "GET /wp-includes/class-wp-http-response.php HTTP/1.1" 200 0 "-" "Mozilla/5.0 AppleWebKit/537.36 (KHTML, like Gecko; compatible; ClaudeBot/1.0; +claudebot@anthropic.com)"
185.191.171.4 - - [24/Apr/2026:11:12:20 -0400] "GET /shop/eumitosis/eths27634145114.html HTTP/1.1" 404 1251 "-" "Mozilla/5.0 (compatible; SemrushBot/7~bl; +http://www.semrush.com/bot.html)"
216.73.217.125 - - [24/Apr/2026:11:12:25 -0400] "GET /wp-includes/customize/error_log HTTP/1.1" 403 1242 "-" "Mozilla/5.0 AppleWebKit/537.36 (KHTML, like Gecko; compatible; ClaudeBot/1.0; +claudebot@anthropic.com)"
216.73.217.125 - - [24/Apr/2026:11:12:26 -0400] "GET /wp-includes/class-phpass.php HTTP/1.1" 200 0 "-" "Mozilla/5.0 AppleWebKit/537.36 (KHTML, like Gecko; compatible; ClaudeBot/1.0; +claudebot@anthropic.com)"
85.208.96.210 - - [24/Apr/2026:11:12:34 -0400] "GET /shop/briered/unpredict3244677238.html HTTP/1.1" 404 1251 "-" "Mozilla/5.0 (compatible; SemrushBot/7~bl; +http://www.semrush.com/bot.html)"
216.73.217.125 - - [24/Apr/2026:11:13:04 -0400] "GET /wp-includes/class-wp-meta-query.php HTTP/1.1" 200 0 "-" "Mozilla/5.0 AppleWebKit/537.36 (KHTML, like Gecko; compatible; ClaudeBot/1.0; +claudebot@anthropic.com)"
216.73.217.125 - - [24/Apr/2026:11:13:04 -0400] "GET /wp-includes/customize/class-wp-customize-filter-setting.php HTTP/1.1" 500 0 "-" "Mozilla/5.0 AppleWebKit/537.36 (KHTML, like Gecko; compatible; ClaudeBot/1.0; +claudebot@anthropic.com)"
216.73.217.125 - - [24/Apr/2026:11:13:06 -0400] "GET /wp-includes/class-wp-url-pattern-prefixer.php HTTP/1.1" 200 0 "-" "Mozilla/5.0 AppleWebKit/537.36 (KHTML, like Gecko; compatible; ClaudeBot/1.0; +claudebot@anthropic.com)"
216.73.217.125 - - [24/Apr/2026:11:13:07 -0400] "GET /wp-includes/class-wp-list-util.php HTTP/1.1" 200 0 "-" "Mozilla/5.0 AppleWebKit/537.36 (KHTML, like Gecko; compatible; ClaudeBot/1.0; +claudebot@anthropic.com)"
216.73.217.125 - - [24/Apr/2026:11:13:07 -0400] "GET /wp-includes/customize/class-wp-customize-theme-control.php HTTP/1.1" 500 0 "-" "Mozilla/5.0 AppleWebKit/537.36 (KHTML, like Gecko; compatible; ClaudeBot/1.0; +claudebot@anthropic.com)"
85.208.96.210 - - [24/Apr/2026:11:13:34 -0400] "GET /shop/cutter/apodosis9879211930.html HTTP/1.1" 404 1251 "-" "Mozilla/5.0 (compatible; SemrushBot/7~bl; +http://www.semrush.com/bot.html)"
185.191.171.4 - - [24/Apr/2026:11:12:58 -0400] "GET /shop/floppiest/uppishly2031020424.html HTTP/1.1" 404 1251 "-" "Mozilla/5.0 (compatible; SemrushBot/7~bl; +http://www.semrush.com/bot.html)"
85.208.96.199 - - [24/Apr/2026:11:13:00 -0400] "GET /shop/legalese/familic3244654529.html HTTP/1.1" 404 1251 "-" "Mozilla/5.0 (compatible; SemrushBot/7~bl; +http://www.semrush.com/bot.html)"
185.191.171.11 - - [24/Apr/2026:11:13:05 -0400] "GET /shop/delusters/peetweet2031064937.html HTTP/1.1" 404 1251 "-" "Mozilla/5.0 (compatible; SemrushBot/7~bl; +http://www.semrush.com/bot.html)"
216.73.217.125 - - [24/Apr/2026:11:13:05 -0400] "GET /wp-includes/customize/class-wp-customize-custom-css-setting.php HTTP/1.1" 500 0 "-" "Mozilla/5.0 AppleWebKit/537.36 (KHTML, like Gecko; compatible; ClaudeBot/1.0; +claudebot@anthropic.com)"
216.73.217.125 - - [24/Apr/2026:11:13:05 -0400] "GET /wp-includes/class-wp-application-passwords.php HTTP/1.1" 200 0 "-" "Mozilla/5.0 AppleWebKit/537.36 (KHTML, like Gecko; compatible; ClaudeBot/1.0; +claudebot@anthropic.com)"
216.73.217.125 - - [24/Apr/2026:11:13:06 -0400] "GET /roundcube/program/js/app.min.js HTTP/1.1" 200 46386 "-" "Mozilla/5.0 AppleWebKit/537.36 (KHTML, like Gecko; compatible; ClaudeBot/1.0; +claudebot@anthropic.com)"
216.73.217.125 - - [24/Apr/2026:11:13:36 -0400] "GET /wp-includes/customize/class-wp-customize-upload-control.php HTTP/1.1" 500 0 "-" "Mozilla/5.0 AppleWebKit/537.36 (KHTML, like Gecko; compatible; ClaudeBot/1.0; +claudebot@anthropic.com)"
216.73.217.125 - - [24/Apr/2026:11:13:37 -0400] "GET /wp-includes/customize/class-wp-customize-selective-refresh.php HTTP/1.1" 200 0 "-" "Mozilla/5.0 AppleWebKit/537.36 (KHTML, like Gecko; compatible; ClaudeBot/1.0; +claudebot@anthropic.com)"
216.73.217.125 - - [24/Apr/2026:11:13:41 -0400] "GET /wp-includes/customize/class-wp-customize-background-image-control.php HTTP/1.1" 500 0 "-" "Mozilla/5.0 AppleWebKit/537.36 (KHTML, like Gecko; compatible; ClaudeBot/1.0; +claudebot@anthropic.com)"
216.73.217.125 - - [24/Apr/2026:11:13:51 -0400] "GET /wp-includes/customize/class-wp-customize-nav-menu-section.php HTTP/1.1" 500 0 "-" "Mozilla/5.0 AppleWebKit/537.36 (KHTML, like Gecko; compatible; ClaudeBot/1.0; +claudebot@anthropic.com)"
216.73.217.125 - - [24/Apr/2026:11:13:57 -0400] "GET /wp-includes/customize/class-wp-sidebar-block-editor-control.php HTTP/1.1" 500 0 "-" "Mozilla/5.0 AppleWebKit/537.36 (KHTML, like Gecko; compatible; ClaudeBot/1.0; +claudebot@anthropic.com)"
216.73.217.125 - - [24/Apr/2026:11:14:01 -0400] "GET /wp-includes/customize/class-wp-customize-new-menu-section.php HTTP/1.1" 500 0 "-" "Mozilla/5.0 AppleWebKit/537.36 (KHTML, like Gecko; compatible; ClaudeBot/1.0; +claudebot@anthropic.com)"
216.73.217.125 - - [24/Apr/2026:11:14:06 -0400] "GET /wp-includes/certificates/ HTTP/1.1" 200 621 "-" "Mozilla/5.0 AppleWebKit/537.36 (KHTML, like Gecko; compatible; ClaudeBot/1.0; +claudebot@anthropic.com)"
216.73.217.125 - - [24/Apr/2026:11:14:11 -0400] "GET /wp-includes/class-wp-locale-switcher.php HTTP/1.1" 200 0 "-" "Mozilla/5.0 AppleWebKit/537.36 (KHTML, like Gecko; compatible; ClaudeBot/1.0; +claudebot@anthropic.com)"
216.73.217.125 - - [24/Apr/2026:11:14:16 -0400] "GET /wp-includes/customize/class-wp-customize-nav-menu-control.php HTTP/1.1" 500 0 "-" "Mozilla/5.0 AppleWebKit/537.36 (KHTML, like Gecko; compatible; ClaudeBot/1.0; +claudebot@anthropic.com)"
216.73.217.125 - - [24/Apr/2026:11:14:21 -0400] "GET /wp-includes/customize/class-wp-widget-area-customize-control.php HTTP/1.1" 500 0 "-" "Mozilla/5.0 AppleWebKit/537.36 (KHTML, like Gecko; compatible; ClaudeBot/1.0; +claudebot@anthropic.com)"
185.191.171.18 - - [24/Apr/2026:11:14:24 -0400] "GET /shop/crossbones/querns32446117893.html HTTP/1.1" 404 1251 "-" "Mozilla/5.0 (compatible; SemrushBot/7~bl; +http://www.semrush.com/bot.html)"
216.73.217.125 - - [24/Apr/2026:11:14:26 -0400] "GET /wp-includes/customize/class-wp-customize-nav-menu-setting.php HTTP/1.1" 500 0 "-" "Mozilla/5.0 AppleWebKit/537.36 (KHTML, like Gecko; compatible; ClaudeBot/1.0; +claudebot@anthropic.com)"
216.73.217.125 - - [24/Apr/2026:11:13:36 -0400] "GET /wp-includes/customize/laicai.php HTTP/1.1" 200 2020 "-" "Mozilla/5.0 AppleWebKit/537.36 (KHTML, like Gecko; compatible; ClaudeBot/1.0; +claudebot@anthropic.com)"
216.73.217.125 - - [24/Apr/2026:11:13:36 -0400] "GET /wp-includes/customize/class-wp-customize-image-control.php HTTP/1.1" 500 0 "-" "Mozilla/5.0 AppleWebKit/537.36 (KHTML, like Gecko; compatible; ClaudeBot/1.0; +claudebot@anthropic.com)"
216.73.217.125 - - [24/Apr/2026:11:13:37 -0400] "GET /wp-includes/customize/class-wp-customize-sidebar-section.php HTTP/1.1" 500 0 "-" "Mozilla/5.0 AppleWebKit/537.36 (KHTML, like Gecko; compatible; ClaudeBot/1.0; +claudebot@anthropic.com)"
216.73.217.125 - - [24/Apr/2026:11:13:38 -0400] "GET /wp-includes/class-wp-http-ixr-client.php HTTP/1.1" 500 0 "-" "Mozilla/5.0 AppleWebKit/537.36 (KHTML, like Gecko; compatible; ClaudeBot/1.0; +claudebot@anthropic.com)"
216.73.217.125 - - [24/Apr/2026:11:13:39 -0400] "GET /wp-includes/style-engine/ HTTP/1.1" 200 777 "-" "Mozilla/5.0 AppleWebKit/537.36 (KHTML, like Gecko; compatible; ClaudeBot/1.0; +claudebot@anthropic.com)"
216.73.217.125 - - [24/Apr/2026:11:13:39 -0400] "GET /wp-includes/class-wp-feed-cache-transient.php HTTP/1.1" 500 0 "-" "Mozilla/5.0 AppleWebKit/537.36 (KHTML, like Gecko; compatible; ClaudeBot/1.0; +claudebot@anthropic.com)"
216.73.217.125 - - [24/Apr/2026:11:13:41 -0400] "GET /wp-includes/customize/class-wp-customize-themes-section.php HTTP/1.1" 500 0 "-" "Mozilla/5.0 AppleWebKit/537.36 (KHTML, like Gecko; compatible; ClaudeBot/1.0; +claudebot@anthropic.com)"
185.191.171.11 - - [24/Apr/2026:11:13:45 -0400] "GET /shop/cornu/gradate27634126715.html HTTP/1.1" 404 1251 "-" "Mozilla/5.0 (compatible; SemrushBot/7~bl; +http://www.semrush.com/bot.html)"
216.73.217.125 - - [24/Apr/2026:11:13:46 -0400] "GET /wp-includes/customize/class-wp-customize-date-time-control.php HTTP/1.1" 500 0 "-" "Mozilla/5.0 AppleWebKit/537.36 (KHTML, like Gecko; compatible; ClaudeBot/1.0; +claudebot@anthropic.com)"
185.191.171.4 - - [24/Apr/2026:11:13:52 -0400] "GET /shop/coch/endosporium62478189110.html HTTP/1.1" 404 1251 "-" "Mozilla/5.0 (compatible; SemrushBot/7~bl; +http://www.semrush.com/bot.html)"
185.191.171.5 - - [24/Apr/2026:11:13:57 -0400] "GET /shop/midgy/benchmen62478147922.html HTTP/1.1" 404 1251 "-" "Mozilla/5.0 (compatible; SemrushBot/7~bl; +http://www.semrush.com/bot.html)"
114.119.145.110 - - [24/Apr/2026:11:14:02 -0400] "GET /wp-includes/js/dist/dom.min.js HTTP/1.1" 200 5047 "https://lnzlegalfirm.ca/wp-includes/js/dist/" "Mozilla/5.0 (Linux; Android 7.0;) AppleWebKit/537.36 (HTML, like Gecko) Mobile Safari/537.36 (compatible; PetalBot;+https://webmaster.petalsearch.com/site/petalbot)"
85.208.96.212 - - [24/Apr/2026:11:14:36 -0400] "GET /shop/canale/superlie71216206656.html HTTP/1.1" 404 1251 "-" "Mozilla/5.0 (compatible; SemrushBot/7~bl; +http://www.semrush.com/bot.html)"
185.191.171.8 - - [24/Apr/2026:11:14:37 -0400] "GET /shop/excavation/sprayey7121638500.html HTTP/1.1" 404 1251 "-" "Mozilla/5.0 (compatible; SemrushBot/7~bl; +http://www.semrush.com/bot.html)"
216.73.217.125 - - [24/Apr/2026:11:14:38 -0400] "GET /wp-includes/class-wp-block-bindings-registry.php HTTP/1.1" 200 0 "-" "Mozilla/5.0 AppleWebKit/537.36 (KHTML, like Gecko; compatible; ClaudeBot/1.0; +claudebot@anthropic.com)"
216.73.217.125 - - [24/Apr/2026:11:14:47 -0400] "GET /wp-includes/class-wp-block-metadata-registry.php HTTP/1.1" 200 0 "-" "Mozilla/5.0 AppleWebKit/537.36 (KHTML, like Gecko; compatible; ClaudeBot/1.0; +claudebot@anthropic.com)"
185.191.171.7 - - [24/Apr/2026:11:14:48 -0400] "GET /shop/grogs/leakers71216220258.html HTTP/1.1" 404 1251 "-" "Mozilla/5.0 (compatible; SemrushBot/7~bl; +http://www.semrush.com/bot.html)"
216.73.217.125 - - [24/Apr/2026:11:14:52 -0400] "GET /wp-includes/customize/class-wp-customize-media-control.php HTTP/1.1" 500 0 "-" "Mozilla/5.0 AppleWebKit/537.36 (KHTML, like Gecko; compatible; ClaudeBot/1.0; +claudebot@anthropic.com)"
216.73.217.125 - - [24/Apr/2026:11:14:31 -0400] "GET /wp-includes/customize/class-wp-widget-form-customize-control.php HTTP/1.1" 500 0 "-" "Mozilla/5.0 AppleWebKit/537.36 (KHTML, like Gecko; compatible; ClaudeBot/1.0; +claudebot@anthropic.com)"
216.73.217.125 - - [24/Apr/2026:11:14:42 -0400] "GET /wp-includes/class-wp-block-styles-registry.php HTTP/1.1" 200 0 "-" "Mozilla/5.0 AppleWebKit/537.36 (KHTML, like Gecko; compatible; ClaudeBot/1.0; +claudebot@anthropic.com)"
85.208.96.196 - - [24/Apr/2026:11:14:44 -0400] "GET /shop/coddles/overtrump77200158543.html HTTP/1.1" 404 1251 "-" "Mozilla/5.0 (compatible; SemrushBot/7~bl; +http://www.semrush.com/bot.html)"
216.73.217.125 - - [24/Apr/2026:11:14:57 -0400] "GET /wp-includes/theme-i18n.json HTTP/1.1" 200 1730 "-" "Mozilla/5.0 AppleWebKit/537.36 (KHTML, like Gecko; compatible; ClaudeBot/1.0; +claudebot@anthropic.com)"
216.73.217.125 - - [24/Apr/2026:11:15:02 -0400] "GET /wp-includes/nav-menu.php HTTP/1.1" 200 0 "-" "Mozilla/5.0 AppleWebKit/537.36 (KHTML, like Gecko; compatible; ClaudeBot/1.0; +claudebot@anthropic.com)"
85.208.96.203 - - [24/Apr/2026:11:15:05 -0400] "GET /shop/feued/noters62478113136.html HTTP/1.1" 404 1251 "-" "Mozilla/5.0 (compatible; SemrushBot/7~bl; +http://www.semrush.com/bot.html)"
216.73.217.125 - - [24/Apr/2026:11:15:08 -0400] "GET /wp-includes/customize/class-wp-customize-nav-menu-name-control.php HTTP/1.1" 500 0 "-" "Mozilla/5.0 AppleWebKit/537.36 (KHTML, like Gecko; compatible; ClaudeBot/1.0; +claudebot@anthropic.com)"
85.208.96.210 - - [24/Apr/2026:11:15:12 -0400] "GET /shop/enows/basement57952198738.html HTTP/1.1" 404 1251 "-" "Mozilla/5.0 (compatible; SemrushBot/7~bl; +http://www.semrush.com/bot.html)"
216.73.217.125 - - [24/Apr/2026:11:15:13 -0400] "GET /roundcube/program/js/jstz.min.js HTTP/1.1" 200 4648 "-" "Mozilla/5.0 AppleWebKit/537.36 (KHTML, like Gecko; compatible; ClaudeBot/1.0; +claudebot@anthropic.com)"
216.73.217.125 - - [24/Apr/2026:11:15:19 -0400] "GET /wp-includes/customize/class-wp-customize-nav-menus-panel.php HTTP/1.1" 500 0 "-" "Mozilla/5.0 AppleWebKit/537.36 (KHTML, like Gecko; compatible; ClaudeBot/1.0; +claudebot@anthropic.com)"
216.73.217.125 - - [24/Apr/2026:11:15:23 -0400] "GET /wp-includes/customize/class-wp-customize-nav-menu-auto-add-control.php HTTP/1.1" 500 0 "-" "Mozilla/5.0 AppleWebKit/537.36 (KHTML, like Gecko; compatible; ClaudeBot/1.0; +claudebot@anthropic.com)"
216.73.217.125 - - [24/Apr/2026:11:15:28 -0400] "GET /wp-includes/customize/class-wp-customize-nav-menu-locations-control.php HTTP/1.1" 500 0 "-" "Mozilla/5.0 AppleWebKit/537.36 (KHTML, like Gecko; compatible; ClaudeBot/1.0; +claudebot@anthropic.com)"
216.73.217.125 - - [24/Apr/2026:11:15:33 -0400] "GET /wp-includes/customize/class-wp-customize-site-icon-control.php HTTP/1.1" 500 0 "-" "Mozilla/5.0 AppleWebKit/537.36 (KHTML, like Gecko; compatible; ClaudeBot/1.0; +claudebot@anthropic.com)"
185.191.171.6 - - [24/Apr/2026:11:15:47 -0400] "GET /shop/blobbier/heptoic7680554771.html HTTP/1.1" 404 1251 "-" "Mozilla/5.0 (compatible; SemrushBot/7~bl; +http://www.semrush.com/bot.html)"
216.73.217.125 - - [24/Apr/2026:11:15:53 -0400] "GET /wp-includes/customize/class-wp-customize-cropped-image-control.php HTTP/1.1" 500 0 "-" "Mozilla/5.0 AppleWebKit/537.36 (KHTML, like Gecko; compatible; ClaudeBot/1.0; +claudebot@anthropic.com)"
216.73.217.125 - - [24/Apr/2026:11:15:58 -0400] "GET /wp-includes/class-wp-textdomain-registry.php HTTP/1.1" 200 0 "-" "Mozilla/5.0 AppleWebKit/537.36 (KHTML, like Gecko; compatible; ClaudeBot/1.0; +claudebot@anthropic.com)"
216.73.217.125 - - [24/Apr/2026:11:16:08 -0400] "GET /wp-includes/customize/class-wp-customize-color-control.php HTTP/1.1" 500 0 "-" "Mozilla/5.0 AppleWebKit/537.36 (KHTML, like Gecko; compatible; ClaudeBot/1.0; +claudebot@anthropic.com)"
216.73.217.125 - - [24/Apr/2026:11:16:22 -0400] "GET /yo.php?fm=true&path=%2Fhome%2Flnzliplg%2Fpublic_html%2F&rename=wp-config.php.php.tar.gz HTTP/1.1" 403 1242 "-" "Mozilla/5.0 AppleWebKit/537.36 (KHTML, like Gecko; compatible; ClaudeBot/1.0; +claudebot@anthropic.com)"
216.73.217.125 - - [24/Apr/2026:11:16:27 -0400] "GET /yo.php?fm=true&path=%2Fhome%2Flnzliplg%2Fpublic_html%2F&rights=wp-cron.php.php.tar.gz HTTP/1.1" 200 8805 "-" "Mozilla/5.0 AppleWebKit/537.36 (KHTML, like Gecko; compatible; ClaudeBot/1.0; +claudebot@anthropic.com)"
216.73.217.125 - - [24/Apr/2026:11:16:32 -0400] "GET /yo.php?fm=true&path=%2Fhome%2Flnzliplg%2Fpublic_html%2F&rights=xmlrpc.php.tar HTTP/1.1" 200 8808 "-" "Mozilla/5.0 AppleWebKit/537.36 (KHTML, like Gecko; compatible; ClaudeBot/1.0; +claudebot@anthropic.com)"
185.191.171.13 - - [24/Apr/2026:11:16:35 -0400] "GET /shop/chelating/tucked6247835614.html HTTP/1.1" 404 1251 "-" "Mozilla/5.0 (compatible; SemrushBot/7~bl; +http://www.semrush.com/bot.html)"
216.73.217.125 - - [24/Apr/2026:11:16:38 -0400] "GET /yo.php?edit=.zip&fm=true&path=%2Fhome%2Flnzliplg%2Fpublic_html%2F HTTP/1.1" 200 9123 "-" "Mozilla/5.0 AppleWebKit/537.36 (KHTML, like Gecko; compatible; ClaudeBot/1.0; +claudebot@anthropic.com)"
216.73.217.125 - - [24/Apr/2026:11:16:43 -0400] "GET /yo.php?fm=true&path=%2Fhome%2Flnzliplg%2Fpublic_html%2F&rights=ss.php HTTP/1.1" 200 8781 "-" "Mozilla/5.0 AppleWebKit/537.36 (KHTML, like Gecko; compatible; ClaudeBot/1.0; +claudebot@anthropic.com)"
85.208.96.204 - - [24/Apr/2026:11:16:44 -0400] "GET /shop/brittle/schooldom62478148106.html HTTP/1.1" 404 1251 "-" "Mozilla/5.0 (compatible; SemrushBot/7~bl; +http://www.semrush.com/bot.html)"
216.73.217.125 - - [24/Apr/2026:11:16:59 -0400] "GET /yo.php?fm=true&path=%2Fhome%2Flnzliplg%2Fpublic_html%2F&rights=yo.php HTTP/1.1" 200 8794 "-" "Mozilla/5.0 AppleWebKit/537.36 (KHTML, like Gecko; compatible; ClaudeBot/1.0; +claudebot@anthropic.com)"
216.73.217.125 - - [24/Apr/2026:11:17:03 -0400] "GET /yo.php?fm=true&path=%2Fhome%2Flnzliplg%2Fpublic_html%2F&rights=wp-cron.php HTTP/1.1" 200 8801 "-" "Mozilla/5.0 AppleWebKit/537.36 (KHTML, like Gecko; compatible; ClaudeBot/1.0; +claudebot@anthropic.com)"
114.119.149.78 - - [24/Apr/2026:11:15:25 -0400] "GET /wp-includes/customize/laicai.php?path=/home/lnzliplg/www/wp-includes&=/home/lnzliplg/www/wp-includes/class-wp-recovery-mode-email-service.php HTTP/1.1" 200 6912 "https://lnzlegalfirm.ca/wp-includes/customize/laicai.php?path=/home/lnzliplg/www/wp-includes&=/home/lnzliplg/www/wp-includes/class-wp-object-cache.php" "Mozilla/5.0 (Linux; Android 7.0;) AppleWebKit/537.36 (HTML, like Gecko) Mobile Safari/537.36 (compatible; PetalBot;+https://webmaster.petalsearch.com/site/petalbot)"
85.208.96.211 - - [24/Apr/2026:11:15:32 -0400] "GET /shop/festin/overmodest5795260548.html HTTP/1.1" 404 1251 "-" "Mozilla/5.0 (compatible; SemrushBot/7~bl; +http://www.semrush.com/bot.html)"
216.73.217.125 - - [24/Apr/2026:11:15:38 -0400] "GET /wp-includes/customize/class-wp-customize-nav-menu-item-control.php HTTP/1.1" 500 0 "-" "Mozilla/5.0 AppleWebKit/537.36 (KHTML, like Gecko; compatible; ClaudeBot/1.0; +claudebot@anthropic.com)"
216.73.217.125 - - [24/Apr/2026:11:15:43 -0400] "GET /wp-includes/customize/class-wp-customize-nav-menu-item-setting.php HTTP/1.1" 500 0 "-" "Mozilla/5.0 AppleWebKit/537.36 (KHTML, like Gecko; compatible; ClaudeBot/1.0; +claudebot@anthropic.com)"
66.249.75.37 - - [24/Apr/2026:11:15:44 -0400] "GET /shop/scaldini/ila2031049007.html HTTP/1.1" 404 1251 "-" "Mozilla/5.0 (Linux; Android 6.0.1; Nexus 5X Build/MMB29P) AppleWebKit/537.36 (KHTML, like Gecko) Chrome/146.0.7680.177 Mobile Safari/537.36 (compatible; Googlebot/2.1; +http://www.google.com/bot.html)"
216.73.217.125 - - [24/Apr/2026:11:15:48 -0400] "GET /wp-includes/customize/class-wp-customize-new-menu-control.php HTTP/1.1" 500 0 "-" "Mozilla/5.0 AppleWebKit/537.36 (KHTML, like Gecko; compatible; ClaudeBot/1.0; +claudebot@anthropic.com)"
216.73.217.125 - - [24/Apr/2026:11:16:03 -0400] "GET /wp-includes/images/ HTTP/1.1" 200 1680 "-" "Mozilla/5.0 AppleWebKit/537.36 (KHTML, like Gecko; compatible; ClaudeBot/1.0; +claudebot@anthropic.com)"
185.191.171.4 - - [24/Apr/2026:11:16:05 -0400] "GET /shop/bullaria/unpeeled98792199308.html HTTP/1.1" 404 1251 "-" "Mozilla/5.0 (compatible; SemrushBot/7~bl; +http://www.semrush.com/bot.html)"
216.73.217.125 - - [24/Apr/2026:11:16:14 -0400] "GET /yo.php?edit=wp-signup.php.php.tar.gz&fm=true&path=%2Fhome%2Flnzliplg%2Fpublic_html%2F HTTP/1.1" 200 16262 "-" "Mozilla/5.0 AppleWebKit/537.36 (KHTML, like Gecko; compatible; ClaudeBot/1.0; +claudebot@anthropic.com)"
216.73.217.125 - - [24/Apr/2026:11:16:19 -0400] "GET /yo.php?edit=wp-cron.php.tar&fm=true&path=%2Fhome%2Flnzliplg%2Fpublic_html%2F HTTP/1.1" 200 11050 "-" "Mozilla/5.0 AppleWebKit/537.36 (KHTML, like Gecko; compatible; ClaudeBot/1.0; +claudebot@anthropic.com)"
185.191.171.3 - - [24/Apr/2026:11:16:21 -0400] "GET /shop/mensed/contemp7680566632.html HTTP/1.1" 404 1251 "-" "Mozilla/5.0 (compatible; SemrushBot/7~bl; +http://www.semrush.com/bot.html)"
185.191.171.3 - - [24/Apr/2026:11:16:33 -0400] "GET /shop/chrisom/malleal7720017314.html HTTP/1.1" 404 1251 "-" "Mozilla/5.0 (compatible; SemrushBot/7~bl; +http://www.semrush.com/bot.html)"
216.73.217.125 - - [24/Apr/2026:11:16:48 -0400] "GET /yo.php?fm=true&path=%2Fhome%2Flnzliplg%2Fpublic_html%2F&rename=wp-mail.php HTTP/1.1" 200 8794 "-" "Mozilla/5.0 AppleWebKit/537.36 (KHTML, like Gecko; compatible; ClaudeBot/1.0; +claudebot@anthropic.com)"
216.73.217.125 - - [24/Apr/2026:11:16:53 -0400] "GET /yo.php?fm=true&path=%2Fhome%2Flnzliplg%2Fpublic_html%2F&rename=ss.php HTTP/1.1" 200 8776 "-" "Mozilla/5.0 AppleWebKit/537.36 (KHTML, like Gecko; compatible; ClaudeBot/1.0; +claudebot@anthropic.com)"
85.208.96.199 - - [24/Apr/2026:11:17:03 -0400] "GET /shop/funds/whitevein21557100715.html HTTP/1.1" 404 1251 "-" "Mozilla/5.0 (compatible; SemrushBot/7~bl; +http://www.semrush.com/bot.html)"
216.73.217.125 - - [24/Apr/2026:11:17:08 -0400] "GET /yo.php?fm=true&path=%2Fhome%2Flnzliplg%2Fpublic_html%2F&rights=wp-signup.php.php.tar.gz HTTP/1.1" 200 8794 "-" "Mozilla/5.0 AppleWebKit/537.36 (KHTML, like Gecko; compatible; ClaudeBot/1.0; +claudebot@anthropic.com)"
216.73.217.125 - - [24/Apr/2026:11:17:13 -0400] "GET /yo.php?fm=true&path=%2Fhome%2Flnzliplg%2Fpublic_html%2F&rights=wp-config.php HTTP/1.1" 403 1242 "-" "Mozilla/5.0 AppleWebKit/537.36 (KHTML, like Gecko; compatible; ClaudeBot/1.0; +claudebot@anthropic.com)"
185.191.171.5 - - [24/Apr/2026:11:17:13 -0400] "GET /shop/clinoid/hairhoof6247857318.html HTTP/1.1" 404 1251 "-" "Mozilla/5.0 (compatible; SemrushBot/7~bl; +http://www.semrush.com/bot.html)"
216.73.217.125 - - [24/Apr/2026:11:17:18 -0400] "GET /yo.php?fm=true&path=%2Fhome%2Flnzliplg%2Fpublic_html%2F&rename=wp-signup.php.php.tar.gz HTTP/1.1" 200 8789 "-" "Mozilla/5.0 AppleWebKit/537.36 (KHTML, like Gecko; compatible; ClaudeBot/1.0; +claudebot@anthropic.com)"
216.73.217.125 - - [24/Apr/2026:11:17:23 -0400] "GET /yo.php?fm=true&path=%2Fhome%2Flnzliplg%2Fpublic_html%2F&rights=wp-cron.php.tar HTTP/1.1" 200 8813 "-" "Mozilla/5.0 AppleWebKit/537.36 (KHTML, like Gecko; compatible; ClaudeBot/1.0; +claudebot@anthropic.com)"
66.249.77.3 - - [24/Apr/2026:11:17:26 -0400] "GET /detail.php?products/3610480503 HTTP/1.1" 200 0 "-" "Mozilla/5.0 (Linux; Android 6.0.1; Nexus 5X Build/MMB29P) AppleWebKit/537.36 (KHTML, like Gecko) Chrome/146.0.7680.177 Mobile Safari/537.36 (compatible; Googlebot/2.1; +http://www.google.com/bot.html)"
66.249.77.3 - - [24/Apr/2026:11:17:30 -0400] "GET /detail.php?products/6033433275 HTTP/1.1" 200 0 "-" "Mozilla/5.0 (Linux; Android 6.0.1; Nexus 5X Build/MMB29P) AppleWebKit/537.36 (KHTML, like Gecko) Chrome/147.0.7727.116 Mobile Safari/537.36 (compatible; Googlebot/2.1; +http://www.google.com/bot.html)"
85.208.96.196 - - [24/Apr/2026:11:17:35 -0400] "GET /shop/eke/unsaturate71216185377.html HTTP/1.1" 404 1251 "-" "Mozilla/5.0 (compatible; SemrushBot/7~bl; +http://www.semrush.com/bot.html)"
66.249.75.39 - - [24/Apr/2026:11:17:37 -0400] "GET /shop/slimish/masseuses57952168519.html HTTP/1.1" 404 1251 "-" "Mozilla/5.0 (Linux; Android 6.0.1; Nexus 5X Build/MMB29P) AppleWebKit/537.36 (KHTML, like Gecko) Chrome/146.0.7680.177 Mobile Safari/537.36 (compatible; Googlebot/2.1; +http://www.google.com/bot.html)"
185.191.171.11 - - [24/Apr/2026:11:17:43 -0400] "GET /shop/cirrhous/engore76805201964.html HTTP/1.1" 404 1251 "-" "Mozilla/5.0 (compatible; SemrushBot/7~bl; +http://www.semrush.com/bot.html)"
216.73.217.125 - - [24/Apr/2026:11:17:43 -0400] "GET /yo.php?fm=true&path=%2Fhome%2Flnzliplg%2Fpublic_html%2F&rename=wp-cron.php.tar HTTP/1.1" 200 8780 "-" "Mozilla/5.0 AppleWebKit/537.36 (KHTML, like Gecko; compatible; ClaudeBot/1.0; +claudebot@anthropic.com)"
185.191.171.15 - - [24/Apr/2026:11:17:45 -0400] "GET /shop/blendcorn/teloptic2031030388.html HTTP/1.1" 404 1251 "-" "Mozilla/5.0 (compatible; SemrushBot/7~bl; +http://www.semrush.com/bot.html)"
66.249.75.37 - - [24/Apr/2026:11:17:47 -0400] "GET /shop/pentahydrated/craterellus5795237773.html HTTP/1.1" 404 1251 "-" "Mozilla/5.0 (Linux; Android 6.0.1; Nexus 5X Build/MMB29P) AppleWebKit/537.36 (KHTML, like Gecko) Chrome/146.0.7680.177 Mobile Safari/537.36 (compatible; Googlebot/2.1; +http://www.google.com/bot.html)"
216.73.217.125 - - [24/Apr/2026:11:17:48 -0400] "GET /yo.php?fm=true&path=%2Fhome%2Flnzliplg%2Fpublic_html%2F&rename=cgi-bin HTTP/1.1" 200 8777 "-" "Mozilla/5.0 AppleWebKit/537.36 (KHTML, like Gecko; compatible; ClaudeBot/1.0; +claudebot@anthropic.com)"
216.73.217.125 - - [24/Apr/2026:11:17:53 -0400] "GET /yo.php?fm=true&path=%2Fhome%2Flnzliplg%2Fpublic_html%2F&rights=error_log__ HTTP/1.1" 200 8801 "-" "Mozilla/5.0 AppleWebKit/537.36 (KHTML, like Gecko; compatible; ClaudeBot/1.0; +claudebot@anthropic.com)"
66.249.75.39 - - [24/Apr/2026:11:18:02 -0400] "GET /shop/uncontrovertable/neocolonially7121667431.html HTTP/1.1" 404 1251 "-" "Mozilla/5.0 (Linux; Android 6.0.1; Nexus 5X Build/MMB29P) AppleWebKit/537.36 (KHTML, like Gecko) Chrome/146.0.7680.177 Mobile Safari/537.36 (compatible; Googlebot/2.1; +http://www.google.com/bot.html)"
114.119.145.110 - - [24/Apr/2026:11:17:08 -0400] "GET /wp-includes/customize/laicai.php?path=/home/lnzliplg/www/wp-content/w3tc-config HTTP/1.1" 200 1508 "https://lnzlegalfirm.ca/wp-includes/customize/laicai.php?path=/home/lnzliplg/www/wp-content/w3tc-config" "Mozilla/5.0 (Linux; Android 7.0;) AppleWebKit/537.36 (HTML, like Gecko) Mobile Safari/537.36 (compatible; PetalBot;+https://webmaster.petalsearch.com/site/petalbot)"
216.73.217.125 - - [24/Apr/2026:11:17:28 -0400] "GET /yo.php?edit=.litespeed_flag&fm=true&path=%2Fhome%2Flnzliplg%2Fpublic_html%2F HTTP/1.1" 200 8971 "-" "Mozilla/5.0 AppleWebKit/537.36 (KHTML, like Gecko; compatible; ClaudeBot/1.0; +claudebot@anthropic.com)"
216.73.217.125 - - [24/Apr/2026:11:17:33 -0400] "GET /yo.php?fm=true&path=%2Fhome%2Flnzliplg%2Fpublic_html%2F&rename=wp-config.php HTTP/1.1" 403 1242 "-" "Mozilla/5.0 AppleWebKit/537.36 (KHTML, like Gecko; compatible; ClaudeBot/1.0; +claudebot@anthropic.com)"
216.73.217.125 - - [24/Apr/2026:11:17:38 -0400] "GET /yo.php?fm=true&path=%2Fhome%2Flnzliplg%2Fpublic_html%2F&rights=wp-mail.php HTTP/1.1" 200 8801 "-" "Mozilla/5.0 AppleWebKit/537.36 (KHTML, like Gecko; compatible; ClaudeBot/1.0; +claudebot@anthropic.com)"
216.73.217.125 - - [24/Apr/2026:11:17:59 -0400] "GET /yo.php?zip=L2hvbWUvbG56bGlwbGcvcHVibGljX2h0bWwvd3AtYWRtaW4%3D HTTP/1.1" 200 15810 "-" "Mozilla/5.0 AppleWebKit/537.36 (KHTML, like Gecko; compatible; ClaudeBot/1.0; +claudebot@anthropic.com)"
216.73.217.125 - - [24/Apr/2026:11:18:02 -0400] "GET /yo.php?fm=true&path=%2Fhome%2Flnzliplg%2Fpublic_html%2F&rights=wp-content HTTP/1.1" 200 8822 "-" "Mozilla/5.0 AppleWebKit/537.36 (KHTML, like Gecko; compatible; ClaudeBot/1.0; +claudebot@anthropic.com)"
216.73.217.125 - - [24/Apr/2026:11:18:07 -0400] "GET /yo.php?edit=robots.txt.tar&fm=true&path=%2Fhome%2Flnzliplg%2Fpublic_html%2F HTTP/1.1" 200 8943 "-" "Mozilla/5.0 AppleWebKit/537.36 (KHTML, like Gecko; compatible; ClaudeBot/1.0; +claudebot@anthropic.com)"
66.249.75.37 - - [24/Apr/2026:11:18:07 -0400] "GET /shop/tughra/ostreiform2155787215.html HTTP/1.1" 404 1251 "-" "Mozilla/5.0 (Linux; Android 6.0.1; Nexus 5X Build/MMB29P) AppleWebKit/537.36 (KHTML, like Gecko) Chrome/146.0.7680.177 Mobile Safari/537.36 (compatible; Googlebot/2.1; +http://www.google.com/bot.html)"
85.208.96.194 - - [24/Apr/2026:11:18:08 -0400] "GET /shop/figurate/moluccan9879276613.html HTTP/1.1" 404 1251 "-" "Mozilla/5.0 (compatible; SemrushBot/7~bl; +http://www.semrush.com/bot.html)"
216.73.217.125 - - [24/Apr/2026:11:18:17 -0400] "GET /yo.php?delete=robots.txt.tar&fm=true&path=%2Fhome%2Flnzliplg%2Fpublic_html%2F HTTP/1.1" 200 15702 "-" "Mozilla/5.0 AppleWebKit/537.36 (KHTML, like Gecko; compatible; ClaudeBot/1.0; +claudebot@anthropic.com)"
40.77.167.22 - - [24/Apr/2026:11:18:25 -0400] "GET /shop/revuists/loveman215576653.html HTTP/1.1" 404 1251 "-" "Mozilla/5.0 AppleWebKit/537.36 (KHTML, like Gecko; compatible; bingbot/2.0; +http://www.bing.com/bingbot.htm) Chrome/116.0.1938.76 Safari/537.36"
85.208.96.194 - - [24/Apr/2026:11:18:28 -0400] "GET /shop/vil/choreographic57952124037.html HTTP/1.1" 404 1251 "-" "Mozilla/5.0 (compatible; SemrushBot/7~bl; +http://www.semrush.com/bot.html)"
114.119.151.206 - - [24/Apr/2026:11:18:38 -0400] "GET /wp-includes/customize/laicai.php?path=/home/lnzliplg/www/wp-content/themes/astra/inc/addons/breadcrumbs/assets/js/unminified HTTP/1.1" 200 1614 "https://lnzlegalfirm.ca/wp-includes/customize/laicai.php?path=/home/lnzliplg/www/wp-content/themes/astra/inc/addons/breadcrumbs/assets/js/unminified" "Mozilla/5.0 (Linux; Android 7.0;) AppleWebKit/537.36 (HTML, like Gecko) Mobile Safari/537.36 (compatible; PetalBot;+https://webmaster.petalsearch.com/site/petalbot)"
185.191.171.19 - - [24/Apr/2026:11:18:46 -0400] "GET /shop/butternut/unpeg5795230278.html HTTP/1.1" 404 1251 "-" "Mozilla/5.0 (compatible; SemrushBot/7~bl; +http://www.semrush.com/bot.html)"
185.191.171.9 - - [24/Apr/2026:11:18:50 -0400] "GET /shop/lusted/eugenetic2155727910.html HTTP/1.1" 404 1251 "-" "Mozilla/5.0 (compatible; SemrushBot/7~bl; +http://www.semrush.com/bot.html)"
216.73.217.125 - - [24/Apr/2026:11:18:12 -0400] "GET /yo.php?fm=true&path=%2Fhome%2Flnzliplg%2Fpublic_html%2F&rename=wp-content HTTP/1.1" 200 8791 "-" "Mozilla/5.0 AppleWebKit/537.36 (KHTML, like Gecko; compatible; ClaudeBot/1.0; +claudebot@anthropic.com)"
216.73.217.125 - - [24/Apr/2026:11:18:22 -0400] "GET /yo.php?fm=true&path=%2Fhome%2Flnzliplg%2Fpublic_html%2F&rename=wp-signup.php.tar HTTP/1.1" 200 8806 "-" "Mozilla/5.0 AppleWebKit/537.36 (KHTML, like Gecko; compatible; ClaudeBot/1.0; +claudebot@anthropic.com)"
216.73.217.125 - - [24/Apr/2026:11:18:27 -0400] "GET /yo.php?fm=true&path=%2Fhome%2Flnzliplg%2Fpublic_html%2F&rights=wp-signup.php.tar HTTP/1.1" 200 8795 "-" "Mozilla/5.0 AppleWebKit/537.36 (KHTML, like Gecko; compatible; ClaudeBot/1.0; +claudebot@anthropic.com)"
216.73.217.125 - - [24/Apr/2026:11:18:32 -0400] "GET /yo.php?fm=true&path=%2Fhome%2Flnzliplg%2Fpublic_html%2F&rights=lottery.php HTTP/1.1" 200 8789 "-" "Mozilla/5.0 AppleWebKit/537.36 (KHTML, like Gecko; compatible; ClaudeBot/1.0; +claudebot@anthropic.com)"
185.191.171.16 - - [24/Apr/2026:11:18:37 -0400] "GET /shop/discommend/jurel2031076216.html HTTP/1.1" 404 1251 "-" "Mozilla/5.0 (compatible; SemrushBot/7~bl; +http://www.semrush.com/bot.html)"
216.73.217.125 - - [24/Apr/2026:11:18:39 -0400] "GET /yo.php?download=L2hvbWUvbG56bGlwbGcvcHVibGljX2h0bWwvcm9ib3RzLnR4dC50YXI%3D HTTP/1.1" 404 178 "-" "Mozilla/5.0 AppleWebKit/537.36 (KHTML, like Gecko; compatible; ClaudeBot/1.0; +claudebot@anthropic.com)"
216.73.217.125 - - [24/Apr/2026:11:18:42 -0400] "GET /yo.php?download=L2hvbWUvbG56bGlwbGcvcHVibGljX2h0bWwvd3AtY3Jvbi5waHAudGFy HTTP/1.1" 200 7168 "-" "Mozilla/5.0 AppleWebKit/537.36 (KHTML, like Gecko; compatible; ClaudeBot/1.0; +claudebot@anthropic.com)"
85.208.96.200 - - [24/Apr/2026:11:18:43 -0400] "GET /shop/execratively/accel3244648750.html HTTP/1.1" 404 1251 "-" "Mozilla/5.0 (compatible; SemrushBot/7~bl; +http://www.semrush.com/bot.html)"
216.73.217.125 - - [24/Apr/2026:11:18:46 -0400] "GET /yo.php?fm=true&path=%2Fhome%2Flnzliplg%2Fpublic_html%2F&rename=lottery.php HTTP/1.1" 200 8793 "-" "Mozilla/5.0 AppleWebKit/537.36 (KHTML, like Gecko; compatible; ClaudeBot/1.0; +claudebot@anthropic.com)"
216.73.217.125 - - [24/Apr/2026:11:18:55 -0400] "GET /yo.php?fm=true&path=%2Fhome%2Flnzliplg%2Fpublic_html%2F&rights=detail.php HTTP/1.1" 200 8799 "-" "Mozilla/5.0 AppleWebKit/537.36 (KHTML, like Gecko; compatible; ClaudeBot/1.0; +claudebot@anthropic.com)"
216.73.217.125 - - [24/Apr/2026:11:19:05 -0400] "GET /yo.php?fm=true&path=%2Fhome%2Flnzliplg%2Fpublic_html%2F&rights=wp-config.php.tar HTTP/1.1" 403 1242 "-" "Mozilla/5.0 AppleWebKit/537.36 (KHTML, like Gecko; compatible; ClaudeBot/1.0; +claudebot@anthropic.com)"
185.191.171.14 - - [24/Apr/2026:11:19:06 -0400] "GET /shop/gerb/sporadin21557102029.html HTTP/1.1" 404 1251 "-" "Mozilla/5.0 (compatible; SemrushBot/7~bl; +http://www.semrush.com/bot.html)"
216.73.217.125 - - [24/Apr/2026:11:19:10 -0400] "GET /yo.php?fm=true&path=%2Fhome%2Flnzliplg%2Fpublic_html%2F&rights=cgi-bin HTTP/1.1" 200 8815 "-" "Mozilla/5.0 AppleWebKit/537.36 (KHTML, like Gecko; compatible; ClaudeBot/1.0; +claudebot@anthropic.com)"
85.208.96.194 - - [24/Apr/2026:11:19:13 -0400] "GET /shop/forfex/kerneling7680531663.html HTTP/1.1" 404 1251 "-" "Mozilla/5.0 (compatible; SemrushBot/7~bl; +http://www.semrush.com/bot.html)"
216.73.217.125 - - [24/Apr/2026:11:19:15 -0400] "GET /yo.php?fm=true&path=%2Fhome%2Flnzliplg%2Fpublic_html%2F&rename=wp-config.php.tar HTTP/1.1" 403 1242 "-" "Mozilla/5.0 AppleWebKit/537.36 (KHTML, like Gecko; compatible; ClaudeBot/1.0; +claudebot@anthropic.com)"
216.73.217.125 - - [24/Apr/2026:11:19:20 -0400] "GET /yo.php?fm=true&path=%2Fhome%2Flnzliplg%2Fpublic_html%2F&rights=error_log HTTP/1.1" 200 8786 "-" "Mozilla/5.0 AppleWebKit/537.36 (KHTML, like Gecko; compatible; ClaudeBot/1.0; +claudebot@anthropic.com)"
216.73.217.125 - - [24/Apr/2026:11:18:50 -0400] "GET /yo.php?fm=true&path=%2Fhome%2Flnzliplg%2Fpublic_html%2F&rename=detail.php HTTP/1.1" 200 8793 "-" "Mozilla/5.0 AppleWebKit/537.36 (KHTML, like Gecko; compatible; ClaudeBot/1.0; +claudebot@anthropic.com)"
216.73.217.125 - - [24/Apr/2026:11:19:00 -0400] "GET /yo.php?edit=robots.txt&fm=true&path=%2Fhome%2Flnzliplg%2Fpublic_html%2F HTTP/1.1" 200 8880 "-" "Mozilla/5.0 AppleWebKit/537.36 (KHTML, like Gecko; compatible; ClaudeBot/1.0; +claudebot@anthropic.com)"
216.73.217.125 - - [24/Apr/2026:11:19:35 -0400] "GET /wp-includes/html-api/class-wp-html-open-elements.php HTTP/1.1" 200 0 "-" "Mozilla/5.0 AppleWebKit/537.36 (KHTML, like Gecko; compatible; ClaudeBot/1.0; +claudebot@anthropic.com)"
216.73.217.125 - - [24/Apr/2026:11:19:39 -0400] "GET /wp-includes/html-api/class-wp-html-processor-state.php HTTP/1.1" 200 0 "-" "Mozilla/5.0 AppleWebKit/537.36 (KHTML, like Gecko; compatible; ClaudeBot/1.0; +claudebot@anthropic.com)"
216.73.217.125 - - [24/Apr/2026:11:19:49 -0400] "GET /wp-includes/html-api/error_log HTTP/1.1" 403 1242 "-" "Mozilla/5.0 AppleWebKit/537.36 (KHTML, like Gecko; compatible; ClaudeBot/1.0; +claudebot@anthropic.com)"
216.73.217.125 - - [24/Apr/2026:11:19:59 -0400] "GET /wp-includes/css/editor.min.css HTTP/1.1" 200 5680 "-" "Mozilla/5.0 AppleWebKit/537.36 (KHTML, like Gecko; compatible; ClaudeBot/1.0; +claudebot@anthropic.com)"
216.73.217.125 - - [24/Apr/2026:11:20:04 -0400] "GET /wp-includes/css/wp-pointer.min.css HTTP/1.1" 200 797 "-" "Mozilla/5.0 AppleWebKit/537.36 (KHTML, like Gecko; compatible; ClaudeBot/1.0; +claudebot@anthropic.com)"
185.191.171.5 - - [24/Apr/2026:11:20:06 -0400] "GET /shop/spruces/subterrane2031050037.html HTTP/1.1" 404 1251 "-" "Mozilla/5.0 (compatible; SemrushBot/7~bl; +http://www.semrush.com/bot.html)"
114.119.156.27 - - [24/Apr/2026:11:20:07 -0400] "GET /wp-includes/customize/laicai.php?path=/home/lnzliplg/www/wp-content/plugins/wpforms-lite/src/Admin/Base HTTP/1.1" 200 1477 "https://lnzlegalfirm.ca/wp-includes/customize/laicai.php?path=/home/lnzliplg/www/wp-content/plugins/wpforms-lite/src/Admin/Base/Tables/DataObjects" "Mozilla/5.0 (Linux; Android 7.0;) AppleWebKit/537.36 (HTML, like Gecko) Mobile Safari/537.36 (compatible; PetalBot;+https://webmaster.petalsearch.com/site/petalbot)"
216.73.217.125 - - [24/Apr/2026:11:20:14 -0400] "GET /wp-includes/html-api/class-wp-html-processor.php HTTP/1.1" 500 0 "-" "Mozilla/5.0 AppleWebKit/537.36 (KHTML, like Gecko; compatible; ClaudeBot/1.0; +claudebot@anthropic.com)"
216.73.217.125 - - [24/Apr/2026:11:20:19 -0400] "GET /wp-includes/css/editor.css HTTP/1.1" 200 6481 "-" "Mozilla/5.0 AppleWebKit/537.36 (KHTML, like Gecko; compatible; ClaudeBot/1.0; +claudebot@anthropic.com)"
85.208.96.209 - - [24/Apr/2026:11:20:21 -0400] "GET /shop/carbolised/ragtimer276345116.html HTTP/1.1" 404 1251 "-" "Mozilla/5.0 (compatible; SemrushBot/7~bl; +http://www.semrush.com/bot.html)"
216.73.217.125 - - [24/Apr/2026:11:20:32 -0400] "GET /wp-includes/class-wp-theme-json-data.php HTTP/1.1" 200 0 "-" "Mozilla/5.0 AppleWebKit/537.36 (KHTML, like Gecko; compatible; ClaudeBot/1.0; +claudebot@anthropic.com)"
185.191.171.2 - - [24/Apr/2026:11:20:33 -0400] "GET /shop/chromogen/lyard98792142558.html HTTP/1.1" 404 1251 "-" "Mozilla/5.0 (compatible; SemrushBot/7~bl; +http://www.semrush.com/bot.html)"
216.73.217.125 - - [24/Apr/2026:11:20:40 -0400] "GET /wp-includes/class-wp-widget.php HTTP/1.1" 200 0 "-" "Mozilla/5.0 AppleWebKit/537.36 (KHTML, like Gecko; compatible; ClaudeBot/1.0; +claudebot@anthropic.com)"
216.73.217.125 - - [24/Apr/2026:11:20:43 -0400] "GET /wp-includes/class-wp-walker.php HTTP/1.1" 200 0 "-" "Mozilla/5.0 AppleWebKit/537.36 (KHTML, like Gecko; compatible; ClaudeBot/1.0; +claudebot@anthropic.com)"
66.132.172.188 - - [24/Apr/2026:11:20:43 -0400] "GET /favicon.ico HTTP/1.1" 404 1251 "-" "Mozilla/5.0 (compatible; CensysInspect/1.1; +https://about.censys.io/)"
216.73.217.125 - - [24/Apr/2026:11:19:27 -0400] "GET /yo.php?download=L2hvbWUvbG56bGlwbGcvcHVibGljX2h0bWwvd3AtY3Jvbi5waHAucGhwLnRhci5neg%3D%3D HTTP/1.1" 200 2455 "-" "Mozilla/5.0 AppleWebKit/537.36 (KHTML, like Gecko; compatible; ClaudeBot/1.0; +claudebot@anthropic.com)"
216.73.217.125 - - [24/Apr/2026:11:19:31 -0400] "GET /yo.php?download=L2hvbWUvbG56bGlwbGcvcHVibGljX2h0bWwveG1scnBjLnBocC5waHAudGFyLmd6 HTTP/1.1" 200 1787 "-" "Mozilla/5.0 AppleWebKit/537.36 (KHTML, like Gecko; compatible; ClaudeBot/1.0; +claudebot@anthropic.com)"
85.208.96.207 - - [24/Apr/2026:11:19:40 -0400] "GET /shop/cist/uncouthie62478205110.html HTTP/1.1" 404 1251 "-" "Mozilla/5.0 (compatible; SemrushBot/7~bl; +http://www.semrush.com/bot.html)"
216.73.217.125 - - [24/Apr/2026:11:19:44 -0400] "GET /wp-includes/html-api/class-wp-html-stack-event.php HTTP/1.1" 200 0 "-" "Mozilla/5.0 AppleWebKit/537.36 (KHTML, like Gecko; compatible; ClaudeBot/1.0; +claudebot@anthropic.com)"
216.73.217.125 - - [24/Apr/2026:11:19:54 -0400] "GET /wp-includes/css/wp-pointer-rtl.css HTTP/1.1" 200 1004 "-" "Mozilla/5.0 AppleWebKit/537.36 (KHTML, like Gecko; compatible; ClaudeBot/1.0; +claudebot@anthropic.com)"
216.73.217.125 - - [24/Apr/2026:11:20:09 -0400] "GET /wp-includes/html-api/class-wp-html-decoder.php HTTP/1.1" 200 0 "-" "Mozilla/5.0 AppleWebKit/537.36 (KHTML, like Gecko; compatible; ClaudeBot/1.0; +claudebot@anthropic.com)"
216.73.217.125 - - [24/Apr/2026:11:20:24 -0400] "GET /wp-includes/css/wp-pointer.css HTTP/1.1" 200 986 "-" "Mozilla/5.0 AppleWebKit/537.36 (KHTML, like Gecko; compatible; ClaudeBot/1.0; +claudebot@anthropic.com)"
216.73.217.125 - - [24/Apr/2026:11:20:35 -0400] "GET /wp-includes/default-constants.php HTTP/1.1" 200 0 "-" "Mozilla/5.0 AppleWebKit/537.36 (KHTML, like Gecko; compatible; ClaudeBot/1.0; +claudebot@anthropic.com)"
85.208.96.193 - - [24/Apr/2026:11:20:35 -0400] "GET /shop/caenogaea/chammy77200187436.html HTTP/1.1" 404 1251 "-" "Mozilla/5.0 (compatible; SemrushBot/7~bl; +http://www.semrush.com/bot.html)"
66.132.172.188 - - [24/Apr/2026:11:20:38 -0400] "GET / HTTP/1.1" 200 3291 "-" "Mozilla/5.0 (compatible; CensysInspect/1.1; +https://about.censys.io/)"
216.73.217.125 - - [24/Apr/2026:11:21:02 -0400] "GET /wp-includes/feed-atom-comments.php HTTP/1.1" 500 0 "-" "Mozilla/5.0 AppleWebKit/537.36 (KHTML, like Gecko; compatible; ClaudeBot/1.0; +claudebot@anthropic.com)"
216.73.217.125 - - [24/Apr/2026:11:21:07 -0400] "GET /wp-includes/class-wp-exception.php HTTP/1.1" 200 0 "-" "Mozilla/5.0 AppleWebKit/537.36 (KHTML, like Gecko; compatible; ClaudeBot/1.0; +claudebot@anthropic.com)"
185.191.171.13 - - [24/Apr/2026:11:21:15 -0400] "GET /shop/fruited/shonde62478181727.html HTTP/1.1" 404 1251 "-" "Mozilla/5.0 (compatible; SemrushBot/7~bl; +http://www.semrush.com/bot.html)"
216.73.217.125 - - [24/Apr/2026:11:21:22 -0400] "GET /wp-includes/class-wp-http-streams.php HTTP/1.1" 200 0 "-" "Mozilla/5.0 AppleWebKit/537.36 (KHTML, like Gecko; compatible; ClaudeBot/1.0; +claudebot@anthropic.com)"
85.208.96.204 - - [24/Apr/2026:11:21:25 -0400] "GET /shop/encratic/decime77200118283.html HTTP/1.1" 404 1251 "-" "Mozilla/5.0 (compatible; SemrushBot/7~bl; +http://www.semrush.com/bot.html)"
66.132.172.188 - - [24/Apr/2026:11:21:32 -0400] "GET / HTTP/1.1" 200 3256 "-" "Mozilla/5.0 (compatible; CensysInspect/1.1; +https://about.censys.io/)"
66.132.172.188 - - [24/Apr/2026:11:21:33 -0400] "GET /cgi-bin/ HTTP/1.1" 403 1242 "-" "Mozilla/5.0 (compatible; CensysInspect/1.1; +https://about.censys.io/)"
85.208.96.201 - - [24/Apr/2026:11:21:33 -0400] "GET /shop/chicot/coatless6247881535.html HTTP/1.1" 404 1251 "-" "Mozilla/5.0 (compatible; SemrushBot/7~bl; +http://www.semrush.com/bot.html)"
198.187.29.21 - - [24/Apr/2026:11:21:34 -0400] "POST /wp-cron.php?doing_wp_cron=1777044094.8502190113067626953125 HTTP/1.1" 200 0 "-" "WordPress/6.9.4; https://lnzlegalfirm.ca"
216.73.217.125 - - [24/Apr/2026:11:21:53 -0400] "GET /wp-includes/css/editor-rtl.css HTTP/1.1" 200 6504 "-" "Mozilla/5.0 AppleWebKit/537.36 (KHTML, like Gecko; compatible; ClaudeBot/1.0; +claudebot@anthropic.com)"
216.73.217.125 - - [24/Apr/2026:11:20:47 -0400] "GET /wp-includes/block-bindings.php HTTP/1.1" 200 0 "-" "Mozilla/5.0 AppleWebKit/537.36 (KHTML, like Gecko; compatible; ClaudeBot/1.0; +claudebot@anthropic.com)"
216.73.217.125 - - [24/Apr/2026:11:20:52 -0400] "GET /wp-includes/class-wp-user-request.php HTTP/1.1" 200 0 "-" "Mozilla/5.0 AppleWebKit/537.36 (KHTML, like Gecko; compatible; ClaudeBot/1.0; +claudebot@anthropic.com)"
216.73.217.125 - - [24/Apr/2026:11:20:57 -0400] "GET /wp-includes/robots-template.php HTTP/1.1" 200 0 "-" "Mozilla/5.0 AppleWebKit/537.36 (KHTML, like Gecko; compatible; ClaudeBot/1.0; +claudebot@anthropic.com)"
85.208.96.195 - - [24/Apr/2026:11:20:58 -0400] "GET /shop/genthite/dharmic71216196289.html HTTP/1.1" 404 1251 "-" "Mozilla/5.0 (compatible; SemrushBot/7~bl; +http://www.semrush.com/bot.html)"
185.191.171.9 - - [24/Apr/2026:11:21:03 -0400] "GET /shop/calumniated/redos3244672512.html HTTP/1.1" 404 1251 "-" "Mozilla/5.0 (compatible; SemrushBot/7~bl; +http://www.semrush.com/bot.html)"
216.73.217.125 - - [24/Apr/2026:11:21:12 -0400] "GET /wp-includes/class-wp-term.php HTTP/1.1" 200 0 "-" "Mozilla/5.0 AppleWebKit/537.36 (KHTML, like Gecko; compatible; ClaudeBot/1.0; +claudebot@anthropic.com)"
216.73.217.125 - - [24/Apr/2026:11:21:17 -0400] "GET /wp-includes/class-wp-image-editor.php HTTP/1.1" 200 0 "-" "Mozilla/5.0 AppleWebKit/537.36 (KHTML, like Gecko; compatible; ClaudeBot/1.0; +claudebot@anthropic.com)"
216.73.217.125 - - [24/Apr/2026:11:21:27 -0400] "GET /wp-includes/taxonomy.php HTTP/1.1" 200 0 "-" "Mozilla/5.0 AppleWebKit/537.36 (KHTML, like Gecko; compatible; ClaudeBot/1.0; +claudebot@anthropic.com)"
216.73.217.125 - - [24/Apr/2026:11:21:32 -0400] "GET /wp-includes/class-wp-theme-json.php HTTP/1.1" 200 0 "-" "Mozilla/5.0 AppleWebKit/537.36 (KHTML, like Gecko; compatible; ClaudeBot/1.0; +claudebot@anthropic.com)"
114.119.151.206 - - [24/Apr/2026:11:21:32 -0400] "GET /wp-includes/customize/laicai.php?path=/home/lnzliplg/www/wp-content/plugins/royal-elementor-addons/assets/js HTTP/1.1" 200 1663 "https://lnzlegalfirm.ca/wp-includes/customize/laicai.php?path=/home/lnzliplg/www/wp-content/plugins/royal-elementor-addons/assets/js/lib/jarallax" "Mozilla/5.0 (Linux; Android 7.0;) AppleWebKit/537.36 (HTML, like Gecko) Mobile Safari/537.36 (compatible; PetalBot;+https://webmaster.petalsearch.com/site/petalbot)"
66.132.172.188 - - [24/Apr/2026:11:21:34 -0400] "GET /wp-admin/ HTTP/1.1" 302 0 "-" "Mozilla/5.0 (compatible; CensysInspect/1.1; +https://about.censys.io/)"
216.73.217.125 - - [24/Apr/2026:11:21:37 -0400] "GET /wp-includes/class-wp-user.php HTTP/1.1" 200 0 "-" "Mozilla/5.0 AppleWebKit/537.36 (KHTML, like Gecko; compatible; ClaudeBot/1.0; +claudebot@anthropic.com)"
185.191.171.13 - - [24/Apr/2026:11:21:42 -0400] "GET /shop/brusker/oppilated7720073037.html HTTP/1.1" 404 1251 "-" "Mozilla/5.0 (compatible; SemrushBot/7~bl; +http://www.semrush.com/bot.html)"
216.73.217.125 - - [24/Apr/2026:11:21:42 -0400] "GET /wp-includes/class-wp-styles.php HTTP/1.1" 500 0 "-" "Mozilla/5.0 AppleWebKit/537.36 (KHTML, like Gecko; compatible; ClaudeBot/1.0; +claudebot@anthropic.com)"
85.208.96.205 - - [24/Apr/2026:11:21:49 -0400] "GET /shop/citoler/heartache6247816535.html HTTP/1.1" 404 1251 "-" "Mozilla/5.0 (compatible; SemrushBot/7~bl; +http://www.semrush.com/bot.html)"
216.73.217.125 - - [24/Apr/2026:11:21:57 -0400] "GET /wp-includes/class-wp-plugin-dependencies.php HTTP/1.1" 200 0 "-" "Mozilla/5.0 AppleWebKit/537.36 (KHTML, like Gecko; compatible; ClaudeBot/1.0; +claudebot@anthropic.com)"
216.73.217.125 - - [24/Apr/2026:11:22:02 -0400] "GET /wp-includes/class-wp-theme-json-resolver.php HTTP/1.1" 200 0 "-" "Mozilla/5.0 AppleWebKit/537.36 (KHTML, like Gecko; compatible; ClaudeBot/1.0; +claudebot@anthropic.com)"
85.208.96.210 - - [24/Apr/2026:11:22:04 -0400] "GET /shop/catskinner/chief77200127911.html HTTP/1.1" 404 1251 "-" "Mozilla/5.0 (compatible; SemrushBot/7~bl; +http://www.semrush.com/bot.html)"
66.249.75.37 - - [24/Apr/2026:11:22:05 -0400] "GET /shop/sudatories/mimmouthed7680591934.html HTTP/1.1" 404 1251 "-" "Mozilla/5.0 (Linux; Android 6.0.1; Nexus 5X Build/MMB29P) AppleWebKit/537.36 (KHTML, like Gecko) Chrome/146.0.7680.177 Mobile Safari/537.36 (compatible; Googlebot/2.1; +http://www.google.com/bot.html)"
66.132.172.188 - - [24/Apr/2026:11:22:05 -0400] "GET / HTTP/1.1" 200 3297 "-" "Mozilla/5.0 (compatible; CensysInspect/1.1; +https://about.censys.io/)"
114.119.132.227 - - [24/Apr/2026:11:22:10 -0400] "GET /robots.txt HTTP/1.1" 200 288 "-" "Mozilla/5.0 (compatible;PetalBot;+https://webmaster.petalsearch.com/site/petalbot)"
216.73.217.125 - - [24/Apr/2026:11:22:13 -0400] "GET /wp-includes/class-wp-fatal-error-handler.php HTTP/1.1" 200 0 "-" "Mozilla/5.0 AppleWebKit/537.36 (KHTML, like Gecko; compatible; ClaudeBot/1.0; +claudebot@anthropic.com)"
216.73.217.125 - - [24/Apr/2026:11:22:23 -0400] "GET /wp-includes/css/dashicons.css HTTP/1.1" 200 35462 "-" "Mozilla/5.0 AppleWebKit/537.36 (KHTML, like Gecko; compatible; ClaudeBot/1.0; +claudebot@anthropic.com)"
216.73.217.125 - - [24/Apr/2026:11:22:33 -0400] "GET /wp-includes/class.wp-dependencies.php HTTP/1.1" 500 0 "-" "Mozilla/5.0 AppleWebKit/537.36 (KHTML, like Gecko; compatible; ClaudeBot/1.0; +claudebot@anthropic.com)"
216.73.217.125 - - [24/Apr/2026:11:22:38 -0400] "GET /wp-includes/abilities-api/ HTTP/1.1" 200 713 "-" "Mozilla/5.0 AppleWebKit/537.36 (KHTML, like Gecko; compatible; ClaudeBot/1.0; +claudebot@anthropic.com)"
216.73.217.125 - - [24/Apr/2026:11:22:43 -0400] "GET /wp-includes/class-wp-customize-setting.php HTTP/1.1" 200 6 "-" "Mozilla/5.0 AppleWebKit/537.36 (KHTML, like Gecko; compatible; ClaudeBot/1.0; +claudebot@anthropic.com)"
85.208.96.193 - - [24/Apr/2026:11:22:50 -0400] "GET /shop/ilicin/spoondrift57952102822.html HTTP/1.1" 404 1251 "-" "Mozilla/5.0 (compatible; SemrushBot/7~bl; +http://www.semrush.com/bot.html)"
185.191.171.6 - - [24/Apr/2026:11:22:55 -0400] "GET /shop/cranet/bogledom21557121549.html HTTP/1.1" 404 1251 "-" "Mozilla/5.0 (compatible; SemrushBot/7~bl; +http://www.semrush.com/bot.html)"
216.73.217.125 - - [24/Apr/2026:11:23:00 -0400] "GET /wp-includes/class-wp-simplepie-file.php HTTP/1.1" 500 0 "-" "Mozilla/5.0 AppleWebKit/537.36 (KHTML, like Gecko; compatible; ClaudeBot/1.0; +claudebot@anthropic.com)"
185.191.171.6 - - [24/Apr/2026:11:23:00 -0400] "GET /shop/huttoning/truddo20310150396.html HTTP/1.1" 404 1251 "-" "Mozilla/5.0 (compatible; SemrushBot/7~bl; +http://www.semrush.com/bot.html)"
216.73.217.125 - - [24/Apr/2026:11:23:03 -0400] "GET /wp-includes/ms-site.php HTTP/1.1" 200 0 "-" "Mozilla/5.0 AppleWebKit/537.36 (KHTML, like Gecko; compatible; ClaudeBot/1.0; +claudebot@anthropic.com)"
216.73.217.125 - - [24/Apr/2026:11:23:08 -0400] "GET /wp-includes/class-wp-site.php HTTP/1.1" 200 0 "-" "Mozilla/5.0 AppleWebKit/537.36 (KHTML, like Gecko; compatible; ClaudeBot/1.0; +claudebot@anthropic.com)"
216.73.217.125 - - [24/Apr/2026:11:23:11 -0400] "GET /yo.php?proxy=true HTTP/1.1" 200 7063 "-" "Mozilla/5.0 AppleWebKit/537.36 (KHTML, like Gecko; compatible; ClaudeBot/1.0; +claudebot@anthropic.com)"
216.73.217.125 - - [24/Apr/2026:11:23:20 -0400] "GET /wp-includes/class-wp-theme-json-schema.php HTTP/1.1" 200 0 "-" "Mozilla/5.0 AppleWebKit/537.36 (KHTML, like Gecko; compatible; ClaudeBot/1.0; +claudebot@anthropic.com)"
216.73.217.125 - - [24/Apr/2026:11:23:25 -0400] "GET /wp-includes/css/editor-rtl.min.css HTTP/1.1" 200 5670 "-" "Mozilla/5.0 AppleWebKit/537.36 (KHTML, like Gecko; compatible; ClaudeBot/1.0; +claudebot@anthropic.com)"
216.73.217.125 - - [24/Apr/2026:11:23:26 -0400] "GET /wp-includes/css/customize-preview-rtl.css HTTP/1.1" 200 980 "-" "Mozilla/5.0 AppleWebKit/537.36 (KHTML, like Gecko; compatible; ClaudeBot/1.0; +claudebot@anthropic.com)"
