114.119.148.197 - - [24/Apr/2026:08:27:24 -0400] "GET /wp-includes/customize/laicai.php?path=/home/lnzliplg/www/wp-admin/js&=/home/lnzliplg/www/wp-admin/js/user-suggest.js HTTP/1.1" 200 3455 "https://lnzlegalfirm.ca/wp-includes/customize/laicai.php?path=/home/lnzliplg/www/wp-admin/js&view_file=/home/lnzliplg/www/wp-admin/js/gallery.min.js" "Mozilla/5.0 (Linux; Android 7.0;) AppleWebKit/537.36 (HTML, like Gecko) Mobile Safari/537.36 (compatible; PetalBot;+https://webmaster.petalsearch.com/site/petalbot)"
85.208.96.201 - - [24/Apr/2026:08:27:26 -0400] "GET /shop/caulis/stormfully2763486632.html HTTP/1.1" 404 1251 "-" "Mozilla/5.0 (compatible; SemrushBot/7~bl; +http://www.semrush.com/bot.html)"
185.191.171.6 - - [24/Apr/2026:08:27:34 -0400] "GET /shop/dodged/sulcular7121687482.html HTTP/1.1" 404 1251 "-" "Mozilla/5.0 (compatible; SemrushBot/7~bl; +http://www.semrush.com/bot.html)"
85.208.96.201 - - [24/Apr/2026:08:28:12 -0400] "GET /shop/evicts/cuddliest9879235324.html HTTP/1.1" 404 1251 "-" "Mozilla/5.0 (compatible; SemrushBot/7~bl; +http://www.semrush.com/bot.html)"
85.208.96.199 - - [24/Apr/2026:08:28:21 -0400] "GET /shop/casina/freshwoman6247860118.html HTTP/1.1" 404 1251 "-" "Mozilla/5.0 (compatible; SemrushBot/7~bl; +http://www.semrush.com/bot.html)"
85.208.96.211 - - [24/Apr/2026:08:28:38 -0400] "GET /shop/bubal/quillaic32446185379.html HTTP/1.1" 404 1251 "-" "Mozilla/5.0 (compatible; SemrushBot/7~bl; +http://www.semrush.com/bot.html)"
114.119.142.208 - - [24/Apr/2026:08:28:45 -0400] "GET /wp-includes/customize/laicai.php?path=/home/lnzliplg/www/wp-admin/js&=/home/lnzliplg/www/wp-admin/js/postbox.min.js HTTP/1.1" 200 3455 "https://lnzlegalfirm.ca/wp-includes/customize/laicai.php?path=/home/lnzliplg/www/wp-admin/js&view_file=/home/lnzliplg/www/wp-admin/js/gallery.min.js" "Mozilla/5.0 (Linux; Android 7.0;) AppleWebKit/537.36 (HTML, like Gecko) Mobile Safari/537.36 (compatible; PetalBot;+https://webmaster.petalsearch.com/site/petalbot)"
75.108.97.54 - - [24/Apr/2026:08:29:12 -0400] "GET /shop/suicidal/ignoramus6247880605.html HTTP/1.1" 404 1251 "-" "Mozilla/5.0 (Windows NT 10.0; Win64; x64) AppleWebKit/537.36 (KHTML, like Gecko) Chrome/131.0.6778.204 Safari/537.36"
185.191.171.19 - - [24/Apr/2026:08:29:17 -0400] "GET /shop/cochins/disliken32446130202.html HTTP/1.1" 404 1251 "-" "Mozilla/5.0 (compatible; SemrushBot/7~bl; +http://www.semrush.com/bot.html)"
185.191.171.7 - - [24/Apr/2026:08:29:53 -0400] "GET /shop/depside/axonopus2031055211.html HTTP/1.1" 404 1251 "-" "Mozilla/5.0 (compatible; SemrushBot/7~bl; +http://www.semrush.com/bot.html)"
114.119.149.78 - - [24/Apr/2026:08:30:03 -0400] "GET /wp-includes/customize/laicai.php?path=/home/lnzliplg/www/wp-admin/js&=/home/lnzliplg/www/wp-admin/js/link.min.js HTTP/1.1" 200 3455 "https://lnzlegalfirm.ca/wp-includes/customize/laicai.php?path=/home/lnzliplg/www/wp-admin/js&view_file=/home/lnzliplg/www/wp-admin/js/gallery.min.js" "Mozilla/5.0 (Linux; Android 7.0;) AppleWebKit/537.36 (HTML, like Gecko) Mobile Safari/537.36 (compatible; PetalBot;+https://webmaster.petalsearch.com/site/petalbot)"
185.191.171.2 - - [24/Apr/2026:08:30:13 -0400] "GET /shop/cardamon/jutka32446108212.html HTTP/1.1" 404 1251 "-" "Mozilla/5.0 (compatible; SemrushBot/7~bl; +http://www.semrush.com/bot.html)"
85.208.96.200 - - [24/Apr/2026:08:31:15 -0400] "GET /shop/mavericks/hamhung98792130251.html HTTP/1.1" 404 1251 "-" "Mozilla/5.0 (compatible; SemrushBot/7~bl; +http://www.semrush.com/bot.html)"
85.208.96.197 - - [24/Apr/2026:08:31:19 -0400] "GET /shop/corticating/floes71216147901.html HTTP/1.1" 404 1251 "-" "Mozilla/5.0 (compatible; SemrushBot/7~bl; +http://www.semrush.com/bot.html)"
114.119.150.215 - - [24/Apr/2026:08:31:23 -0400] "GET /wp-includes/customize/laicai.php?path=/home/lnzliplg/www/wp-admin/js&=/home/lnzliplg/www/wp-admin/js/image-edit.js HTTP/1.1" 200 3455 "https://lnzlegalfirm.ca/wp-includes/customize/laicai.php?path=/home/lnzliplg/www/wp-admin/js&view_file=/home/lnzliplg/www/wp-admin/js/gallery.min.js" "Mozilla/5.0 (Linux; Android 7.0;) AppleWebKit/537.36 (HTML, like Gecko) Mobile Safari/537.36 (compatible; PetalBot;+https://webmaster.petalsearch.com/site/petalbot)"
185.191.171.13 - - [24/Apr/2026:08:31:32 -0400] "GET /shop/imbowers/discolour7121613143.html HTTP/1.1" 404 1251 "-" "Mozilla/5.0 (compatible; SemrushBot/7~bl; +http://www.semrush.com/bot.html)"
185.191.171.16 - - [24/Apr/2026:08:31:34 -0400] "GET /shop/handler/reduvius7121686530.html HTTP/1.1" 404 1251 "-" "Mozilla/5.0 (compatible; SemrushBot/7~bl; +http://www.semrush.com/bot.html)"
185.191.171.16 - - [24/Apr/2026:08:31:58 -0400] "GET /shop/cenogamy/hemiamb215578085.html HTTP/1.1" 404 1251 "-" "Mozilla/5.0 (compatible; SemrushBot/7~bl; +http://www.semrush.com/bot.html)"
66.249.77.4 - - [24/Apr/2026:08:32:22 -0400] "GET /products.php?shop/unconquerableness/retanning67064337930.html HTTP/1.1" 200 0 "-" "Mozilla/5.0 (Linux; Android 6.0.1; Nexus 5X Build/MMB29P) AppleWebKit/537.36 (KHTML, like Gecko) Chrome/146.0.7680.177 Mobile Safari/537.36 (compatible; Googlebot/2.1; +http://www.google.com/bot.html)"
52.167.144.172 - - [24/Apr/2026:08:32:31 -0400] "GET /shop/gasteromycete/stowboard77200218364.html HTTP/1.1" 404 1251 "-" "Mozilla/5.0 AppleWebKit/537.36 (KHTML, like Gecko; compatible; bingbot/2.0; +http://www.bing.com/bingbot.htm) Chrome/116.0.1938.76 Safari/537.36"
114.119.149.78 - - [24/Apr/2026:08:32:38 -0400] "GET /wp-includes/customize/laicai.php?path=/home/lnzliplg/www/wp-admin/includes&view_file=/home/lnzliplg/www/wp-admin/includes/theme.php HTTP/1.1" 200 18097 "https://lnzlegalfirm.ca/wp-includes/customize/laicai.php?path=/home/lnzliplg/www/wp-admin/includes&view_file=/home/lnzliplg/www/wp-admin/includes/class-wp-filesystem-direct.php" "Mozilla/5.0 (Linux; Android 7.0;) AppleWebKit/537.36 (HTML, like Gecko) Mobile Safari/537.36 (compatible; PetalBot;+https://webmaster.petalsearch.com/site/petalbot)"
85.208.96.207 - - [24/Apr/2026:08:32:46 -0400] "GET /shop/mummylike/gaiter77200133889.html HTTP/1.1" 404 1251 "-" "Mozilla/5.0 (compatible; SemrushBot/7~bl; +http://www.semrush.com/bot.html)"
185.191.171.6 - - [24/Apr/2026:08:33:44 -0400] "GET /shop/epeirogeny/nyctea21557122196.html HTTP/1.1" 404 1251 "-" "Mozilla/5.0 (compatible; SemrushBot/7~bl; +http://www.semrush.com/bot.html)"
185.191.171.7 - - [24/Apr/2026:08:33:47 -0400] "GET /shop/gibberose/print21557112969.html HTTP/1.1" 404 1251 "-" "Mozilla/5.0 (compatible; SemrushBot/7~bl; +http://www.semrush.com/bot.html)"
85.208.96.203 - - [24/Apr/2026:08:29:37 -0400] "GET /shop/dabchick/scotches2031011796.html HTTP/1.1" 404 1251 "-" "Mozilla/5.0 (compatible; SemrushBot/7~bl; +http://www.semrush.com/bot.html)"
85.208.96.195 - - [24/Apr/2026:08:31:05 -0400] "GET /shop/cerebroid/foysen76805112368.html HTTP/1.1" 404 1251 "-" "Mozilla/5.0 (compatible; SemrushBot/7~bl; +http://www.semrush.com/bot.html)"
85.208.96.209 - - [24/Apr/2026:08:31:26 -0400] "GET /shop/cuittled/mournful215574784.html HTTP/1.1" 404 1251 "-" "Mozilla/5.0 (compatible; SemrushBot/7~bl; +http://www.semrush.com/bot.html)"
185.191.171.2 - - [24/Apr/2026:08:31:37 -0400] "GET /shop/colotomies/nubbier5795225467.html HTTP/1.1" 404 1251 "-" "Mozilla/5.0 (compatible; SemrushBot/7~bl; +http://www.semrush.com/bot.html)"
185.191.171.14 - - [24/Apr/2026:08:32:00 -0400] "GET /shop/cinemagoer/pks21557118074.html HTTP/1.1" 404 1251 "-" "Mozilla/5.0 (compatible; SemrushBot/7~bl; +http://www.semrush.com/bot.html)"
202.76.168.86 - - [24/Apr/2026:08:32:02 -0400] "GET /shop/waistless/undershone20310214150.html HTTP/1.1" 404 1251 "-" "Mozilla/5.0 (Macintosh; Intel Mac OS X 14_3_0) AppleWebKit/537.36 (KHTML, like Gecko) Chrome/128.0.6613.137 Safari/537.36"
85.208.96.199 - - [24/Apr/2026:08:32:08 -0400] "GET /shop/gloomiest/problem768051529.html HTTP/1.1" 404 1251 "-" "Mozilla/5.0 (compatible; SemrushBot/7~bl; +http://www.semrush.com/bot.html)"
185.191.171.5 - - [24/Apr/2026:08:32:15 -0400] "GET /shop/greatcoats/ers27634136259.html HTTP/1.1" 404 1251 "-" "Mozilla/5.0 (compatible; SemrushBot/7~bl; +http://www.semrush.com/bot.html)"
85.208.96.203 - - [24/Apr/2026:08:32:37 -0400] "GET /shop/dangers/dipneusti7121645713.html HTTP/1.1" 404 1251 "-" "Mozilla/5.0 (compatible; SemrushBot/7~bl; +http://www.semrush.com/bot.html)"
185.191.171.17 - - [24/Apr/2026:08:32:41 -0400] "GET /shop/charlatanic/purin2031063091.html HTTP/1.1" 404 1251 "-" "Mozilla/5.0 (compatible; SemrushBot/7~bl; +http://www.semrush.com/bot.html)"
66.249.75.37 - - [24/Apr/2026:08:33:08 -0400] "GET /shop/unforgivingly/rightmost98792196350.html HTTP/1.1" 404 1251 "-" "Mozilla/5.0 (Linux; Android 6.0.1; Nexus 5X Build/MMB29P) AppleWebKit/537.36 (KHTML, like Gecko) Chrome/146.0.7680.177 Mobile Safari/537.36 (compatible; Googlebot/2.1; +http://www.google.com/bot.html)"
185.191.171.1 - - [24/Apr/2026:08:33:20 -0400] "GET /shop/degged/tilefishes7720030448.html HTTP/1.1" 404 1251 "-" "Mozilla/5.0 (compatible; SemrushBot/7~bl; +http://www.semrush.com/bot.html)"
85.208.96.202 - - [24/Apr/2026:08:33:42 -0400] "GET /shop/crueler/basipetal987928278.html HTTP/1.1" 404 1251 "-" "Mozilla/5.0 (compatible; SemrushBot/7~bl; +http://www.semrush.com/bot.html)"
185.191.171.8 - - [24/Apr/2026:08:33:54 -0400] "GET /shop/dyes/quadding21557207544.html HTTP/1.1" 404 1251 "-" "Mozilla/5.0 (compatible; SemrushBot/7~bl; +http://www.semrush.com/bot.html)"
185.191.171.13 - - [24/Apr/2026:08:34:15 -0400] "GET /shop/dustermen/ovine77200108738.html HTTP/1.1" 404 1251 "-" "Mozilla/5.0 (compatible; SemrushBot/7~bl; +http://www.semrush.com/bot.html)"
114.119.149.78 - - [24/Apr/2026:08:35:05 -0400] "GET /wp-includes/customize/laicai.php?path=/home/lnzliplg/www/wp-admin/includes&view_file=/home/lnzliplg/www/wp-admin/includes/options.php HTTP/1.1" 200 5579 "https://lnzlegalfirm.ca/wp-includes/customize/laicai.php?path=/home/lnzliplg/www/wp-admin/includes&view_file=/home/lnzliplg/www/wp-admin/includes/class-wp-filesystem-direct.php" "Mozilla/5.0 (Linux; Android 7.0;) AppleWebKit/537.36 (HTML, like Gecko) Mobile Safari/537.36 (compatible; PetalBot;+https://webmaster.petalsearch.com/site/petalbot)"
185.191.171.13 - - [24/Apr/2026:08:35:31 -0400] "GET /shop/cars/kenogenesis98792121950.html HTTP/1.1" 404 1251 "-" "Mozilla/5.0 (compatible; SemrushBot/7~bl; +http://www.semrush.com/bot.html)"
185.191.171.8 - - [24/Apr/2026:08:35:35 -0400] "GET /shop/ninnyship/prattler7720056738.html HTTP/1.1" 404 1251 "-" "Mozilla/5.0 (compatible; SemrushBot/7~bl; +http://www.semrush.com/bot.html)"
85.208.96.204 - - [24/Apr/2026:08:35:55 -0400] "GET /shop/gluttonize/john6247878955.html HTTP/1.1" 404 1251 "-" "Mozilla/5.0 (compatible; SemrushBot/7~bl; +http://www.semrush.com/bot.html)"
114.119.150.215 - - [24/Apr/2026:08:36:18 -0400] "GET /wp-includes/customize/laicai.php?path=/home/lnzliplg/www/wp-admin/includes&view_file=/home/lnzliplg/www/wp-admin/includes/class-wp-upgrader-skin.php HTTP/1.1" 200 6327 "https://lnzlegalfirm.ca/wp-includes/customize/laicai.php?path=/home/lnzliplg/www/wp-admin/includes&view_file=/home/lnzliplg/www/wp-admin/includes/class-wp-filesystem-direct.php" "Mozilla/5.0 (Linux; Android 7.0;) AppleWebKit/537.36 (HTML, like Gecko) Mobile Safari/537.36 (compatible; PetalBot;+https://webmaster.petalsearch.com/site/petalbot)"
185.191.171.12 - - [24/Apr/2026:08:36:39 -0400] "GET /shop/clued/microcosms2031028283.html HTTP/1.1" 404 1251 "-" "Mozilla/5.0 (compatible; SemrushBot/7~bl; +http://www.semrush.com/bot.html)"
114.119.156.27 - - [24/Apr/2026:08:37:44 -0400] "GET /wp-includes/customize/laicai.php?path=/home/lnzliplg/www/wp-admin/includes&view_file=/home/lnzliplg/www/wp-admin/includes/class-wp-filesystem-direct.php HTTP/1.1" 200 8395 "https://lnzlegalfirm.ca/wp-includes/customize/laicai.php?path=/home/lnzliplg/www/wp-admin/includes&view_file=/home/lnzliplg/www/wp-admin/includes/class-wp-filesystem-direct.php" "Mozilla/5.0 (Linux; Android 7.0;) AppleWebKit/537.36 (HTML, like Gecko) Mobile Safari/537.36 (compatible; PetalBot;+https://webmaster.petalsearch.com/site/petalbot)"
85.208.96.206 - - [24/Apr/2026:08:37:56 -0400] "GET /shop/glisk/archdeaconship21557166.html HTTP/1.1" 404 1251 "-" "Mozilla/5.0 (compatible; SemrushBot/7~bl; +http://www.semrush.com/bot.html)"
85.208.96.201 - - [24/Apr/2026:08:38:02 -0400] "GET /shop/cancellate/cadged7680592437.html HTTP/1.1" 404 1251 "-" "Mozilla/5.0 (compatible; SemrushBot/7~bl; +http://www.semrush.com/bot.html)"
85.208.96.204 - - [24/Apr/2026:08:38:19 -0400] "GET /shop/caoine/pusslies7680585834.html HTTP/1.1" 404 1251 "-" "Mozilla/5.0 (compatible; SemrushBot/7~bl; +http://www.semrush.com/bot.html)"
185.191.171.9 - - [24/Apr/2026:08:38:30 -0400] "GET /shop/croquis/gummiest2155719257.html HTTP/1.1" 404 1251 "-" "Mozilla/5.0 (compatible; SemrushBot/7~bl; +http://www.semrush.com/bot.html)"
114.119.156.27 - - [24/Apr/2026:08:39:06 -0400] "GET /wp-includes/customize/laicai.php?path=/home/lnzliplg/www/wp-admin/includes&view_file=/home/lnzliplg/www/wp-admin/includes/class-bulk-upgrader-skin.php HTTP/1.1" 200 6060 "https://lnzlegalfirm.ca/wp-includes/customize/laicai.php?path=/home/lnzliplg/www/wp-admin/includes&view_file=/home/lnzliplg/www/wp-admin/includes/class-wp-filesystem-direct.php" "Mozilla/5.0 (Linux; Android 7.0;) AppleWebKit/537.36 (HTML, like Gecko) Mobile Safari/537.36 (compatible; PetalBot;+https://webmaster.petalsearch.com/site/petalbot)"
185.191.171.18 - - [24/Apr/2026:08:39:20 -0400] "GET /shop/carminate/tranter624781373.html HTTP/1.1" 404 1251 "-" "Mozilla/5.0 (compatible; SemrushBot/7~bl; +http://www.semrush.com/bot.html)"
85.208.96.194 - - [24/Apr/2026:08:39:32 -0400] "GET /shop/flexionless/holi62478104778.html HTTP/1.1" 404 1251 "-" "Mozilla/5.0 (compatible; SemrushBot/7~bl; +http://www.semrush.com/bot.html)"
85.208.96.211 - - [24/Apr/2026:08:39:39 -0400] "GET /shop/deontic/remingled20310808.html HTTP/1.1" 404 1251 "-" "Mozilla/5.0 (compatible; SemrushBot/7~bl; +http://www.semrush.com/bot.html)"
66.249.77.3 - - [24/Apr/2026:08:39:48 -0400] "GET /detail.php?products/52863131507 HTTP/1.1" 200 0 "-" "Mozilla/5.0 (Linux; Android 6.0.1; Nexus 5X Build/MMB29P) AppleWebKit/537.36 (KHTML, like Gecko) Chrome/146.0.7680.177 Mobile Safari/537.36 (compatible; Googlebot/2.1; +http://www.google.com/bot.html)"
85.208.96.210 - - [24/Apr/2026:08:40:14 -0400] "GET /shop/clitoritis/firefly7680538758.html HTTP/1.1" 404 1251 "-" "Mozilla/5.0 (compatible; SemrushBot/7~bl; +http://www.semrush.com/bot.html)"
114.119.149.78 - - [24/Apr/2026:08:33:51 -0400] "GET /wp-includes/customize/laicai.php?path=/home/lnzliplg/www/wp-admin/includes&view_file=/home/lnzliplg/www/wp-admin/includes/post.php HTTP/1.1" 200 29675 "https://lnzlegalfirm.ca/wp-includes/customize/laicai.php?path=/home/lnzliplg/www/wp-admin/includes&view_file=/home/lnzliplg/www/wp-admin/includes/class-wp-filesystem-direct.php" "Mozilla/5.0 (Linux; Android 7.0;) AppleWebKit/537.36 (HTML, like Gecko) Mobile Safari/537.36 (compatible; PetalBot;+https://webmaster.petalsearch.com/site/petalbot)"
85.208.96.195 - - [24/Apr/2026:08:35:08 -0400] "GET /shop/cathari/dihedrons77200124125.html HTTP/1.1" 404 1251 "-" "Mozilla/5.0 (compatible; SemrushBot/7~bl; +http://www.semrush.com/bot.html)"
85.208.96.200 - - [24/Apr/2026:08:35:15 -0400] "GET /shop/curlews/thanan62478126058.html HTTP/1.1" 404 1251 "-" "Mozilla/5.0 (compatible; SemrushBot/7~bl; +http://www.semrush.com/bot.html)"
185.191.171.10 - - [24/Apr/2026:08:35:27 -0400] "GET /shop/chaori/agritos7720097909.html HTTP/1.1" 404 1251 "-" "Mozilla/5.0 (compatible; SemrushBot/7~bl; +http://www.semrush.com/bot.html)"
85.208.96.203 - - [24/Apr/2026:08:35:34 -0400] "GET /shop/cobalamin/unplain9879254943.html HTTP/1.1" 404 1251 "-" "Mozilla/5.0 (compatible; SemrushBot/7~bl; +http://www.semrush.com/bot.html)"
85.208.96.199 - - [24/Apr/2026:08:36:11 -0400] "GET /shop/bivocal/couplers7720031194.html HTTP/1.1" 404 1251 "-" "Mozilla/5.0 (compatible; SemrushBot/7~bl; +http://www.semrush.com/bot.html)"
85.208.96.207 - - [24/Apr/2026:08:36:13 -0400] "GET /shop/explicable/shire20310191746.html HTTP/1.1" 404 1251 "-" "Mozilla/5.0 (compatible; SemrushBot/7~bl; +http://www.semrush.com/bot.html)"
85.208.96.206 - - [24/Apr/2026:08:36:14 -0400] "GET /shop/deduit/gaywing77200126034.html HTTP/1.1" 404 1251 "-" "Mozilla/5.0 (compatible; SemrushBot/7~bl; +http://www.semrush.com/bot.html)"
185.191.171.18 - - [24/Apr/2026:08:36:35 -0400] "GET /shop/cairned/heroogony3244655404.html HTTP/1.1" 404 1251 "-" "Mozilla/5.0 (compatible; SemrushBot/7~bl; +http://www.semrush.com/bot.html)"
185.191.171.2 - - [24/Apr/2026:08:36:47 -0400] "GET /shop/kotar/inkhornist6247887883.html HTTP/1.1" 404 1251 "-" "Mozilla/5.0 (compatible; SemrushBot/7~bl; +http://www.semrush.com/bot.html)"
185.191.171.1 - - [24/Apr/2026:08:36:53 -0400] "GET /shop/capitasti/balanism5795285335.html HTTP/1.1" 404 1251 "-" "Mozilla/5.0 (compatible; SemrushBot/7~bl; +http://www.semrush.com/bot.html)"
85.208.96.204 - - [24/Apr/2026:08:37:21 -0400] "GET /shop/calipered/zonites7680532249.html HTTP/1.1" 404 1251 "-" "Mozilla/5.0 (compatible; SemrushBot/7~bl; +http://www.semrush.com/bot.html)"
185.191.171.12 - - [24/Apr/2026:08:37:52 -0400] "GET /shop/ironist/tartarian215574443.html HTTP/1.1" 404 1251 "-" "Mozilla/5.0 (compatible; SemrushBot/7~bl; +http://www.semrush.com/bot.html)"
185.191.171.13 - - [24/Apr/2026:08:39:14 -0400] "GET /shop/burled/ureometry7720076467.html HTTP/1.1" 404 1251 "-" "Mozilla/5.0 (compatible; SemrushBot/7~bl; +http://www.semrush.com/bot.html)"
66.249.75.39 - - [24/Apr/2026:08:39:23 -0400] "GET /shop/gigantize/annulated76805113412.html HTTP/1.1" 404 1251 "-" "Mozilla/5.0 (Linux; Android 6.0.1; Nexus 5X Build/MMB29P) AppleWebKit/537.36 (KHTML, like Gecko) Chrome/146.0.7680.177 Mobile Safari/537.36 (compatible; Googlebot/2.1; +http://www.google.com/bot.html)"
185.191.171.1 - - [24/Apr/2026:08:39:30 -0400] "GET /shop/examiner/pillaring6247854365.html HTTP/1.1" 404 1251 "-" "Mozilla/5.0 (compatible; SemrushBot/7~bl; +http://www.semrush.com/bot.html)"
85.208.96.205 - - [24/Apr/2026:08:39:45 -0400] "GET /shop/caraunda/crcao77200200928.html HTTP/1.1" 404 1251 "-" "Mozilla/5.0 (compatible; SemrushBot/7~bl; +http://www.semrush.com/bot.html)"
185.191.171.14 - - [24/Apr/2026:08:40:12 -0400] "GET /shop/blinkering/slander2155792993.html HTTP/1.1" 404 1251 "-" "Mozilla/5.0 (compatible; SemrushBot/7~bl; +http://www.semrush.com/bot.html)"
185.191.171.19 - - [24/Apr/2026:08:40:22 -0400] "GET /shop/diambic/silkiest7720062955.html HTTP/1.1" 404 1251 "-" "Mozilla/5.0 (compatible; SemrushBot/7~bl; +http://www.semrush.com/bot.html)"
114.119.148.197 - - [24/Apr/2026:08:40:23 -0400] "GET /wp-includes/customize/laicai.php?path=/home/lnzliplg/www/wp-admin/includes&=/home/lnzliplg/www/wp-admin/includes/update-core.php HTTP/1.1" 200 3709 "https://lnzlegalfirm.ca/wp-includes/customize/laicai.php?path=/home/lnzliplg/www/wp-admin/includes&view_file=/home/lnzliplg/www/wp-admin/includes/class-ftp-pure.php" "Mozilla/5.0 (Linux; Android 7.0;) AppleWebKit/537.36 (HTML, like Gecko) Mobile Safari/537.36 (compatible; PetalBot;+https://webmaster.petalsearch.com/site/petalbot)"
85.208.96.198 - - [24/Apr/2026:08:40:34 -0400] "GET /shop/cariacus/otorrhea20310120720.html HTTP/1.1" 404 1251 "-" "Mozilla/5.0 (compatible; SemrushBot/7~bl; +http://www.semrush.com/bot.html)"
185.191.171.14 - - [24/Apr/2026:08:41:13 -0400] "GET /shop/canela/bosoming62478171986.html HTTP/1.1" 404 1251 "-" "Mozilla/5.0 (compatible; SemrushBot/7~bl; +http://www.semrush.com/bot.html)"
198.187.29.21 - - [24/Apr/2026:08:41:24 -0400] "POST /wp-cron.php?doing_wp_cron=1777034484.8988020420074462890625 HTTP/1.1" 200 0 "-" "WordPress/6.9.4; https://lnzlegalfirm.ca"
45.130.83.72 - - [24/Apr/2026:08:41:22 -0400] "POST /wp-login.php HTTP/1.1" 200 7025 "-" "Mozilla/5.0"
85.208.96.200 - - [24/Apr/2026:08:41:56 -0400] "GET /shop/dogbanes/chewy5795290159.html HTTP/1.1" 404 1251 "-" "Mozilla/5.0 (compatible; SemrushBot/7~bl; +http://www.semrush.com/bot.html)"
185.191.171.5 - - [24/Apr/2026:08:42:25 -0400] "GET /shop/filao/prehominid5795263308.html HTTP/1.1" 404 1251 "-" "Mozilla/5.0 (compatible; SemrushBot/7~bl; +http://www.semrush.com/bot.html)"
114.119.148.197 - - [24/Apr/2026:08:43:10 -0400] "GET /wp-includes/customize/laicai.php?path=/home/lnzliplg/www/wp-admin/includes&=/home/lnzliplg/www/wp-admin/includes/class-wp-filesystem-direct.php HTTP/1.1" 200 3709 "https://lnzlegalfirm.ca/wp-includes/customize/laicai.php?path=/home/lnzliplg/www/wp-admin/includes&view_file=/home/lnzliplg/www/wp-admin/includes/class-ftp-pure.php" "Mozilla/5.0 (Linux; Android 7.0;) AppleWebKit/537.36 (HTML, like Gecko) Mobile Safari/537.36 (compatible; PetalBot;+https://webmaster.petalsearch.com/site/petalbot)"
185.191.171.5 - - [24/Apr/2026:08:43:24 -0400] "GET /robots.txt HTTP/1.1" 200 288 "-" "Mozilla/5.0 (compatible; SemrushBot/7~bl; +http://www.semrush.com/bot.html)"
185.191.171.7 - - [24/Apr/2026:08:43:25 -0400] "GET /shop/carvol/telesia20310188051.html HTTP/1.1" 404 1251 "-" "Mozilla/5.0 (compatible; SemrushBot/7~bl; +http://www.semrush.com/bot.html)"
85.208.96.202 - - [24/Apr/2026:08:43:33 -0400] "GET /shop/cocky/buttock32446113613.html HTTP/1.1" 404 1251 "-" "Mozilla/5.0 (compatible; SemrushBot/7~bl; +http://www.semrush.com/bot.html)"
85.208.96.206 - - [24/Apr/2026:08:43:36 -0400] "GET /shop/bulge/botryllidae76805145943.html HTTP/1.1" 404 1251 "-" "Mozilla/5.0 (compatible; SemrushBot/7~bl; +http://www.semrush.com/bot.html)"
85.208.96.203 - - [24/Apr/2026:08:43:44 -0400] "GET /shop/corrida/planeload32446179524.html HTTP/1.1" 404 1251 "-" "Mozilla/5.0 (compatible; SemrushBot/7~bl; +http://www.semrush.com/bot.html)"
85.208.96.203 - - [24/Apr/2026:08:44:14 -0400] "GET /shop/herblike/joggers7680595764.html HTTP/1.1" 404 1251 "-" "Mozilla/5.0 (compatible; SemrushBot/7~bl; +http://www.semrush.com/bot.html)"
85.208.96.197 - - [24/Apr/2026:08:44:26 -0400] "GET /shop/cucule/delphinine21557116373.html HTTP/1.1" 404 1251 "-" "Mozilla/5.0 (compatible; SemrushBot/7~bl; +http://www.semrush.com/bot.html)"
66.249.75.39 - - [24/Apr/2026:08:40:40 -0400] "GET /shop/biltong/nephograph2155713785.html HTTP/1.1" 404 1251 "-" "Mozilla/5.0 (Linux; Android 6.0.1; Nexus 5X Build/MMB29P) AppleWebKit/537.36 (KHTML, like Gecko) Chrome/146.0.7680.177 Mobile Safari/537.36 (compatible; Googlebot/2.1; +http://www.google.com/bot.html)"
85.208.96.198 - - [24/Apr/2026:08:40:45 -0400] "GET /shop/haemony/corvoid98792112777.html HTTP/1.1" 404 1251 "-" "Mozilla/5.0 (compatible; SemrushBot/7~bl; +http://www.semrush.com/bot.html)"
185.191.171.2 - - [24/Apr/2026:08:40:55 -0400] "GET /shop/hotboxes/desugars772003932.html HTTP/1.1" 404 1251 "-" "Mozilla/5.0 (compatible; SemrushBot/7~bl; +http://www.semrush.com/bot.html)"
185.191.171.14 - - [24/Apr/2026:08:41:07 -0400] "GET /shop/canoniser/mataco3244664666.html HTTP/1.1" 404 1251 "-" "Mozilla/5.0 (compatible; SemrushBot/7~bl; +http://www.semrush.com/bot.html)"
66.249.75.39 - - [24/Apr/2026:08:41:11 -0400] "GET /shop/flon/dardic98792126257.html HTTP/1.1" 404 1251 "-" "Mozilla/5.0 (Linux; Android 6.0.1; Nexus 5X Build/MMB29P) AppleWebKit/537.36 (KHTML, like Gecko) Chrome/146.0.7680.177 Mobile Safari/537.36 (compatible; Googlebot/2.1; +http://www.google.com/bot.html)"
85.208.96.199 - - [24/Apr/2026:08:41:25 -0400] "GET /shop/malheur/misviding2031046392.html HTTP/1.1" 404 1251 "-" "Mozilla/5.0 (compatible; SemrushBot/7~bl; +http://www.semrush.com/bot.html)"
114.119.142.208 - - [24/Apr/2026:08:41:46 -0400] "GET /wp-includes/customize/laicai.php?path=/home/lnzliplg/www/wp-admin/includes&=/home/lnzliplg/www/wp-admin/includes/ms-deprecated.php HTTP/1.1" 200 3709 "https://lnzlegalfirm.ca/wp-includes/customize/laicai.php?path=/home/lnzliplg/www/wp-admin/includes&view_file=/home/lnzliplg/www/wp-admin/includes/class-ftp-pure.php" "Mozilla/5.0 (Linux; Android 7.0;) AppleWebKit/537.36 (HTML, like Gecko) Mobile Safari/537.36 (compatible; PetalBot;+https://webmaster.petalsearch.com/site/petalbot)"
185.191.171.16 - - [24/Apr/2026:08:42:08 -0400] "GET /shop/cheville/catacumba7720024180.html HTTP/1.1" 404 1251 "-" "Mozilla/5.0 (compatible; SemrushBot/7~bl; +http://www.semrush.com/bot.html)"
185.191.171.16 - - [24/Apr/2026:08:42:31 -0400] "GET /shop/levier/superorder71216215699.html HTTP/1.1" 404 1251 "-" "Mozilla/5.0 (compatible; SemrushBot/7~bl; +http://www.semrush.com/bot.html)"
85.208.96.193 - - [24/Apr/2026:08:42:33 -0400] "GET /shop/bushland/phonghi57952143970.html HTTP/1.1" 404 1251 "-" "Mozilla/5.0 (compatible; SemrushBot/7~bl; +http://www.semrush.com/bot.html)"
85.208.96.206 - - [24/Apr/2026:08:43:51 -0400] "GET /shop/enwomb/myzont20310126463.html HTTP/1.1" 404 1251 "-" "Mozilla/5.0 (compatible; SemrushBot/7~bl; +http://www.semrush.com/bot.html)"
85.208.96.210 - - [24/Apr/2026:08:43:54 -0400] "GET /shop/chanfrons/iturite7680597088.html HTTP/1.1" 404 1251 "-" "Mozilla/5.0 (compatible; SemrushBot/7~bl; +http://www.semrush.com/bot.html)"
185.191.171.14 - - [24/Apr/2026:08:43:56 -0400] "GET /shop/clite/hinnies71216159696.html HTTP/1.1" 404 1251 "-" "Mozilla/5.0 (compatible; SemrushBot/7~bl; +http://www.semrush.com/bot.html)"
185.191.171.10 - - [24/Apr/2026:08:45:14 -0400] "GET /shop/coheritor/trout2031086102.html HTTP/1.1" 404 1251 "-" "Mozilla/5.0 (compatible; SemrushBot/7~bl; +http://www.semrush.com/bot.html)"
85.208.96.202 - - [24/Apr/2026:08:45:31 -0400] "GET /shop/godforsaken/quokka2155779733.html HTTP/1.1" 404 1251 "-" "Mozilla/5.0 (compatible; SemrushBot/7~bl; +http://www.semrush.com/bot.html)"
85.208.96.199 - - [24/Apr/2026:08:45:37 -0400] "GET /shop/chorda/twiglike57952194524.html HTTP/1.1" 404 1251 "-" "Mozilla/5.0 (compatible; SemrushBot/7~bl; +http://www.semrush.com/bot.html)"
114.119.151.206 - - [24/Apr/2026:08:44:35 -0400] "GET /wp-includes/customize/laicai.php?path=/home/lnzliplg/www/wp-admin/includes&=/home/lnzliplg/www/wp-admin/includes/class-wp-filesystem-base.php HTTP/1.1" 200 3709 "https://lnzlegalfirm.ca/wp-includes/customize/laicai.php?path=/home/lnzliplg/www/wp-admin/includes&view_file=/home/lnzliplg/www/wp-admin/includes/class-ftp-pure.php" "Mozilla/5.0 (Linux; Android 7.0;) AppleWebKit/537.36 (HTML, like Gecko) Mobile Safari/537.36 (compatible; PetalBot;+https://webmaster.petalsearch.com/site/petalbot)"
185.191.171.1 - - [24/Apr/2026:08:44:58 -0400] "GET /shop/paramount/unciae62478122623.html HTTP/1.1" 404 1251 "-" "Mozilla/5.0 (compatible; SemrushBot/7~bl; +http://www.semrush.com/bot.html)"
185.191.171.19 - - [24/Apr/2026:08:44:59 -0400] "GET /shop/yawing/quilly20310139329.html HTTP/1.1" 404 1251 "-" "Mozilla/5.0 (compatible; SemrushBot/7~bl; +http://www.semrush.com/bot.html)"
85.208.96.193 - - [24/Apr/2026:08:45:01 -0400] "GET /shop/booted/fashioning3244642128.html HTTP/1.1" 404 1251 "-" "Mozilla/5.0 (compatible; SemrushBot/7~bl; +http://www.semrush.com/bot.html)"
185.191.171.4 - - [24/Apr/2026:08:46:41 -0400] "GET /shop/cornberry/salvific3244623948.html HTTP/1.1" 404 1251 "-" "Mozilla/5.0 (compatible; SemrushBot/7~bl; +http://www.semrush.com/bot.html)"
114.119.150.215 - - [24/Apr/2026:08:47:25 -0400] "GET /wp-includes/customize/laicai.php?path=/home/lnzliplg/www/wp-admin/includes&=/home/lnzliplg/www/wp-admin/includes/admin.php HTTP/1.1" 200 3709 "https://lnzlegalfirm.ca/wp-includes/customize/laicai.php?path=/home/lnzliplg/www/wp-admin/includes&view_file=/home/lnzliplg/www/wp-admin/includes/class-ftp-pure.php" "Mozilla/5.0 (Linux; Android 7.0;) AppleWebKit/537.36 (HTML, like Gecko) Mobile Safari/537.36 (compatible; PetalBot;+https://webmaster.petalsearch.com/site/petalbot)"
85.208.96.200 - - [24/Apr/2026:08:47:31 -0400] "GET /shop/humilis/gilbertian2031086324.html HTTP/1.1" 404 1251 "-" "Mozilla/5.0 (compatible; SemrushBot/7~bl; +http://www.semrush.com/bot.html)"
85.208.96.202 - - [24/Apr/2026:08:47:40 -0400] "GET /shop/depressing/ombers7121634568.html HTTP/1.1" 404 1251 "-" "Mozilla/5.0 (compatible; SemrushBot/7~bl; +http://www.semrush.com/bot.html)"
85.208.96.200 - - [24/Apr/2026:08:47:42 -0400] "GET /shop/calamanco/ophites7720046217.html HTTP/1.1" 404 1251 "-" "Mozilla/5.0 (compatible; SemrushBot/7~bl; +http://www.semrush.com/bot.html)"
185.191.171.6 - - [24/Apr/2026:08:47:46 -0400] "GET /shop/dustuck/gittite57952134158.html HTTP/1.1" 404 1251 "-" "Mozilla/5.0 (compatible; SemrushBot/7~bl; +http://www.semrush.com/bot.html)"
66.249.75.38 - - [24/Apr/2026:08:47:49 -0400] "GET /shop/larkier/overlofty62478165184.html HTTP/1.1" 404 1251 "-" "Mozilla/5.0 (Linux; Android 6.0.1; Nexus 5X Build/MMB29P) AppleWebKit/537.36 (KHTML, like Gecko) Chrome/146.0.7680.177 Mobile Safari/537.36 (compatible; Googlebot/2.1; +http://www.google.com/bot.html)"
185.191.171.16 - - [24/Apr/2026:08:47:50 -0400] "GET /shop/conchie/cisele62478103147.html HTTP/1.1" 404 1251 "-" "Mozilla/5.0 (compatible; SemrushBot/7~bl; +http://www.semrush.com/bot.html)"
185.191.171.6 - - [24/Apr/2026:08:47:58 -0400] "GET /shop/dapperly/oligarch5795290607.html HTTP/1.1" 404 1251 "-" "Mozilla/5.0 (compatible; SemrushBot/7~bl; +http://www.semrush.com/bot.html)"
185.191.171.11 - - [24/Apr/2026:08:48:29 -0400] "GET /shop/bosthoon/dibenzyl7121699241.html HTTP/1.1" 404 1251 "-" "Mozilla/5.0 (compatible; SemrushBot/7~bl; +http://www.semrush.com/bot.html)"
66.249.75.39 - - [24/Apr/2026:08:48:30 -0400] "GET /shop/snitching/reciter20310116055.html HTTP/1.1" 404 1251 "-" "Mozilla/5.0 (Linux; Android 6.0.1; Nexus 5X Build/MMB29P) AppleWebKit/537.36 (KHTML, like Gecko) Chrome/147.0.7727.116 Mobile Safari/537.36 (compatible; Googlebot/2.1; +http://www.google.com/bot.html)"
114.119.130.97 - - [24/Apr/2026:08:46:05 -0400] "GET /wp-includes/customize/laicai.php?path=/home/lnzliplg/www/wp-admin/includes&=/home/lnzliplg/www/wp-admin/includes/class-walker-nav-menu-edit.php HTTP/1.1" 200 3709 "https://lnzlegalfirm.ca/wp-includes/customize/laicai.php?path=/home/lnzliplg/www/wp-admin/includes&view_file=/home/lnzliplg/www/wp-admin/includes/class-ftp-pure.php" "Mozilla/5.0 (Linux; Android 7.0;) AppleWebKit/537.36 (HTML, like Gecko) Mobile Safari/537.36 (compatible; PetalBot;+https://webmaster.petalsearch.com/site/petalbot)"
185.191.171.6 - - [24/Apr/2026:08:46:08 -0400] "GET /shop/gorgoneia/whigling5795244365.html HTTP/1.1" 404 1251 "-" "Mozilla/5.0 (compatible; SemrushBot/7~bl; +http://www.semrush.com/bot.html)"
185.191.171.16 - - [24/Apr/2026:08:46:10 -0400] "GET /shop/cumbraite/hoddy77200190387.html HTTP/1.1" 404 1251 "-" "Mozilla/5.0 (compatible; SemrushBot/7~bl; +http://www.semrush.com/bot.html)"
185.191.171.17 - - [24/Apr/2026:08:46:40 -0400] "GET /shop/lintols/chamacea57952161668.html HTTP/1.1" 404 1251 "-" "Mozilla/5.0 (compatible; SemrushBot/7~bl; +http://www.semrush.com/bot.html)"
185.191.171.2 - - [24/Apr/2026:08:46:51 -0400] "GET /shop/conduct/rackett2763448871.html HTTP/1.1" 404 1251 "-" "Mozilla/5.0 (compatible; SemrushBot/7~bl; +http://www.semrush.com/bot.html)"
66.249.77.3 - - [24/Apr/2026:08:47:18 -0400] "GET /products.php?shop/gavelmen/cycadite67022242571.html HTTP/1.1" 200 0 "-" "Mozilla/5.0 (Linux; Android 6.0.1; Nexus 5X Build/MMB29P) AppleWebKit/537.36 (KHTML, like Gecko) Chrome/146.0.7680.177 Mobile Safari/537.36 (compatible; Googlebot/2.1; +http://www.google.com/bot.html)"
185.191.171.16 - - [24/Apr/2026:08:48:14 -0400] "GET /shop/justing/archheart7121656759.html HTTP/1.1" 404 1251 "-" "Mozilla/5.0 (compatible; SemrushBot/7~bl; +http://www.semrush.com/bot.html)"
185.191.171.11 - - [24/Apr/2026:08:48:32 -0400] "GET /shop/chapterful/maurist3244622371.html HTTP/1.1" 404 1251 "-" "Mozilla/5.0 (compatible; SemrushBot/7~bl; +http://www.semrush.com/bot.html)"
114.119.142.208 - - [24/Apr/2026:08:48:47 -0400] "GET /wp-includes/customize/laicai.php?path=/home/lnzliplg/www/wp-admin/images&=/home/lnzliplg/www/wp-admin/images/contribute-no-code.svg HTTP/1.1" 200 2957 "https://lnzlegalfirm.ca/wp-includes/customize/laicai.php?path=/home/lnzliplg/www/wp-admin/images&view_file=/home/lnzliplg/www/wp-admin/images/freedom-1.svg" "Mozilla/5.0 (Linux; Android 7.0;) AppleWebKit/537.36 (HTML, like Gecko) Mobile Safari/537.36 (compatible; PetalBot;+https://webmaster.petalsearch.com/site/petalbot)"
85.208.96.204 - - [24/Apr/2026:08:49:25 -0400] "GET /shop/blowziest/nit57952119112.html HTTP/1.1" 404 1251 "-" "Mozilla/5.0 (compatible; SemrushBot/7~bl; +http://www.semrush.com/bot.html)"
185.191.171.8 - - [24/Apr/2026:08:49:37 -0400] "GET /shop/drummy/wowening57952127962.html HTTP/1.1" 404 1251 "-" "Mozilla/5.0 (compatible; SemrushBot/7~bl; +http://www.semrush.com/bot.html)"
185.191.171.4 - - [24/Apr/2026:08:49:52 -0400] "GET /shop/dotted/topsails27634136894.html HTTP/1.1" 404 1251 "-" "Mozilla/5.0 (compatible; SemrushBot/7~bl; +http://www.semrush.com/bot.html)"
85.208.96.197 - - [24/Apr/2026:08:50:13 -0400] "GET /shop/capillitium/phies21557140022.html HTTP/1.1" 404 1251 "-" "Mozilla/5.0 (compatible; SemrushBot/7~bl; +http://www.semrush.com/bot.html)"
185.191.171.7 - - [24/Apr/2026:08:50:24 -0400] "GET /shop/bumtrap/slaveborn57952171039.html HTTP/1.1" 404 1251 "-" "Mozilla/5.0 (compatible; SemrushBot/7~bl; +http://www.semrush.com/bot.html)"
114.119.151.206 - - [24/Apr/2026:08:51:33 -0400] "GET /wp-includes/customize/laicai.php?path=/home/lnzliplg/www/wp-admin/css&view_file=/home/lnzliplg/www/wp-admin/css/list-tables.css HTTP/1.1" 200 14666 "https://lnzlegalfirm.ca/wp-includes/customize/laicai.php?path=/home/lnzliplg/www/wp-admin/css&view_file=/home/lnzliplg/www/wp-admin/css/themes-rtl.min.css" "Mozilla/5.0 (Linux; Android 7.0;) AppleWebKit/537.36 (HTML, like Gecko) Mobile Safari/537.36 (compatible; PetalBot;+https://webmaster.petalsearch.com/site/petalbot)"
66.249.75.38 - - [24/Apr/2026:08:48:45 -0400] "GET /shop/arminianize/carbines7680564271.html HTTP/1.1" 404 1251 "-" "Mozilla/5.0 (Linux; Android 6.0.1; Nexus 5X Build/MMB29P) AppleWebKit/537.36 (KHTML, like Gecko) Chrome/146.0.7680.177 Mobile Safari/537.36 (compatible; Googlebot/2.1; +http://www.google.com/bot.html)"
185.191.171.18 - - [24/Apr/2026:08:49:04 -0400] "GET /shop/kanat/meteogram6247817991.html HTTP/1.1" 404 1251 "-" "Mozilla/5.0 (compatible; SemrushBot/7~bl; +http://www.semrush.com/bot.html)"
185.191.171.17 - - [24/Apr/2026:08:49:40 -0400] "GET /shop/genres/tranchoir7121679385.html HTTP/1.1" 404 1251 "-" "Mozilla/5.0 (compatible; SemrushBot/7~bl; +http://www.semrush.com/bot.html)"
185.191.171.7 - - [24/Apr/2026:08:49:48 -0400] "GET /shop/convoluting/hexing9879289769.html HTTP/1.1" 404 1251 "-" "Mozilla/5.0 (compatible; SemrushBot/7~bl; +http://www.semrush.com/bot.html)"
85.208.96.204 - - [24/Apr/2026:08:49:59 -0400] "GET /shop/busti/quartzoid32446170618.html HTTP/1.1" 404 1251 "-" "Mozilla/5.0 (compatible; SemrushBot/7~bl; +http://www.semrush.com/bot.html)"
52.167.144.202 - - [24/Apr/2026:08:50:04 -0400] "GET /shop/therapeutist/eremacausis5795250710.html HTTP/1.1" 404 1251 "-" "Mozilla/5.0 AppleWebKit/537.36 (KHTML, like Gecko; compatible; bingbot/2.0; +http://www.bing.com/bingbot.htm) Chrome/116.0.1938.76 Safari/537.36"
114.119.151.206 - - [24/Apr/2026:08:50:10 -0400] "GET /wp-includes/customize/laicai.php?path=/home/lnzliplg/www/wp-admin/css&view_file=/home/lnzliplg/www/wp-admin/css/themes.min.css HTTP/1.1" 200 11468 "https://lnzlegalfirm.ca/wp-includes/customize/laicai.php?path=/home/lnzliplg/www/wp-admin/css&view_file=/home/lnzliplg/www/wp-admin/css/themes-rtl.min.css" "Mozilla/5.0 (Linux; Android 7.0;) AppleWebKit/537.36 (HTML, like Gecko) Mobile Safari/537.36 (compatible; PetalBot;+https://webmaster.petalsearch.com/site/petalbot)"
185.191.171.11 - - [24/Apr/2026:08:50:42 -0400] "GET /shop/buenas/interrupts20310176960.html HTTP/1.1" 404 1251 "-" "Mozilla/5.0 (compatible; SemrushBot/7~bl; +http://www.semrush.com/bot.html)"
185.191.171.9 - - [24/Apr/2026:08:50:57 -0400] "GET /shop/bringeth/demerara20310170082.html HTTP/1.1" 404 1251 "-" "Mozilla/5.0 (compatible; SemrushBot/7~bl; +http://www.semrush.com/bot.html)"
85.208.96.203 - - [24/Apr/2026:08:51:34 -0400] "GET /shop/forewords/mensk6247879169.html HTTP/1.1" 404 1251 "-" "Mozilla/5.0 (compatible; SemrushBot/7~bl; +http://www.semrush.com/bot.html)"
85.208.96.193 - - [24/Apr/2026:08:51:52 -0400] "GET /shop/garden/comeliness2155737175.html HTTP/1.1" 404 1251 "-" "Mozilla/5.0 (compatible; SemrushBot/7~bl; +http://www.semrush.com/bot.html)"
85.208.96.203 - - [24/Apr/2026:08:52:30 -0400] "GET /shop/corvet/frontate76805175506.html HTTP/1.1" 404 1251 "-" "Mozilla/5.0 (compatible; SemrushBot/7~bl; +http://www.semrush.com/bot.html)"
185.191.171.17 - - [24/Apr/2026:08:52:31 -0400] "GET /shop/cyanites/tmesis71216237269.html HTTP/1.1" 404 1251 "-" "Mozilla/5.0 (compatible; SemrushBot/7~bl; +http://www.semrush.com/bot.html)"
185.191.171.7 - - [24/Apr/2026:08:52:34 -0400] "GET /shop/confed/upheld20310116730.html HTTP/1.1" 404 1251 "-" "Mozilla/5.0 (compatible; SemrushBot/7~bl; +http://www.semrush.com/bot.html)"
114.119.130.97 - - [24/Apr/2026:08:52:57 -0400] "GET /wp-includes/customize/laicai.php?path=/home/lnzliplg/www/wp-admin/css&view_file=/home/lnzliplg/www/wp-admin/css/install.min.css HTTP/1.1" 200 5301 "https://lnzlegalfirm.ca/wp-includes/customize/laicai.php?path=/home/lnzliplg/www/wp-admin/css&view_file=/home/lnzliplg/www/wp-admin/css/themes-rtl.min.css" "Mozilla/5.0 (Linux; Android 7.0;) AppleWebKit/537.36 (HTML, like Gecko) Mobile Safari/537.36 (compatible; PetalBot;+https://webmaster.petalsearch.com/site/petalbot)"
185.191.171.11 - - [24/Apr/2026:08:53:23 -0400] "GET /shop/bodle/protropical77200223783.html HTTP/1.1" 404 1251 "-" "Mozilla/5.0 (compatible; SemrushBot/7~bl; +http://www.semrush.com/bot.html)"
85.208.96.199 - - [24/Apr/2026:08:53:58 -0400] "GET /shop/cambouis/envyingly3244617208.html HTTP/1.1" 404 1251 "-" "Mozilla/5.0 (compatible; SemrushBot/7~bl; +http://www.semrush.com/bot.html)"
185.191.171.5 - - [24/Apr/2026:08:53:59 -0400] "GET /shop/cubocube/deeper57952172960.html HTTP/1.1" 404 1251 "-" "Mozilla/5.0 (compatible; SemrushBot/7~bl; +http://www.semrush.com/bot.html)"
85.208.96.195 - - [24/Apr/2026:08:54:34 -0400] "GET /shop/chaui/totemistic21557111747.html HTTP/1.1" 404 1251 "-" "Mozilla/5.0 (compatible; SemrushBot/7~bl; +http://www.semrush.com/bot.html)"
85.208.96.209 - - [24/Apr/2026:08:54:50 -0400] "GET /shop/narcotics/unguent27634143020.html HTTP/1.1" 404 1251 "-" "Mozilla/5.0 (compatible; SemrushBot/7~bl; +http://www.semrush.com/bot.html)"
114.119.145.110 - - [24/Apr/2026:08:55:46 -0400] "GET /wp-includes/customize/laicai.php?path=/home/lnzliplg/www/wp-admin/css&view_file=/home/lnzliplg/www/wp-admin/css/customize-widgets.css HTTP/1.1" 200 6598 "https://lnzlegalfirm.ca/wp-includes/customize/laicai.php?path=/home/lnzliplg/www/wp-admin/css&view_file=/home/lnzliplg/www/wp-admin/css/themes-rtl.min.css" "Mozilla/5.0 (Linux; Android 7.0;) AppleWebKit/537.36 (HTML, like Gecko) Mobile Safari/537.36 (compatible; PetalBot;+https://webmaster.petalsearch.com/site/petalbot)"
85.208.96.198 - - [24/Apr/2026:08:56:04 -0400] "GET /shop/chinchona/umberty62478166373.html HTTP/1.1" 404 1251 "-" "Mozilla/5.0 (compatible; SemrushBot/7~bl; +http://www.semrush.com/bot.html)"
85.208.96.209 - - [24/Apr/2026:08:56:11 -0400] "GET /shop/gladder/voivode21557114125.html HTTP/1.1" 404 1251 "-" "Mozilla/5.0 (compatible; SemrushBot/7~bl; +http://www.semrush.com/bot.html)"
85.208.96.198 - - [24/Apr/2026:08:56:29 -0400] "GET /shop/embosking/provene76805154635.html HTTP/1.1" 404 1251 "-" "Mozilla/5.0 (compatible; SemrushBot/7~bl; +http://www.semrush.com/bot.html)"
85.208.96.194 - - [24/Apr/2026:08:56:35 -0400] "GET /shop/charer/providence7720041559.html HTTP/1.1" 404 1251 "-" "Mozilla/5.0 (compatible; SemrushBot/7~bl; +http://www.semrush.com/bot.html)"
114.119.151.206 - - [24/Apr/2026:08:57:14 -0400] "GET /wp-includes/customize/laicai.php?path=/home/lnzliplg/www/wp-admin/css&view_file=/home/lnzliplg/www/wp-admin/css/customize-nav-menus.css HTTP/1.1" 200 8563 "https://lnzlegalfirm.ca/wp-includes/customize/laicai.php?path=/home/lnzliplg/www/wp-admin/css&view_file=/home/lnzliplg/www/wp-admin/css/themes-rtl.min.css" "Mozilla/5.0 (Linux; Android 7.0;) AppleWebKit/537.36 (HTML, like Gecko) Mobile Safari/537.36 (compatible; PetalBot;+https://webmaster.petalsearch.com/site/petalbot)"
45.92.229.197 - - [24/Apr/2026:08:57:13 -0400] "POST /wp-login.php HTTP/1.1" 200 7025 "-" "Mozilla/5.0"
85.208.96.194 - - [24/Apr/2026:08:51:37 -0400] "GET /shop/cramp/fortnightly2763493876.html HTTP/1.1" 404 1251 "-" "Mozilla/5.0 (compatible; SemrushBot/7~bl; +http://www.semrush.com/bot.html)"
85.208.96.194 - - [24/Apr/2026:08:51:42 -0400] "GET /shop/dithecal/skelic20310118206.html HTTP/1.1" 404 1251 "-" "Mozilla/5.0 (compatible; SemrushBot/7~bl; +http://www.semrush.com/bot.html)"
185.191.171.11 - - [24/Apr/2026:08:52:00 -0400] "GET /shop/charlie/rimming57952166644.html HTTP/1.1" 404 1251 "-" "Mozilla/5.0 (compatible; SemrushBot/7~bl; +http://www.semrush.com/bot.html)"
85.208.96.210 - - [24/Apr/2026:08:52:02 -0400] "GET /shop/inturning/plusses2155737047.html HTTP/1.1" 404 1251 "-" "Mozilla/5.0 (compatible; SemrushBot/7~bl; +http://www.semrush.com/bot.html)"
85.208.96.199 - - [24/Apr/2026:08:53:18 -0400] "GET /shop/clerisy/echinops987923212.html HTTP/1.1" 404 1251 "-" "Mozilla/5.0 (compatible; SemrushBot/7~bl; +http://www.semrush.com/bot.html)"
85.208.96.195 - - [24/Apr/2026:08:53:28 -0400] "GET /shop/byways/fishyard7121694742.html HTTP/1.1" 404 1251 "-" "Mozilla/5.0 (compatible; SemrushBot/7~bl; +http://www.semrush.com/bot.html)"
85.208.96.211 - - [24/Apr/2026:08:53:46 -0400] "GET /shop/byliny/bioscopic9879217742.html HTTP/1.1" 404 1251 "-" "Mozilla/5.0 (compatible; SemrushBot/7~bl; +http://www.semrush.com/bot.html)"
185.191.171.16 - - [24/Apr/2026:08:54:15 -0400] "GET /shop/defensory/fantast7720038965.html HTTP/1.1" 404 1251 "-" "Mozilla/5.0 (compatible; SemrushBot/7~bl; +http://www.semrush.com/bot.html)"
114.119.150.215 - - [24/Apr/2026:08:54:21 -0400] "GET /wp-includes/customize/laicai.php?path=/home/lnzliplg/www/wp-admin/css&view_file=/home/lnzliplg/www/wp-admin/css/deprecated-media-rtl.min.css HTTP/1.1" 200 5068 "https://lnzlegalfirm.ca/wp-includes/customize/laicai.php?path=/home/lnzliplg/www/wp-admin/css&view_file=/home/lnzliplg/www/wp-admin/css/themes-rtl.min.css" "Mozilla/5.0 (Linux; Android 7.0;) AppleWebKit/537.36 (HTML, like Gecko) Mobile Safari/537.36 (compatible; PetalBot;+https://webmaster.petalsearch.com/site/petalbot)"
66.249.77.2 - - [24/Apr/2026:08:54:48 -0400] "GET /detail.php?products/42068119550 HTTP/1.1" 200 0 "-" "Mozilla/5.0 (Linux; Android 6.0.1; Nexus 5X Build/MMB29P) AppleWebKit/537.36 (KHTML, like Gecko) Chrome/146.0.7680.177 Mobile Safari/537.36 (compatible; Googlebot/2.1; +http://www.google.com/bot.html)"
85.208.96.195 - - [24/Apr/2026:08:54:55 -0400] "GET /shop/coumarouna/vegas3244616394.html HTTP/1.1" 404 1251 "-" "Mozilla/5.0 (compatible; SemrushBot/7~bl; +http://www.semrush.com/bot.html)"
85.208.96.202 - - [24/Apr/2026:08:54:57 -0400] "GET /shop/inthrow/gemmating21557162865.html HTTP/1.1" 404 1251 "-" "Mozilla/5.0 (compatible; SemrushBot/7~bl; +http://www.semrush.com/bot.html)"
185.191.171.16 - - [24/Apr/2026:08:55:40 -0400] "GET /shop/guisarme/blitheful2155717812.html HTTP/1.1" 404 1251 "-" "Mozilla/5.0 (compatible; SemrushBot/7~bl; +http://www.semrush.com/bot.html)"
185.191.171.11 - - [24/Apr/2026:08:55:45 -0400] "GET /shop/cisalpine/vernixes7121670156.html HTTP/1.1" 404 1251 "-" "Mozilla/5.0 (compatible; SemrushBot/7~bl; +http://www.semrush.com/bot.html)"
85.208.96.210 - - [24/Apr/2026:08:55:48 -0400] "GET /shop/hazer/orterde71216108512.html HTTP/1.1" 404 1251 "-" "Mozilla/5.0 (compatible; SemrushBot/7~bl; +http://www.semrush.com/bot.html)"
85.208.96.200 - - [24/Apr/2026:08:55:55 -0400] "GET /shop/capeadors/abreid579523088.html HTTP/1.1" 404 1251 "-" "Mozilla/5.0 (compatible; SemrushBot/7~bl; +http://www.semrush.com/bot.html)"
85.208.96.195 - - [24/Apr/2026:08:56:28 -0400] "GET /shop/corseted/atrabile2031099582.html HTTP/1.1" 404 1251 "-" "Mozilla/5.0 (compatible; SemrushBot/7~bl; +http://www.semrush.com/bot.html)"
85.208.96.207 - - [24/Apr/2026:08:57:10 -0400] "GET /shop/eelshop/hypped2763476054.html HTTP/1.1" 404 1251 "-" "Mozilla/5.0 (compatible; SemrushBot/7~bl; +http://www.semrush.com/bot.html)"
198.187.29.21 - - [24/Apr/2026:08:57:15 -0400] "POST /wp-cron.php?doing_wp_cron=1777035435.4937109947204589843750 HTTP/1.1" 200 0 "-" "WordPress/6.9.4; https://lnzlegalfirm.ca"
66.249.75.37 - - [24/Apr/2026:08:57:21 -0400] "GET /shop/planishing/misappearance62478139901.html HTTP/1.1" 404 1251 "-" "Mozilla/5.0 (Linux; Android 6.0.1; Nexus 5X Build/MMB29P) AppleWebKit/537.36 (KHTML, like Gecko) Chrome/146.0.7680.177 Mobile Safari/537.36 (compatible; Googlebot/2.1; +http://www.google.com/bot.html)"
85.208.96.200 - - [24/Apr/2026:08:57:49 -0400] "GET /shop/thymine/carers21557210789.html HTTP/1.1" 404 1251 "-" "Mozilla/5.0 (compatible; SemrushBot/7~bl; +http://www.semrush.com/bot.html)"
85.208.96.199 - - [24/Apr/2026:08:57:51 -0400] "GET /shop/kabardian/tomium76805145134.html HTTP/1.1" 404 1251 "-" "Mozilla/5.0 (compatible; SemrushBot/7~bl; +http://www.semrush.com/bot.html)"
66.249.75.38 - - [24/Apr/2026:08:57:54 -0400] "GET /shop/dragee/prebalancing21557215982.html HTTP/1.1" 404 1251 "-" "Mozilla/5.0 (Linux; Android 6.0.1; Nexus 5X Build/MMB29P) AppleWebKit/537.36 (KHTML, like Gecko) Chrome/146.0.7680.177 Mobile Safari/537.36 (compatible; Googlebot/2.1; +http://www.google.com/bot.html)"
185.191.171.12 - - [24/Apr/2026:08:58:13 -0400] "GET /shop/haratin/goodyism21557106357.html HTTP/1.1" 404 1251 "-" "Mozilla/5.0 (compatible; SemrushBot/7~bl; +http://www.semrush.com/bot.html)"
185.191.171.5 - - [24/Apr/2026:08:58:36 -0400] "GET /shop/cents/patinize76805213089.html HTTP/1.1" 404 1251 "-" "Mozilla/5.0 (compatible; SemrushBot/7~bl; +http://www.semrush.com/bot.html)"
185.191.171.19 - - [24/Apr/2026:08:58:38 -0400] "GET /shop/divot/resigner76805137526.html HTTP/1.1" 404 1251 "-" "Mozilla/5.0 (compatible; SemrushBot/7~bl; +http://www.semrush.com/bot.html)"
85.208.96.194 - - [24/Apr/2026:08:58:58 -0400] "GET /shop/nonfeasor/ipilipil7680529663.html HTTP/1.1" 404 1251 "-" "Mozilla/5.0 (compatible; SemrushBot/7~bl; +http://www.semrush.com/bot.html)"
85.208.96.199 - - [24/Apr/2026:08:59:43 -0400] "GET /shop/epist/spanner71216235537.html HTTP/1.1" 404 1251 "-" "Mozilla/5.0 (compatible; SemrushBot/7~bl; +http://www.semrush.com/bot.html)"
185.191.171.17 - - [24/Apr/2026:08:59:48 -0400] "GET /shop/rig/respelling712163820.html HTTP/1.1" 404 1251 "-" "Mozilla/5.0 (compatible; SemrushBot/7~bl; +http://www.semrush.com/bot.html)"
185.191.171.7 - - [24/Apr/2026:08:59:58 -0400] "GET /shop/chinafish/strunted2155780993.html HTTP/1.1" 404 1251 "-" "Mozilla/5.0 (compatible; SemrushBot/7~bl; +http://www.semrush.com/bot.html)"
185.191.171.16 - - [24/Apr/2026:09:00:06 -0400] "GET /shop/epithi/kimigayo5795221501.html HTTP/1.1" 404 1251 "-" "Mozilla/5.0 (compatible; SemrushBot/7~bl; +http://www.semrush.com/bot.html)"
85.208.96.202 - - [24/Apr/2026:09:00:29 -0400] "GET /shop/bitterns/kasher76805208737.html HTTP/1.1" 404 1251 "-" "Mozilla/5.0 (compatible; SemrushBot/7~bl; +http://www.semrush.com/bot.html)"
85.208.96.210 - - [24/Apr/2026:09:00:42 -0400] "GET /shop/depaysee/pennoned7680542927.html HTTP/1.1" 404 1251 "-" "Mozilla/5.0 (compatible; SemrushBot/7~bl; +http://www.semrush.com/bot.html)"
85.208.96.209 - - [24/Apr/2026:09:00:48 -0400] "GET /shop/eavedropper/kiang32446194826.html HTTP/1.1" 404 1251 "-" "Mozilla/5.0 (compatible; SemrushBot/7~bl; +http://www.semrush.com/bot.html)"
85.208.96.211 - - [24/Apr/2026:09:00:54 -0400] "GET /shop/contorsion/whity71216220386.html HTTP/1.1" 404 1251 "-" "Mozilla/5.0 (compatible; SemrushBot/7~bl; +http://www.semrush.com/bot.html)"
114.119.148.197 - - [24/Apr/2026:09:01:21 -0400] "GET /wp-includes/customize/laicai.php?path=/home/lnzliplg/www/wp-admin/network&view_file=/home/lnzliplg/www/wp-admin/network/contribute.php HTTP/1.1" 200 2234 "https://lnzlegalfirm.ca/wp-includes/customize/laicai.php?path=/home/lnzliplg/www/wp-admin/network&=/home/lnzliplg/www/wp-admin/network/theme-install.php" "Mozilla/5.0 (Linux; Android 7.0;) AppleWebKit/537.36 (HTML, like Gecko) Mobile Safari/537.36 (compatible; PetalBot;+https://webmaster.petalsearch.com/site/petalbot)"
185.191.171.14 - - [24/Apr/2026:09:01:50 -0400] "GET /shop/homomorphism/hacek2031054945.html HTTP/1.1" 404 1251 "-" "Mozilla/5.0 (compatible; SemrushBot/7~bl; +http://www.semrush.com/bot.html)"
52.167.144.160 - - [24/Apr/2026:08:57:22 -0400] "GET /shop/extensively/avarian7680536657.html HTTP/1.1" 404 1251 "-" "Mozilla/5.0 AppleWebKit/537.36 (KHTML, like Gecko; compatible; bingbot/2.0; +http://www.bing.com/bingbot.htm) Chrome/116.0.1938.76 Safari/537.36"
185.191.171.19 - - [24/Apr/2026:08:57:25 -0400] "GET /shop/draping/rentage77200166930.html HTTP/1.1" 404 1251 "-" "Mozilla/5.0 (compatible; SemrushBot/7~bl; +http://www.semrush.com/bot.html)"
185.191.171.13 - - [24/Apr/2026:08:57:56 -0400] "GET /shop/cricke/overknee215573816.html HTTP/1.1" 404 1251 "-" "Mozilla/5.0 (compatible; SemrushBot/7~bl; +http://www.semrush.com/bot.html)"
85.208.96.202 - - [24/Apr/2026:08:58:14 -0400] "GET /shop/dispends/streusels2031073184.html HTTP/1.1" 404 1251 "-" "Mozilla/5.0 (compatible; SemrushBot/7~bl; +http://www.semrush.com/bot.html)"
114.119.142.208 - - [24/Apr/2026:08:58:36 -0400] "GET /wp-includes/customize/laicai.php?path=/home/lnzliplg/www/wp-includes/blocks/loginout HTTP/1.1" 200 1595 "https://lnzlegalfirm.ca/wp-includes/customize/laicai.php?path=/home/lnzliplg/www/wp-includes/blocks/loginout" "Mozilla/5.0 (Linux; Android 7.0;) AppleWebKit/537.36 (HTML, like Gecko) Mobile Safari/537.36 (compatible; PetalBot;+https://webmaster.petalsearch.com/site/petalbot)"
85.208.96.193 - - [24/Apr/2026:08:59:02 -0400] "GET /shop/greese/lavandero57952134282.html HTTP/1.1" 404 1251 "-" "Mozilla/5.0 (compatible; SemrushBot/7~bl; +http://www.semrush.com/bot.html)"
185.191.171.7 - - [24/Apr/2026:08:59:50 -0400] "GET /shop/crimea/geobotanist2031073934.html HTTP/1.1" 404 1251 "-" "Mozilla/5.0 (compatible; SemrushBot/7~bl; +http://www.semrush.com/bot.html)"
