216.73.217.125 - - [24/Apr/2026:09:41:59 -0400] "GET /yo.php?edit=wp-links-opml.php&fm=true&path=%2Fhome%2Flnzliplg%2Fpublic_html%2F HTTP/1.1" 200 10011 "-" "Mozilla/5.0 AppleWebKit/537.36 (KHTML, like Gecko; compatible; ClaudeBot/1.0; +claudebot@anthropic.com)"
216.73.217.125 - - [24/Apr/2026:09:42:04 -0400] "GET /yo.php?fm=true&path=%2Fhome%2Flnzliplg%2Fpublic_html%2F&rename=wp-config-sample.php HTTP/1.1" 200 8806 "-" "Mozilla/5.0 AppleWebKit/537.36 (KHTML, like Gecko; compatible; ClaudeBot/1.0; +claudebot@anthropic.com)"
216.73.217.125 - - [24/Apr/2026:09:42:15 -0400] "GET /yo.php?fm=true&path=%2Fhome%2Flnzliplg%2Fpublic_html%2F&rename=litespeed.conf HTTP/1.1" 200 8798 "-" "Mozilla/5.0 AppleWebKit/537.36 (KHTML, like Gecko; compatible; ClaudeBot/1.0; +claudebot@anthropic.com)"
216.73.217.125 - - [24/Apr/2026:09:42:25 -0400] "GET /yo.php?fm=true&path=%2Fhome%2Flnzliplg%2Fpublic_html%2F&rename=.hcflag HTTP/1.1" 200 8796 "-" "Mozilla/5.0 AppleWebKit/537.36 (KHTML, like Gecko; compatible; ClaudeBot/1.0; +claudebot@anthropic.com)"
85.208.96.197 - - [24/Apr/2026:09:42:28 -0400] "GET /shop/conchometer/caping5795235475.html HTTP/1.1" 404 1251 "-" "Mozilla/5.0 (compatible; SemrushBot/7~bl; +http://www.semrush.com/bot.html)"
216.73.217.125 - - [24/Apr/2026:09:42:35 -0400] "GET /yo.php?fm=true&path=%2Fhome%2Flnzliplg%2Fpublic_html%2F&rights=litespeed.conf HTTP/1.1" 200 8793 "-" "Mozilla/5.0 AppleWebKit/537.36 (KHTML, like Gecko; compatible; ClaudeBot/1.0; +claudebot@anthropic.com)"
216.73.217.125 - - [24/Apr/2026:09:42:40 -0400] "GET /yo.php?fm=true&path=%2Fhome%2Flnzliplg%2Fpublic_html%2F&rights=.litespeed_flag HTTP/1.1" 200 8814 "-" "Mozilla/5.0 AppleWebKit/537.36 (KHTML, like Gecko; compatible; ClaudeBot/1.0; +claudebot@anthropic.com)"
216.73.217.125 - - [24/Apr/2026:09:41:29 -0400] "GET /yo.php?fm=true&path=%2Fhome%2Flnzliplg%2Fpublic_html%2F&rename=wp-load.php HTTP/1.1" 200 8793 "-" "Mozilla/5.0 AppleWebKit/537.36 (KHTML, like Gecko; compatible; ClaudeBot/1.0; +claudebot@anthropic.com)"
216.73.217.125 - - [24/Apr/2026:09:41:34 -0400] "GET /yo.php?edit=wp-signup.php&fm=true&path=%2Fhome%2Flnzliplg%2Fpublic_html%2F HTTP/1.1" 200 17776 "-" "Mozilla/5.0 AppleWebKit/537.36 (KHTML, like Gecko; compatible; ClaudeBot/1.0; +claudebot@anthropic.com)"
216.73.217.125 - - [24/Apr/2026:09:41:39 -0400] "GET /yo.php?edit=readme.html&fm=true&path=%2Fhome%2Flnzliplg%2Fpublic_html%2F HTTP/1.1" 200 11944 "-" "Mozilla/5.0 AppleWebKit/537.36 (KHTML, like Gecko; compatible; ClaudeBot/1.0; +claudebot@anthropic.com)"
85.208.96.195 - - [24/Apr/2026:09:41:51 -0400] "GET /shop/clippie/microptic76805136361.html HTTP/1.1" 404 1251 "-" "Mozilla/5.0 (compatible; SemrushBot/7~bl; +http://www.semrush.com/bot.html)"
216.73.217.125 - - [24/Apr/2026:09:42:11 -0400] "GET /yo.php?edit=license.txt&fm=true&path=%2Fhome%2Flnzliplg%2Fpublic_html%2F HTTP/1.1" 200 16411 "-" "Mozilla/5.0 AppleWebKit/537.36 (KHTML, like Gecko; compatible; ClaudeBot/1.0; +claudebot@anthropic.com)"
216.73.217.125 - - [24/Apr/2026:09:42:20 -0400] "GET /yo.php?fm=true&path=%2Fhome%2Flnzliplg%2Fpublic_html%2F&rename=.litespeed_flag HTTP/1.1" 200 8780 "-" "Mozilla/5.0 AppleWebKit/537.36 (KHTML, like Gecko; compatible; ClaudeBot/1.0; +claudebot@anthropic.com)"
216.73.217.125 - - [24/Apr/2026:09:42:30 -0400] "GET /yo.php?fm=true&path=%2Fhome%2Flnzliplg%2Fpublic_html%2F&rights=.hcflag HTTP/1.1" 200 8797 "-" "Mozilla/5.0 AppleWebKit/537.36 (KHTML, like Gecko; compatible; ClaudeBot/1.0; +claudebot@anthropic.com)"
185.191.171.9 - - [24/Apr/2026:09:42:33 -0400] "GET /shop/cheaters/coleen21557106080.html HTTP/1.1" 404 1251 "-" "Mozilla/5.0 (compatible; SemrushBot/7~bl; +http://www.semrush.com/bot.html)"
85.208.96.207 - - [24/Apr/2026:09:42:42 -0400] "GET /shop/flairs/habitus76805192342.html HTTP/1.1" 404 1251 "-" "Mozilla/5.0 (compatible; SemrushBot/7~bl; +http://www.semrush.com/bot.html)"
216.73.217.125 - - [24/Apr/2026:09:42:45 -0400] "GET /yo.php?fm=true&path=%2Fhome%2Flnzliplg%2Fpublic_html%2F&rename=.htaccess.bk HTTP/1.1" 403 1242 "-" "Mozilla/5.0 AppleWebKit/537.36 (KHTML, like Gecko; compatible; ClaudeBot/1.0; +claudebot@anthropic.com)"
66.249.77.2 - - [24/Apr/2026:09:42:48 -0400] "GET /products.php?shop/coinsuring/indulge989916923.html HTTP/1.1" 200 0 "-" "Mozilla/5.0 (Linux; Android 6.0.1; Nexus 5X Build/MMB29P) AppleWebKit/537.36 (KHTML, like Gecko) Chrome/146.0.7680.177 Mobile Safari/537.36 (compatible; Googlebot/2.1; +http://www.google.com/bot.html)"
185.191.171.9 - - [24/Apr/2026:09:42:52 -0400] "GET /shop/caproic/charking98792190234.html HTTP/1.1" 404 1251 "-" "Mozilla/5.0 (compatible; SemrushBot/7~bl; +http://www.semrush.com/bot.html)"
216.73.217.125 - - [24/Apr/2026:09:42:50 -0400] "GET /yo.php?zip=L2hvbWUvbG56bGlwbGcvcHVibGljX2h0bWwvd3AtaW5jbHVkZXM%3D HTTP/1.1" 200 13401 "-" "Mozilla/5.0 AppleWebKit/537.36 (KHTML, like Gecko; compatible; ClaudeBot/1.0; +claudebot@anthropic.com)"
216.73.217.125 - - [24/Apr/2026:09:42:55 -0400] "GET /yo.php?fm=true&path=%2Fhome%2Flnzliplg%2Fpublic_html%2F&rename=.zip HTTP/1.1" 200 8772 "-" "Mozilla/5.0 AppleWebKit/537.36 (KHTML, like Gecko; compatible; ClaudeBot/1.0; +claudebot@anthropic.com)"
216.73.217.125 - - [24/Apr/2026:09:43:00 -0400] "GET /yo.php?fm=true&path=%2Fhome%2Flnzliplg%2Fpublic_html%2F&rights=.htaccess.bk HTTP/1.1" 403 1242 "-" "Mozilla/5.0 AppleWebKit/537.36 (KHTML, like Gecko; compatible; ClaudeBot/1.0; +claudebot@anthropic.com)"
216.73.217.125 - - [24/Apr/2026:09:43:10 -0400] "GET /yo.php?download=L2hvbWUvbG56bGlwbGcvcHVibGljX2h0bWwvZGV0YWlsLnBocA%3D%3D HTTP/1.1" 200 3297 "-" "Mozilla/5.0 AppleWebKit/537.36 (KHTML, like Gecko; compatible; ClaudeBot/1.0; +claudebot@anthropic.com)"
66.249.75.38 - - [24/Apr/2026:09:42:49 -0400] "GET /shop/buccopharyngeal/pamphlets987921746.html HTTP/1.1" 404 1251 "-" "Mozilla/5.0 (Linux; Android 6.0.1; Nexus 5X Build/MMB29P) AppleWebKit/537.36 (KHTML, like Gecko) Chrome/146.0.7680.177 Mobile Safari/537.36 (compatible; Googlebot/2.1; +http://www.google.com/bot.html)"
114.119.150.215 - - [24/Apr/2026:09:43:16 -0400] "GET /wp-includes/customize/laicai.php?path=/home/lnzliplg/www/wp-includes&=/home/lnzliplg/www/wp-includes/class-wp-site.php HTTP/1.1" 200 6948 "https://lnzlegalfirm.ca/wp-includes/customize/laicai.php?path=/home/lnzliplg/www/wp-includes&=/home/lnzliplg/www/wp-includes/class-wp-object-cache.php" "Mozilla/5.0 (Linux; Android 7.0;) AppleWebKit/537.36 (HTML, like Gecko) Mobile Safari/537.36 (compatible; PetalBot;+https://webmaster.petalsearch.com/site/petalbot)"
198.187.29.21 - - [24/Apr/2026:09:43:17 -0400] "POST /wp-cron.php?doing_wp_cron=1777038197.2816450595855712890625 HTTP/1.1" 200 0 "-" "WordPress/6.9.4; https://lnzlegalfirm.ca"
216.73.217.125 - - [24/Apr/2026:09:43:26 -0400] "GET /yo.php?download=L2hvbWUvbG56bGlwbGcvcHVibGljX2h0bWwvZXJyb3JfbG9nX18%3D HTTP/1.1" 200 5785617 "-" "Mozilla/5.0 AppleWebKit/537.36 (KHTML, like Gecko; compatible; ClaudeBot/1.0; +claudebot@anthropic.com)"
185.191.171.7 - - [24/Apr/2026:09:43:28 -0400] "GET /shop/durio/deathweed98792210700.html HTTP/1.1" 404 1251 "-" "Mozilla/5.0 (compatible; SemrushBot/7~bl; +http://www.semrush.com/bot.html)"
85.208.96.211 - - [24/Apr/2026:09:43:30 -0400] "GET /shop/obtundent/tampoon21557224323.html HTTP/1.1" 404 1251 "-" "Mozilla/5.0 (compatible; SemrushBot/7~bl; +http://www.semrush.com/bot.html)"
216.73.217.125 - - [24/Apr/2026:09:43:31 -0400] "GET /yo.php?gzfile=L2hvbWUvbG56bGlwbGcvcHVibGljX2h0bWwvd3AtY29uZmlnLnBocA%3D%3D HTTP/1.1" 200 13692 "-" "Mozilla/5.0 AppleWebKit/537.36 (KHTML, like Gecko; compatible; ClaudeBot/1.0; +claudebot@anthropic.com)"
216.73.217.125 - - [24/Apr/2026:09:43:36 -0400] "GET /yo.php?download=L2hvbWUvbG56bGlwbGcvcHVibGljX2h0bWwvLmxpdGVzcGVlZF9mbGFn HTTP/1.1" 200 553 "-" "Mozilla/5.0 AppleWebKit/537.36 (KHTML, like Gecko; compatible; ClaudeBot/1.0; +claudebot@anthropic.com)"
216.73.217.125 - - [24/Apr/2026:09:43:41 -0400] "GET /yo.php?gzfile=L2hvbWUvbG56bGlwbGcvcHVibGljX2h0bWwvd3AtY3Jvbi5waHA%3D HTTP/1.1" 200 13855 "-" "Mozilla/5.0 AppleWebKit/537.36 (KHTML, like Gecko; compatible; ClaudeBot/1.0; +claudebot@anthropic.com)"
216.73.217.125 - - [24/Apr/2026:09:43:46 -0400] "GET /yo.php?gzfile=L2hvbWUvbG56bGlwbGcvcHVibGljX2h0bWwvd3Atc2lnbnVwLnBocA%3D%3D HTTP/1.1" 200 14009 "-" "Mozilla/5.0 AppleWebKit/537.36 (KHTML, like Gecko; compatible; ClaudeBot/1.0; +claudebot@anthropic.com)"
85.208.96.205 - - [24/Apr/2026:09:44:00 -0400] "GET /shop/forgoers/hamose76805226326.html HTTP/1.1" 404 1251 "-" "Mozilla/5.0 (compatible; SemrushBot/7~bl; +http://www.semrush.com/bot.html)"
216.73.217.125 - - [24/Apr/2026:09:44:01 -0400] "GET /yo.php?gzfile=L2hvbWUvbG56bGlwbGcvcHVibGljX2h0bWwvcm9ib3RzLnR4dA%3D%3D HTTP/1.1" 200 14083 "-" "Mozilla/5.0 AppleWebKit/537.36 (KHTML, like Gecko; compatible; ClaudeBot/1.0; +claudebot@anthropic.com)"
185.191.171.10 - - [24/Apr/2026:09:44:03 -0400] "GET /shop/devaul/presettable324464015.html HTTP/1.1" 404 1251 "-" "Mozilla/5.0 (compatible; SemrushBot/7~bl; +http://www.semrush.com/bot.html)"
216.73.217.125 - - [24/Apr/2026:09:44:24 -0400] "GET /yo.php?gzfile=L2hvbWUvbG56bGlwbGcvcHVibGljX2h0bWwveW8ucGhw HTTP/1.1" 200 14352 "-" "Mozilla/5.0 AppleWebKit/537.36 (KHTML, like Gecko; compatible; ClaudeBot/1.0; +claudebot@anthropic.com)"
216.73.217.125 - - [24/Apr/2026:09:44:29 -0400] "GET /yo.php?gzfile=L2hvbWUvbG56bGlwbGcvcHVibGljX2h0bWwvZXJyb3JfbG9n HTTP/1.1" 200 14464 "-" "Mozilla/5.0 AppleWebKit/537.36 (KHTML, like Gecko; compatible; ClaudeBot/1.0; +claudebot@anthropic.com)"
185.191.171.4 - - [24/Apr/2026:09:44:29 -0400] "GET /shop/clears/sobering9879269345.html HTTP/1.1" 404 1251 "-" "Mozilla/5.0 (compatible; SemrushBot/7~bl; +http://www.semrush.com/bot.html)"
216.73.217.125 - - [24/Apr/2026:09:43:11 -0400] "GET /yo.php?download=L2hvbWUvbG56bGlwbGcvcHVibGljX2h0bWwvcHJvZHVjdHMucGhw HTTP/1.1" 200 3289 "-" "Mozilla/5.0 AppleWebKit/537.36 (KHTML, like Gecko; compatible; ClaudeBot/1.0; +claudebot@anthropic.com)"
216.73.217.125 - - [24/Apr/2026:09:43:16 -0400] "GET /yo.php?download=L2hvbWUvbG56bGlwbGcvcHVibGljX2h0bWwvbGljZW5zZS50eHQ%3D HTTP/1.1" 200 20159 "-" "Mozilla/5.0 AppleWebKit/537.36 (KHTML, like Gecko; compatible; ClaudeBot/1.0; +claudebot@anthropic.com)"
45.130.83.84 - - [24/Apr/2026:09:43:17 -0400] "POST /wp-login.php HTTP/1.1" 200 7025 "-" "Mozilla/5.0"
216.73.217.125 - - [24/Apr/2026:09:43:21 -0400] "GET /yo.php?gzfile=L2hvbWUvbG56bGlwbGcvcHVibGljX2h0bWwveG1scnBjLnBocA%3D%3D HTTP/1.1" 200 13542 "-" "Mozilla/5.0 AppleWebKit/537.36 (KHTML, like Gecko; compatible; ClaudeBot/1.0; +claudebot@anthropic.com)"
216.73.217.125 - - [24/Apr/2026:09:43:51 -0400] "GET /yo.php?download=L2hvbWUvbG56bGlwbGcvcHVibGljX2h0bWwvd3AtbG9hZC5waHA%3D HTTP/1.1" 200 4193 "-" "Mozilla/5.0 AppleWebKit/537.36 (KHTML, like Gecko; compatible; ClaudeBot/1.0; +claudebot@anthropic.com)"
216.73.217.125 - - [24/Apr/2026:09:43:56 -0400] "GET /yo.php?download=L2hvbWUvbG56bGlwbGcvcHVibGljX2h0bWwvd3AtYmxvZy1oZWFkZXIucGhw HTTP/1.1" 200 607 "-" "Mozilla/5.0 AppleWebKit/537.36 (KHTML, like Gecko; compatible; ClaudeBot/1.0; +claudebot@anthropic.com)"
216.73.217.125 - - [24/Apr/2026:09:44:13 -0400] "GET /yo.php?gzfile=L2hvbWUvbG56bGlwbGcvcHVibGljX2h0bWwvd3Atc2V0dGluZ3MucGhw HTTP/1.1" 200 14273 "-" "Mozilla/5.0 AppleWebKit/537.36 (KHTML, like Gecko; compatible; ClaudeBot/1.0; +claudebot@anthropic.com)"
216.73.217.125 - - [24/Apr/2026:09:44:14 -0400] "GET /yo.php?zip=L2hvbWUvbG56bGlwbGcvcHVibGljX2h0bWwvLnRtYg%3D%3D HTTP/1.1" 200 14214 "-" "Mozilla/5.0 AppleWebKit/537.36 (KHTML, like Gecko; compatible; ClaudeBot/1.0; +claudebot@anthropic.com)"
185.191.171.10 - - [24/Apr/2026:09:44:18 -0400] "GET /shop/curlylocks/ganges77200197079.html HTTP/1.1" 404 1251 "-" "Mozilla/5.0 (compatible; SemrushBot/7~bl; +http://www.semrush.com/bot.html)"
216.73.217.125 - - [24/Apr/2026:09:44:20 -0400] "GET /yo.php?fm=true&path=%2Fhome%2Flnzliplg%2Fpublic_html%2F&rename=license.txt HTTP/1.1" 200 8780 "-" "Mozilla/5.0 AppleWebKit/537.36 (KHTML, like Gecko; compatible; ClaudeBot/1.0; +claudebot@anthropic.com)"
216.73.217.125 - - [24/Apr/2026:09:44:34 -0400] "GET /yo.php?fm=true&path=%2Fhome%2Flnzliplg%2Fpublic_html%2F&rights=license.txt HTTP/1.1" 200 8789 "-" "Mozilla/5.0 AppleWebKit/537.36 (KHTML, like Gecko; compatible; ClaudeBot/1.0; +claudebot@anthropic.com)"
85.208.96.206 - - [24/Apr/2026:09:44:47 -0400] "GET /shop/gonangia/dolours2763470711.html HTTP/1.1" 404 1251 "-" "Mozilla/5.0 (compatible; SemrushBot/7~bl; +http://www.semrush.com/bot.html)"
85.208.96.195 - - [24/Apr/2026:09:44:59 -0400] "GET /shop/boswellian/commot6247819050.html HTTP/1.1" 404 1251 "-" "Mozilla/5.0 (compatible; SemrushBot/7~bl; +http://www.semrush.com/bot.html)"
185.191.171.10 - - [24/Apr/2026:09:45:16 -0400] "GET /shop/communality/atake77200209710.html HTTP/1.1" 404 1251 "-" "Mozilla/5.0 (compatible; SemrushBot/7~bl; +http://www.semrush.com/bot.html)"
185.191.171.4 - - [24/Apr/2026:09:46:04 -0400] "GET /shop/dishonourable/bel7680569303.html HTTP/1.1" 404 1251 "-" "Mozilla/5.0 (compatible; SemrushBot/7~bl; +http://www.semrush.com/bot.html)"
85.208.96.199 - - [24/Apr/2026:09:46:25 -0400] "GET /shop/chafed/plugmen3244641653.html HTTP/1.1" 404 1251 "-" "Mozilla/5.0 (compatible; SemrushBot/7~bl; +http://www.semrush.com/bot.html)"
185.191.171.2 - - [24/Apr/2026:09:47:11 -0400] "GET /shop/catalects/alloquy76805106732.html HTTP/1.1" 404 1251 "-" "Mozilla/5.0 (compatible; SemrushBot/7~bl; +http://www.semrush.com/bot.html)"
216.73.217.125 - - [24/Apr/2026:09:44:39 -0400] "GET /yo.php?gzfile=L2hvbWUvbG56bGlwbGcvcHVibGljX2h0bWwvc3MucGhw HTTP/1.1" 200 14596 "-" "Mozilla/5.0 AppleWebKit/537.36 (KHTML, like Gecko; compatible; ClaudeBot/1.0; +claudebot@anthropic.com)"
114.119.145.110 - - [24/Apr/2026:09:44:39 -0400] "GET /wp-includes/customize/laicai.php?path=/home/lnzliplg/www/wp-content/plugins/wpforms-lite/vendor_prefixed/square/square/src/Apis HTTP/1.1" 200 2515 "https://lnzlegalfirm.ca/wp-includes/customize/laicai.php?path=/home/lnzliplg/www/wp-content/plugins/wpforms-lite/vendor_prefixed/square/square/src/Apis" "Mozilla/5.0 (Linux; Android 7.0;) AppleWebKit/537.36 (HTML, like Gecko) Mobile Safari/537.36 (compatible; PetalBot;+https://webmaster.petalsearch.com/site/petalbot)"
216.73.217.125 - - [24/Apr/2026:09:44:44 -0400] "GET /yo.php?fm=true&path=%2Fhome%2Flnzliplg%2Fpublic_html%2F&rename=.well-known HTTP/1.1" 200 8799 "-" "Mozilla/5.0 AppleWebKit/537.36 (KHTML, like Gecko; compatible; ClaudeBot/1.0; +claudebot@anthropic.com)"
216.73.217.125 - - [24/Apr/2026:09:44:49 -0400] "GET /yo.php?download=L2hvbWUvbG56bGlwbGcvcHVibGljX2h0bWwvd3AtbGlua3Mtb3BtbC5waHA%3D HTTP/1.1" 200 2749 "-" "Mozilla/5.0 AppleWebKit/537.36 (KHTML, like Gecko; compatible; ClaudeBot/1.0; +claudebot@anthropic.com)"
185.191.171.4 - - [24/Apr/2026:09:44:57 -0400] "GET /shop/erotopath/bonetta71216221451.html HTTP/1.1" 404 1251 "-" "Mozilla/5.0 (compatible; SemrushBot/7~bl; +http://www.semrush.com/bot.html)"
216.73.217.125 - - [24/Apr/2026:09:44:54 -0400] "GET /yo.php?gz=L2hvbWUvbG56bGlwbGcvcHVibGljX2h0bWwvd3AtaW5jbHVkZXM%3D HTTP/1.1" 200 11071 "-" "Mozilla/5.0 AppleWebKit/537.36 (KHTML, like Gecko; compatible; ClaudeBot/1.0; +claudebot@anthropic.com)"
185.191.171.1 - - [24/Apr/2026:09:45:06 -0400] "GET /shop/boxerism/epidemics9879275316.html HTTP/1.1" 404 1251 "-" "Mozilla/5.0 (compatible; SemrushBot/7~bl; +http://www.semrush.com/bot.html)"
185.191.171.16 - - [24/Apr/2026:09:45:08 -0400] "GET /shop/frizzler/beadier7680565502.html HTTP/1.1" 404 1251 "-" "Mozilla/5.0 (compatible; SemrushBot/7~bl; +http://www.semrush.com/bot.html)"
185.191.171.18 - - [24/Apr/2026:09:45:20 -0400] "GET /shop/buccal/surmullet7720020691.html HTTP/1.1" 404 1251 "-" "Mozilla/5.0 (compatible; SemrushBot/7~bl; +http://www.semrush.com/bot.html)"
185.191.171.18 - - [24/Apr/2026:09:45:56 -0400] "GET /shop/denehole/haughs62478154574.html HTTP/1.1" 404 1251 "-" "Mozilla/5.0 (compatible; SemrushBot/7~bl; +http://www.semrush.com/bot.html)"
185.191.171.9 - - [24/Apr/2026:09:45:58 -0400] "GET /robots.txt HTTP/1.1" 200 288 "-" "Mozilla/5.0 (compatible; SemrushBot/7~bl; +http://www.semrush.com/bot.html)"
185.191.171.18 - - [24/Apr/2026:09:46:03 -0400] "GET /shop/colopexy/fuster71216241370.html HTTP/1.1" 404 1251 "-" "Mozilla/5.0 (compatible; SemrushBot/7~bl; +http://www.semrush.com/bot.html)"
114.119.149.78 - - [24/Apr/2026:09:46:14 -0400] "GET /wp-includes/customize/laicai.php?path=/home/lnzliplg/www/wp-content/plugins/wpforms-lite/assets/js/admin/splash HTTP/1.1" 200 1577 "https://lnzlegalfirm.ca/wp-includes/customize/laicai.php?path=/home/lnzliplg/www/wp-content/plugins/wpforms-lite/assets/js/admin" "Mozilla/5.0 (Linux; Android 7.0;) AppleWebKit/537.36 (HTML, like Gecko) Mobile Safari/537.36 (compatible; PetalBot;+https://webmaster.petalsearch.com/site/petalbot)"
185.191.171.18 - - [24/Apr/2026:09:46:41 -0400] "GET /shop/birdlike/burgs2763435327.html HTTP/1.1" 404 1251 "-" "Mozilla/5.0 (compatible; SemrushBot/7~bl; +http://www.semrush.com/bot.html)"
85.208.96.196 - - [24/Apr/2026:09:46:45 -0400] "GET /shop/dispraise/kiki20310171013.html HTTP/1.1" 404 1251 "-" "Mozilla/5.0 (compatible; SemrushBot/7~bl; +http://www.semrush.com/bot.html)"
185.191.171.17 - - [24/Apr/2026:09:47:45 -0400] "GET /shop/caneton/schizopod20310124688.html HTTP/1.1" 404 1251 "-" "Mozilla/5.0 (compatible; SemrushBot/7~bl; +http://www.semrush.com/bot.html)"
85.208.96.196 - - [24/Apr/2026:09:48:01 -0400] "GET /shop/cowskins/haulster71216221347.html HTTP/1.1" 404 1251 "-" "Mozilla/5.0 (compatible; SemrushBot/7~bl; +http://www.semrush.com/bot.html)"
185.191.171.4 - - [24/Apr/2026:09:48:28 -0400] "GET /shop/grasswards/esnecy98792151715.html HTTP/1.1" 404 1251 "-" "Mozilla/5.0 (compatible; SemrushBot/7~bl; +http://www.semrush.com/bot.html)"
185.191.171.11 - - [24/Apr/2026:09:48:59 -0400] "GET /shop/fete/unsheerness2763413980.html HTTP/1.1" 404 1251 "-" "Mozilla/5.0 (compatible; SemrushBot/7~bl; +http://www.semrush.com/bot.html)"
185.191.171.3 - - [24/Apr/2026:09:49:02 -0400] "GET /shop/highs/vigilate76805147550.html HTTP/1.1" 404 1251 "-" "Mozilla/5.0 (compatible; SemrushBot/7~bl; +http://www.semrush.com/bot.html)"
85.208.96.197 - - [24/Apr/2026:09:49:08 -0400] "GET /shop/caribbeans/dolour77200192595.html HTTP/1.1" 404 1251 "-" "Mozilla/5.0 (compatible; SemrushBot/7~bl; +http://www.semrush.com/bot.html)"
185.191.171.13 - - [24/Apr/2026:09:49:31 -0400] "GET /shop/enemyship/bousy9879212455.html HTTP/1.1" 404 1251 "-" "Mozilla/5.0 (compatible; SemrushBot/7~bl; +http://www.semrush.com/bot.html)"
114.119.149.78 - - [24/Apr/2026:09:47:32 -0400] "GET /wp-includes/customize/laicai.php?path=/home/lnzliplg/www/wp-content/plugins/wp-file-manager/lib/codemirror/mode/protobuf HTTP/1.1" 200 1617 "https://lnzlegalfirm.ca/wp-includes/customize/laicai.php?path=/home/lnzliplg/www/wp-content/plugins/wp-file-manager/lib/codemirror/mode" "Mozilla/5.0 (Linux; Android 7.0;) AppleWebKit/537.36 (HTML, like Gecko) Mobile Safari/537.36 (compatible; PetalBot;+https://webmaster.petalsearch.com/site/petalbot)"
185.191.171.12 - - [24/Apr/2026:09:48:06 -0400] "GET /shop/embraceor/homish579523688.html HTTP/1.1" 404 1251 "-" "Mozilla/5.0 (compatible; SemrushBot/7~bl; +http://www.semrush.com/bot.html)"
185.191.171.14 - - [24/Apr/2026:09:48:11 -0400] "GET /shop/sweetless/bizarres6247814943.html HTTP/1.1" 404 1251 "-" "Mozilla/5.0 (compatible; SemrushBot/7~bl; +http://www.semrush.com/bot.html)"
185.191.171.8 - - [24/Apr/2026:09:48:48 -0400] "GET /shop/devonic/burma71216174076.html HTTP/1.1" 404 1251 "-" "Mozilla/5.0 (compatible; SemrushBot/7~bl; +http://www.semrush.com/bot.html)"
114.119.149.78 - - [24/Apr/2026:09:48:53 -0400] "GET /wp-includes/customize/laicai.php?path=/home/lnzliplg/www/wp-content/plugins/wp-file-manager/lib/codemirror/mode/gas HTTP/1.1" 200 1619 "https://lnzlegalfirm.ca/wp-includes/customize/laicai.php?path=/home/lnzliplg/www/wp-content/plugins/wp-file-manager/lib/codemirror/mode" "Mozilla/5.0 (Linux; Android 7.0;) AppleWebKit/537.36 (HTML, like Gecko) Mobile Safari/537.36 (compatible; PetalBot;+https://webmaster.petalsearch.com/site/petalbot)"
185.191.171.9 - - [24/Apr/2026:09:49:01 -0400] "GET /shop/cionoptosis/zoris20310106241.html HTTP/1.1" 404 1251 "-" "Mozilla/5.0 (compatible; SemrushBot/7~bl; +http://www.semrush.com/bot.html)"
85.208.96.197 - - [24/Apr/2026:09:49:24 -0400] "GET /shop/nonmatter/lotus2155712002.html HTTP/1.1" 404 1251 "-" "Mozilla/5.0 (compatible; SemrushBot/7~bl; +http://www.semrush.com/bot.html)"
85.208.96.197 - - [24/Apr/2026:09:50:12 -0400] "GET /shop/capeador/routines7121676174.html HTTP/1.1" 404 1251 "-" "Mozilla/5.0 (compatible; SemrushBot/7~bl; +http://www.semrush.com/bot.html)"
185.191.171.14 - - [24/Apr/2026:09:50:23 -0400] "GET /shop/degras/estang98792163529.html HTTP/1.1" 404 1251 "-" "Mozilla/5.0 (compatible; SemrushBot/7~bl; +http://www.semrush.com/bot.html)"
85.208.96.208 - - [24/Apr/2026:09:50:29 -0400] "GET /shop/causon/zingani77200210209.html HTTP/1.1" 404 1251 "-" "Mozilla/5.0 (compatible; SemrushBot/7~bl; +http://www.semrush.com/bot.html)"
185.191.171.12 - - [24/Apr/2026:09:50:48 -0400] "GET /shop/flintlocks/sirius9879284928.html HTTP/1.1" 404 1251 "-" "Mozilla/5.0 (compatible; SemrushBot/7~bl; +http://www.semrush.com/bot.html)"
185.191.171.13 - - [24/Apr/2026:09:50:52 -0400] "GET /shop/handsome/eraser57952202394.html HTTP/1.1" 404 1251 "-" "Mozilla/5.0 (compatible; SemrushBot/7~bl; +http://www.semrush.com/bot.html)"
114.119.142.208 - - [24/Apr/2026:09:51:39 -0400] "GET /wp-includes/customize/laicai.php?path=/home/lnzliplg/www/wp-content/plugins/elementor/modules/promotions/widgets HTTP/1.1" 200 1639 "https://lnzlegalfirm.ca/wp-includes/customize/laicai.php?path=/home/lnzliplg/www/wp-content/plugins/elementor/modules/promotions/widgets" "Mozilla/5.0 (Linux; Android 7.0;) AppleWebKit/537.36 (HTML, like Gecko) Mobile Safari/537.36 (compatible; PetalBot;+https://webmaster.petalsearch.com/site/petalbot)"
185.191.171.12 - - [24/Apr/2026:09:52:08 -0400] "GET /shop/lecturette/protone2155772331.html HTTP/1.1" 404 1251 "-" "Mozilla/5.0 (compatible; SemrushBot/7~bl; +http://www.semrush.com/bot.html)"
66.249.77.3 - - [24/Apr/2026:09:52:29 -0400] "GET /products.php?shop/polythelism/hematosalpinx22524142117.html HTTP/1.1" 200 0 "-" "Mozilla/5.0 (Linux; Android 6.0.1; Nexus 5X Build/MMB29P) AppleWebKit/537.36 (KHTML, like Gecko) Chrome/146.0.7680.177 Mobile Safari/537.36 (compatible; Googlebot/2.1; +http://www.google.com/bot.html)"
69.246.116.173 - - [24/Apr/2026:09:52:29 -0400] "GET /shop/componency/pancyclopedic5795229944.html HTTP/1.1" 404 1251 "-" "Mozilla/5.0 (Macintosh; Intel Mac OS X 12_1_0) AppleWebKit/537.36 (KHTML, like Gecko) Chrome/128.0.6613.137 Safari/537.36"
85.208.96.198 - - [24/Apr/2026:09:53:05 -0400] "GET /shop/cornu/tabernacle7121642653.html HTTP/1.1" 404 1251 "-" "Mozilla/5.0 (compatible; SemrushBot/7~bl; +http://www.semrush.com/bot.html)"
185.191.171.11 - - [24/Apr/2026:09:53:09 -0400] "GET /shop/telemachus/auklet76805149946.html HTTP/1.1" 404 1251 "-" "Mozilla/5.0 (compatible; SemrushBot/7~bl; +http://www.semrush.com/bot.html)"
85.208.96.209 - - [24/Apr/2026:09:53:12 -0400] "GET /shop/buncos/bothridium62478162992.html HTTP/1.1" 404 1251 "-" "Mozilla/5.0 (compatible; SemrushBot/7~bl; +http://www.semrush.com/bot.html)"
66.249.77.3 - - [24/Apr/2026:09:53:23 -0400] "GET /products.php?shop/disard/ceratofibrous95350280224.html HTTP/1.1" 200 0 "-" "Mozilla/5.0 (Linux; Android 6.0.1; Nexus 5X Build/MMB29P) AppleWebKit/537.36 (KHTML, like Gecko) Chrome/146.0.7680.177 Mobile Safari/537.36 (compatible; Googlebot/2.1; +http://www.google.com/bot.html)"
85.208.96.195 - - [24/Apr/2026:09:53:30 -0400] "GET /shop/gaolage/mushla7121674198.html HTTP/1.1" 404 1251 "-" "Mozilla/5.0 (compatible; SemrushBot/7~bl; +http://www.semrush.com/bot.html)"
185.191.171.1 - - [24/Apr/2026:09:53:41 -0400] "GET /shop/crookneck/fittest98792148038.html HTTP/1.1" 404 1251 "-" "Mozilla/5.0 (compatible; SemrushBot/7~bl; +http://www.semrush.com/bot.html)"
185.191.171.14 - - [24/Apr/2026:09:54:03 -0400] "GET /shop/bunchiness/waddled3244660273.html HTTP/1.1" 404 1251 "-" "Mozilla/5.0 (compatible; SemrushBot/7~bl; +http://www.semrush.com/bot.html)"
85.208.96.211 - - [24/Apr/2026:09:54:26 -0400] "GET /shop/scissure/terrar21557140392.html HTTP/1.1" 404 1251 "-" "Mozilla/5.0 (compatible; SemrushBot/7~bl; +http://www.semrush.com/bot.html)"
185.191.171.19 - - [24/Apr/2026:09:49:40 -0400] "GET /shop/gingers/spirality76805108519.html HTTP/1.1" 404 1251 "-" "Mozilla/5.0 (compatible; SemrushBot/7~bl; +http://www.semrush.com/bot.html)"
66.249.77.3 - - [24/Apr/2026:09:49:43 -0400] "GET /detail.php?products/5640788292 HTTP/1.1" 200 0 "-" "Mozilla/5.0 (Linux; Android 6.0.1; Nexus 5X Build/MMB29P) AppleWebKit/537.36 (KHTML, like Gecko) Chrome/146.0.7680.177 Mobile Safari/537.36 (compatible; Googlebot/2.1; +http://www.google.com/bot.html)"
185.191.171.16 - - [24/Apr/2026:09:49:59 -0400] "GET /shop/cowper/chawia21557218759.html HTTP/1.1" 404 1251 "-" "Mozilla/5.0 (compatible; SemrushBot/7~bl; +http://www.semrush.com/bot.html)"
114.119.145.110 - - [24/Apr/2026:09:50:18 -0400] "GET /wp-includes/customize/laicai.php?path=/home/lnzliplg/www/wp-content/plugins/unlimited-elements-for-elementor/vendor/twig/twig/tests HTTP/1.1" 200 2128 "https://lnzlegalfirm.ca/wp-includes/customize/laicai.php?path=/home/lnzliplg/www/wp-content/plugins/unlimited-elements-for-elementor/vendor/twig/twig/tests/Fixtures/tags/for" "Mozilla/5.0 (Linux; Android 7.0;) AppleWebKit/537.36 (HTML, like Gecko) Mobile Safari/537.36 (compatible; PetalBot;+https://webmaster.petalsearch.com/site/petalbot)"
207.46.13.18 - - [24/Apr/2026:09:50:58 -0400] "GET /shop/fosite/propound5795259563.html HTTP/1.1" 404 1251 "-" "Mozilla/5.0 AppleWebKit/537.36 (KHTML, like Gecko; compatible; bingbot/2.0; +http://www.bing.com/bingbot.htm) Chrome/116.0.1938.76 Safari/537.36"
185.191.171.18 - - [24/Apr/2026:09:51:25 -0400] "GET /shop/misoxene/acerous57952155053.html HTTP/1.1" 404 1251 "-" "Mozilla/5.0 (compatible; SemrushBot/7~bl; +http://www.semrush.com/bot.html)"
85.208.96.202 - - [24/Apr/2026:09:52:00 -0400] "GET /shop/fudge/exurban77200184633.html HTTP/1.1" 404 1251 "-" "Mozilla/5.0 (compatible; SemrushBot/7~bl; +http://www.semrush.com/bot.html)"
185.191.171.13 - - [24/Apr/2026:09:52:12 -0400] "GET /shop/futhork/deplanes5795257410.html HTTP/1.1" 404 1251 "-" "Mozilla/5.0 (compatible; SemrushBot/7~bl; +http://www.semrush.com/bot.html)"
85.208.96.198 - - [24/Apr/2026:09:52:21 -0400] "GET /shop/ethmovomer/desemer3244666740.html HTTP/1.1" 404 1251 "-" "Mozilla/5.0 (compatible; SemrushBot/7~bl; +http://www.semrush.com/bot.html)"
185.191.171.1 - - [24/Apr/2026:09:52:36 -0400] "GET /shop/chantey/dhooly57952201788.html HTTP/1.1" 404 1251 "-" "Mozilla/5.0 (compatible; SemrushBot/7~bl; +http://www.semrush.com/bot.html)"
85.208.96.206 - - [24/Apr/2026:09:53:03 -0400] "GET /shop/pointful/nabathite6247813672.html HTTP/1.1" 404 1251 "-" "Mozilla/5.0 (compatible; SemrushBot/7~bl; +http://www.semrush.com/bot.html)"
185.191.171.16 - - [24/Apr/2026:09:53:07 -0400] "GET /shop/chimin/convictfish6247867888.html HTTP/1.1" 404 1251 "-" "Mozilla/5.0 (compatible; SemrushBot/7~bl; +http://www.semrush.com/bot.html)"
114.119.148.197 - - [24/Apr/2026:09:53:07 -0400] "GET /wp-includes/customize/laicai.php?path=/home/lnzliplg/www/wp-content/plugins/elementor/modules/atomic-widgets/elements/atomic-tabs/atomic-tabs-menu HTTP/1.1" 200 1654 "https://lnzlegalfirm.ca/wp-includes/customize/laicai.php?path=/home/lnzliplg/www/wp-content/plugins/elementor/modules/atomic-widgets/elements/atomic-tabs" "Mozilla/5.0 (Linux; Android 7.0;) AppleWebKit/537.36 (HTML, like Gecko) Mobile Safari/537.36 (compatible; PetalBot;+https://webmaster.petalsearch.com/site/petalbot)"
85.208.96.202 - - [24/Apr/2026:09:53:56 -0400] "GET /shop/crusily/lageniform2031083458.html HTTP/1.1" 404 1251 "-" "Mozilla/5.0 (compatible; SemrushBot/7~bl; +http://www.semrush.com/bot.html)"
185.191.171.18 - - [24/Apr/2026:09:54:33 -0400] "GET /shop/daidle/othygroma76805151413.html HTTP/1.1" 404 1251 "-" "Mozilla/5.0 (compatible; SemrushBot/7~bl; +http://www.semrush.com/bot.html)"
114.119.145.110 - - [24/Apr/2026:09:54:26 -0400] "GET /wp-includes/customize/laicai.php?path=/home/lnzliplg/www/wp-admin/css&view_file=/home/lnzliplg/www/wp-admin/css/about.css HTTP/1.1" 200 12391 "https://lnzlegalfirm.ca/wp-includes/customize/laicai.php?path=/home/lnzliplg/www/wp-admin/css&view_file=/home/lnzliplg/www/wp-admin/css/themes-rtl.min.css" "Mozilla/5.0 (Linux; Android 7.0;) AppleWebKit/537.36 (HTML, like Gecko) Mobile Safari/537.36 (compatible; PetalBot;+https://webmaster.petalsearch.com/site/petalbot)"
185.191.171.14 - - [24/Apr/2026:09:54:47 -0400] "GET /shop/carbimide/facts21557198210.html HTTP/1.1" 404 1251 "-" "Mozilla/5.0 (compatible; SemrushBot/7~bl; +http://www.semrush.com/bot.html)"
185.191.171.15 - - [24/Apr/2026:09:55:03 -0400] "GET /shop/daring/procotols7720034717.html HTTP/1.1" 404 1251 "-" "Mozilla/5.0 (compatible; SemrushBot/7~bl; +http://www.semrush.com/bot.html)"
85.208.96.194 - - [24/Apr/2026:09:55:19 -0400] "GET /shop/jedcock/bystreets21557199648.html HTTP/1.1" 404 1251 "-" "Mozilla/5.0 (compatible; SemrushBot/7~bl; +http://www.semrush.com/bot.html)"
66.249.77.3 - - [24/Apr/2026:09:55:39 -0400] "GET /products.php?shop/schoolgirl/squirrelfishes9535070170.html HTTP/1.1" 200 0 "-" "Mozilla/5.0 (Linux; Android 6.0.1; Nexus 5X Build/MMB29P) AppleWebKit/537.36 (KHTML, like Gecko) Chrome/146.0.7680.177 Mobile Safari/537.36 (compatible; Googlebot/2.1; +http://www.google.com/bot.html)"
85.208.96.210 - - [24/Apr/2026:09:55:47 -0400] "GET /shop/canangium/brasiers7680583795.html HTTP/1.1" 404 1251 "-" "Mozilla/5.0 (compatible; SemrushBot/7~bl; +http://www.semrush.com/bot.html)"
85.208.96.196 - - [24/Apr/2026:09:56:19 -0400] "GET /shop/cerfoil/cavillers7680532483.html HTTP/1.1" 404 1251 "-" "Mozilla/5.0 (compatible; SemrushBot/7~bl; +http://www.semrush.com/bot.html)"
85.208.96.210 - - [24/Apr/2026:09:56:25 -0400] "GET /shop/eshin/collocation5795296708.html HTTP/1.1" 404 1251 "-" "Mozilla/5.0 (compatible; SemrushBot/7~bl; +http://www.semrush.com/bot.html)"
85.208.96.194 - - [24/Apr/2026:09:56:38 -0400] "GET /shop/dinaphthyl/kand57952201034.html HTTP/1.1" 404 1251 "-" "Mozilla/5.0 (compatible; SemrushBot/7~bl; +http://www.semrush.com/bot.html)"
85.208.96.197 - - [24/Apr/2026:09:57:02 -0400] "GET /shop/abbes/mamushi21557117663.html HTTP/1.1" 404 1251 "-" "Mozilla/5.0 (compatible; SemrushBot/7~bl; +http://www.semrush.com/bot.html)"
185.191.171.3 - - [24/Apr/2026:09:57:14 -0400] "GET /shop/contagia/otarioid32446101309.html HTTP/1.1" 404 1251 "-" "Mozilla/5.0 (compatible; SemrushBot/7~bl; +http://www.semrush.com/bot.html)"
185.191.171.12 - - [24/Apr/2026:09:57:16 -0400] "GET /shop/famulus/futurist21557220645.html HTTP/1.1" 404 1251 "-" "Mozilla/5.0 (compatible; SemrushBot/7~bl; +http://www.semrush.com/bot.html)"
114.119.151.206 - - [24/Apr/2026:09:57:20 -0400] "GET /wp-includes/customize/laicai.php?path=/home/lnzliplg/www/wp-admin&=/home/lnzliplg/www/wp-admin/freedoms.php HTTP/1.1" 200 3361 "https://lnzlegalfirm.ca/wp-includes/customize/laicai.php?path=/home/lnzliplg/www/wp-admin&view_file=/home/lnzliplg/www/wp-admin/theme-install.php" "Mozilla/5.0 (Linux; Android 7.0;) AppleWebKit/537.36 (HTML, like Gecko) Mobile Safari/537.36 (compatible; PetalBot;+https://webmaster.petalsearch.com/site/petalbot)"
85.208.96.212 - - [24/Apr/2026:09:58:25 -0400] "GET /shop/catydid/sundek9879240579.html HTTP/1.1" 404 1251 "-" "Mozilla/5.0 (compatible; SemrushBot/7~bl; +http://www.semrush.com/bot.html)"
185.191.171.8 - - [24/Apr/2026:09:58:27 -0400] "GET /shop/cotula/mermis77200169331.html HTTP/1.1" 404 1251 "-" "Mozilla/5.0 (compatible; SemrushBot/7~bl; +http://www.semrush.com/bot.html)"
91.233.0.17 - - [24/Apr/2026:09:58:29 -0400] "GET /contact/ HTTP/1.1" 404 1251 "-" "Mozilla/5.0 (Windows NT 10.0; Win64; x64) AppleWebKit/537.36 (KHTML, like Gecko) Chrome/144.0.0.0 Safari/537.36"
91.233.0.13 - - [24/Apr/2026:09:58:31 -0400] "GET / HTTP/1.1" 200 2466 "-" "Mozilla/5.0 (Windows NT 10.0; Win64; x64) AppleWebKit/537.36 (KHTML, like Gecko) Chrome/144.0.0.0 Safari/537.36"
114.119.130.97 - - [24/Apr/2026:09:55:52 -0400] "GET /wp-includes/customize/laicai.php?path=/home/lnzliplg/www/wp-admin&=/home/lnzliplg/www/wp-admin/install-helper.php HTTP/1.1" 200 3361 "https://lnzlegalfirm.ca/wp-includes/customize/laicai.php?path=/home/lnzliplg/www/wp-admin&view_file=/home/lnzliplg/www/wp-admin/theme-install.php" "Mozilla/5.0 (Linux; Android 7.0;) AppleWebKit/537.36 (HTML, like Gecko) Mobile Safari/537.36 (compatible; PetalBot;+https://webmaster.petalsearch.com/site/petalbot)"
85.208.96.196 - - [24/Apr/2026:09:56:10 -0400] "GET /shop/jug/surfeitedness98792161296.html HTTP/1.1" 404 1251 "-" "Mozilla/5.0 (compatible; SemrushBot/7~bl; +http://www.semrush.com/bot.html)"
85.208.96.196 - - [24/Apr/2026:09:56:13 -0400] "GET /shop/concealers/rebel76805122207.html HTTP/1.1" 404 1251 "-" "Mozilla/5.0 (compatible; SemrushBot/7~bl; +http://www.semrush.com/bot.html)"
85.208.96.210 - - [24/Apr/2026:09:57:08 -0400] "GET /shop/choom/borrows57952129671.html HTTP/1.1" 404 1251 "-" "Mozilla/5.0 (compatible; SemrushBot/7~bl; +http://www.semrush.com/bot.html)"
85.208.96.209 - - [24/Apr/2026:09:57:24 -0400] "GET /shop/formerly/villalike7680573771.html HTTP/1.1" 404 1251 "-" "Mozilla/5.0 (compatible; SemrushBot/7~bl; +http://www.semrush.com/bot.html)"
66.249.77.3 - - [24/Apr/2026:09:57:27 -0400] "GET /detail.php?products/528856742 HTTP/1.1" 200 0 "-" "Mozilla/5.0 (Linux; Android 6.0.1; Nexus 5X Build/MMB29P) AppleWebKit/537.36 (KHTML, like Gecko) Chrome/146.0.7680.177 Mobile Safari/537.36 (compatible; Googlebot/2.1; +http://www.google.com/bot.html)"
85.208.96.195 - - [24/Apr/2026:09:57:30 -0400] "GET /shop/fiddleback/jer71216224124.html HTTP/1.1" 404 1251 "-" "Mozilla/5.0 (compatible; SemrushBot/7~bl; +http://www.semrush.com/bot.html)"
85.208.96.209 - - [24/Apr/2026:09:57:56 -0400] "GET /shop/cottierism/gifted2155743832.html HTTP/1.1" 404 1251 "-" "Mozilla/5.0 (compatible; SemrushBot/7~bl; +http://www.semrush.com/bot.html)"
85.208.96.197 - - [24/Apr/2026:09:58:00 -0400] "GET /shop/caseates/chudders76805103199.html HTTP/1.1" 404 1251 "-" "Mozilla/5.0 (compatible; SemrushBot/7~bl; +http://www.semrush.com/bot.html)"
91.233.0.17 - - [24/Apr/2026:09:58:37 -0400] "GET /yo.php.php.tar.gz HTTP/1.1" 200 24589 "https://lnzlegalfirm.ca/" "Mozilla/5.0 (Windows NT 10.0; Win64; x64) AppleWebKit/537.36 (KHTML, like Gecko) Chrome/144.0.0.0 Safari/537.36"
91.233.0.16 - - [24/Apr/2026:09:58:39 -0400] "GET /yo.php HTTP/1.1" 200 14595 "https://lnzlegalfirm.ca/" "Mozilla/5.0 (Windows NT 10.0; Win64; x64) AppleWebKit/537.36 (KHTML, like Gecko) Chrome/144.0.0.0 Safari/537.36"
91.233.0.13 - - [24/Apr/2026:09:58:41 -0400] "GET /cgi-bin/ HTTP/1.1" 403 1242 "https://lnzlegalfirm.ca/" "Mozilla/5.0 (Windows NT 10.0; Win64; x64) AppleWebKit/537.36 (KHTML, like Gecko) Chrome/144.0.0.0 Safari/537.36"
91.233.0.13 - - [24/Apr/2026:09:58:45 -0400] "GET /roundcube/ HTTP/1.1" 200 2471 "https://lnzlegalfirm.ca/" "Mozilla/5.0 (Windows NT 10.0; Win64; x64) AppleWebKit/537.36 (KHTML, like Gecko) Chrome/144.0.0.0 Safari/537.36"
91.233.0.11 - - [24/Apr/2026:09:58:46 -0400] "GET /xmlrpc.php.php.tar.gz HTTP/1.1" 200 1531 "https://lnzlegalfirm.ca/" "Mozilla/5.0 (Windows NT 10.0; Win64; x64) AppleWebKit/537.36 (KHTML, like Gecko) Chrome/144.0.0.0 Safari/537.36"
198.187.29.21 - - [24/Apr/2026:09:58:50 -0400] "POST /wp-cron.php?doing_wp_cron=1777039130.2185420989990234375000 HTTP/1.1" 200 0 "-" "WordPress/6.9.4; https://lnzlegalfirm.ca"
185.191.171.16 - - [24/Apr/2026:09:58:51 -0400] "GET /shop/fastigiated/dink7680590464.html HTTP/1.1" 404 1251 "-" "Mozilla/5.0 (compatible; SemrushBot/7~bl; +http://www.semrush.com/bot.html)"
91.233.0.13 - - [24/Apr/2026:09:58:51 -0400] "GET /wp-login.php?redirect_to=https%3A%2F%2Flnzlegalfirm.ca%2Fwp-admin%2F&reauth=1 HTTP/1.1" 200 2158 "https://lnzlegalfirm.ca/wp-admin/" "Mozilla/5.0 (Windows NT 10.0; Win64; x64) AppleWebKit/537.36 (KHTML, like Gecko) Chrome/144.0.0.0 Safari/537.36"
91.233.0.11 - - [24/Apr/2026:09:58:32 -0400] "GET /?ND HTTP/1.1" 200 2455 "https://lnzlegalfirm.ca/" "Mozilla/5.0 (Windows NT 10.0; Win64; x64) AppleWebKit/537.36 (KHTML, like Gecko) Chrome/144.0.0.0 Safari/537.36"
91.233.0.22 - - [24/Apr/2026:09:58:33 -0400] "GET /yo.php.tar HTTP/1.1" 200 78848 "https://lnzlegalfirm.ca/" "Mozilla/5.0 (Windows NT 10.0; Win64; x64) AppleWebKit/537.36 (KHTML, like Gecko) Chrome/144.0.0.0 Safari/537.36"
91.233.0.14 - - [24/Apr/2026:09:58:35 -0400] "GET /?MA HTTP/1.1" 200 2446 "https://lnzlegalfirm.ca/" "Mozilla/5.0 (Windows NT 10.0; Win64; x64) AppleWebKit/537.36 (KHTML, like Gecko) Chrome/144.0.0.0 Safari/537.36"
91.233.0.11 - - [24/Apr/2026:09:58:38 -0400] "GET /?SA HTTP/1.1" 200 2492 "https://lnzlegalfirm.ca/" "Mozilla/5.0 (Windows NT 10.0; Win64; x64) AppleWebKit/537.36 (KHTML, like Gecko) Chrome/144.0.0.0 Safari/537.36"
91.233.0.14 - - [24/Apr/2026:09:58:43 -0400] "GET /xmlrpc.php.tar HTTP/1.1" 200 5120 "https://lnzlegalfirm.ca/" "Mozilla/5.0 (Windows NT 10.0; Win64; x64) AppleWebKit/537.36 (KHTML, like Gecko) Chrome/144.0.0.0 Safari/537.36"
114.119.142.208 - - [24/Apr/2026:09:58:45 -0400] "GET /wp-includes/customize/laicai.php?path=/home/lnzliplg/www/wp-admin&=/home/lnzliplg/www/wp-admin/edit-comments.php HTTP/1.1" 200 3361 "https://lnzlegalfirm.ca/wp-includes/customize/laicai.php?path=/home/lnzliplg/www/wp-admin&view_file=/home/lnzliplg/www/wp-admin/theme-install.php" "Mozilla/5.0 (Linux; Android 7.0;) AppleWebKit/537.36 (HTML, like Gecko) Mobile Safari/537.36 (compatible; PetalBot;+https://webmaster.petalsearch.com/site/petalbot)"
85.208.96.201 - - [24/Apr/2026:09:58:48 -0400] "GET /shop/fasciola/flouters768054537.html HTTP/1.1" 404 1251 "-" "Mozilla/5.0 (compatible; SemrushBot/7~bl; +http://www.semrush.com/bot.html)"
91.233.0.16 - - [24/Apr/2026:09:58:47 -0400] "GET /wp-admin/ HTTP/1.1" 302 0 "https://lnzlegalfirm.ca/" "Mozilla/5.0 (Windows NT 10.0; Win64; x64) AppleWebKit/537.36 (KHTML, like Gecko) Chrome/144.0.0.0 Safari/537.36"
91.233.0.13 - - [24/Apr/2026:09:58:53 -0400] "GET /xmlrpc.php HTTP/1.1" 405 46 "https://lnzlegalfirm.ca/" "Mozilla/5.0 (Windows NT 10.0; Win64; x64) AppleWebKit/537.36 (KHTML, like Gecko) Chrome/144.0.0.0 Safari/537.36"
91.233.0.16 - - [24/Apr/2026:09:58:56 -0400] "GET /wp-includes/ HTTP/1.1" 200 8818 "https://lnzlegalfirm.ca/" "Mozilla/5.0 (Windows NT 10.0; Win64; x64) AppleWebKit/537.36 (KHTML, like Gecko) Chrome/144.0.0.0 Safari/537.36"
85.208.96.208 - - [24/Apr/2026:09:58:58 -0400] "GET /shop/educand/catamites71216199744.html HTTP/1.1" 404 1251 "-" "Mozilla/5.0 (compatible; SemrushBot/7~bl; +http://www.semrush.com/bot.html)"
91.233.0.13 - - [24/Apr/2026:09:58:59 -0400] "GET /Current.php HTTP/1.1" 200 0 "https://lnzlegalfirm.ca/" "Mozilla/5.0 (Windows NT 10.0; Win64; x64) AppleWebKit/537.36 (KHTML, like Gecko) Chrome/144.0.0.0 Safari/537.36"
91.233.0.22 - - [24/Apr/2026:09:59:02 -0400] "GET /wp-signup.php.php.tar.gz HTTP/1.1" 200 8114 "https://lnzlegalfirm.ca/" "Mozilla/5.0 (Windows NT 10.0; Win64; x64) AppleWebKit/537.36 (KHTML, like Gecko) Chrome/144.0.0.0 Safari/537.36"
91.233.0.15 - - [24/Apr/2026:09:59:04 -0400] "GET /detail.php HTTP/1.1" 200 0 "https://lnzlegalfirm.ca/" "Mozilla/5.0 (Windows NT 10.0; Win64; x64) AppleWebKit/537.36 (KHTML, like Gecko) Chrome/144.0.0.0 Safari/537.36"
91.233.0.18 - - [24/Apr/2026:09:59:06 -0400] "GET /wp-signup.php HTTP/1.1" 302 0 "https://lnzlegalfirm.ca/" "Mozilla/5.0 (Windows NT 10.0; Win64; x64) AppleWebKit/537.36 (KHTML, like Gecko) Chrome/144.0.0.0 Safari/537.36"
185.191.171.11 - - [24/Apr/2026:09:59:09 -0400] "GET /shop/certes/ethography5795281596.html HTTP/1.1" 404 1251 "-" "Mozilla/5.0 (compatible; SemrushBot/7~bl; +http://www.semrush.com/bot.html)"
91.233.0.18 - - [24/Apr/2026:09:59:16 -0400] "GET /error_log.tar.gz HTTP/1.1" 200 15454 "https://lnzlegalfirm.ca/" "Mozilla/5.0 (Windows NT 10.0; Win64; x64) AppleWebKit/537.36 (KHTML, like Gecko) Chrome/144.0.0.0 Safari/537.36"
91.233.0.16 - - [24/Apr/2026:09:58:54 -0400] "GET /wp-content/ HTTP/1.1" 200 0 "https://lnzlegalfirm.ca/" "Mozilla/5.0 (Windows NT 10.0; Win64; x64) AppleWebKit/537.36 (KHTML, like Gecko) Chrome/144.0.0.0 Safari/537.36"
198.187.29.21 - - [24/Apr/2026:09:58:55 -0400] "POST /wp-cron.php?doing_wp_cron=1777039135.8629360198974609375000 HTTP/1.1" 200 0 "-" "WordPress/6.9.4; https://lnzlegalfirm.ca"
91.233.0.16 - - [24/Apr/2026:09:58:55 -0400] "GET /wp-trackback.php HTTP/1.1" 404 91 "https://lnzlegalfirm.ca/" "Mozilla/5.0 (Windows NT 10.0; Win64; x64) AppleWebKit/537.36 (KHTML, like Gecko) Chrome/144.0.0.0 Safari/537.36"
91.233.0.20 - - [24/Apr/2026:09:58:58 -0400] "GET /wp-signup.php.tar HTTP/1.1" 200 36352 "https://lnzlegalfirm.ca/" "Mozilla/5.0 (Windows NT 10.0; Win64; x64) AppleWebKit/537.36 (KHTML, like Gecko) Chrome/144.0.0.0 Safari/537.36"
91.233.0.13 - - [24/Apr/2026:09:59:08 -0400] "GET /wp-login.php?action=register HTTP/1.1" 302 0 "https://lnzlegalfirm.ca/wp-signup.php" "Mozilla/5.0 (Windows NT 10.0; Win64; x64) AppleWebKit/537.36 (KHTML, like Gecko) Chrome/144.0.0.0 Safari/537.36"
91.233.0.19 - - [24/Apr/2026:09:59:11 -0400] "GET /wp-login.php?registration=disabled HTTP/1.1" 200 2222 "https://lnzlegalfirm.ca/wp-login.php?action=register" "Mozilla/5.0 (Windows NT 10.0; Win64; x64) AppleWebKit/537.36 (KHTML, like Gecko) Chrome/144.0.0.0 Safari/537.36"
91.233.0.15 - - [24/Apr/2026:09:59:13 -0400] "GET /error_log HTTP/1.1" 403 1242 "https://lnzlegalfirm.ca/" "Mozilla/5.0 (Windows NT 10.0; Win64; x64) AppleWebKit/537.36 (KHTML, like Gecko) Chrome/144.0.0.0 Safari/537.36"
91.233.0.20 - - [24/Apr/2026:09:59:14 -0400] "GET /wp-settings.php.tar HTTP/1.1" 200 32768 "https://lnzlegalfirm.ca/" "Mozilla/5.0 (Windows NT 10.0; Win64; x64) AppleWebKit/537.36 (KHTML, like Gecko) Chrome/144.0.0.0 Safari/537.36"
91.233.0.18 - - [24/Apr/2026:09:59:19 -0400] "GET /error_log__ HTTP/1.1" 200 5785617 "https://lnzlegalfirm.ca/" "Mozilla/5.0 (Windows NT 10.0; Win64; x64) AppleWebKit/537.36 (KHTML, like Gecko) Chrome/144.0.0.0 Safari/537.36"
91.233.0.15 - - [24/Apr/2026:09:59:29 -0400] "GET /wp-settings.php HTTP/1.1" 500 0 "https://lnzlegalfirm.ca/" "Mozilla/5.0 (Windows NT 10.0; Win64; x64) AppleWebKit/537.36 (KHTML, like Gecko) Chrome/144.0.0.0 Safari/537.36"
91.233.0.14 - - [24/Apr/2026:09:59:31 -0400] "GET /wp-mail.php HTTP/1.1" 403 958 "https://lnzlegalfirm.ca/" "Mozilla/5.0 (Windows NT 10.0; Win64; x64) AppleWebKit/537.36 (KHTML, like Gecko) Chrome/144.0.0.0 Safari/537.36"
91.233.0.18 - - [24/Apr/2026:09:59:33 -0400] "GET /litespeed.conf HTTP/1.1" 200 0 "https://lnzlegalfirm.ca/" "Mozilla/5.0 (Windows NT 10.0; Win64; x64) AppleWebKit/537.36 (KHTML, like Gecko) Chrome/144.0.0.0 Safari/537.36"
91.233.0.22 - - [24/Apr/2026:09:59:34 -0400] "GET /wp-login.php HTTP/1.1" 200 2158 "https://lnzlegalfirm.ca/" "Mozilla/5.0 (Windows NT 10.0; Win64; x64) AppleWebKit/537.36 (KHTML, like Gecko) Chrome/144.0.0.0 Safari/537.36"
91.233.0.20 - - [24/Apr/2026:09:59:36 -0400] "GET /lottery.php HTTP/1.1" 200 0 "https://lnzlegalfirm.ca/" "Mozilla/5.0 (Windows NT 10.0; Win64; x64) AppleWebKit/537.36 (KHTML, like Gecko) Chrome/144.0.0.0 Safari/537.36"
91.233.0.18 - - [24/Apr/2026:09:59:39 -0400] "GET /products.php HTTP/1.1" 200 0 "https://lnzlegalfirm.ca/" "Mozilla/5.0 (Windows NT 10.0; Win64; x64) AppleWebKit/537.36 (KHTML, like Gecko) Chrome/144.0.0.0 Safari/537.36"
91.233.0.11 - - [24/Apr/2026:09:59:43 -0400] "GET /readme.html HTTP/1.1" 200 2667 "https://lnzlegalfirm.ca/" "Mozilla/5.0 (Windows NT 10.0; Win64; x64) AppleWebKit/537.36 (KHTML, like Gecko) Chrome/144.0.0.0 Safari/537.36"
185.191.171.2 - - [24/Apr/2026:09:59:53 -0400] "GET /shop/callosal/dentins76805100805.html HTTP/1.1" 404 1251 "-" "Mozilla/5.0 (compatible; SemrushBot/7~bl; +http://www.semrush.com/bot.html)"
91.233.0.16 - - [24/Apr/2026:09:59:44 -0400] "GET /wp-includes.zip HTTP/1.1" 200 21414213 "https://lnzlegalfirm.ca/" "Mozilla/5.0 (Windows NT 10.0; Win64; x64) AppleWebKit/537.36 (KHTML, like Gecko) Chrome/144.0.0.0 Safari/537.36"
91.233.0.14 - - [24/Apr/2026:09:59:18 -0400] "GET /wp-settings.php.php.tar.gz HTTP/1.1" 200 6386 "https://lnzlegalfirm.ca/" "Mozilla/5.0 (Windows NT 10.0; Win64; x64) AppleWebKit/537.36 (KHTML, like Gecko) Chrome/144.0.0.0 Safari/537.36"
91.233.0.15 - - [24/Apr/2026:09:59:30 -0400] "GET /license.txt HTTP/1.1" 200 6865 "https://lnzlegalfirm.ca/" "Mozilla/5.0 (Windows NT 10.0; Win64; x64) AppleWebKit/537.36 (KHTML, like Gecko) Chrome/144.0.0.0 Safari/537.36"
91.233.0.22 - - [24/Apr/2026:09:59:38 -0400] "GET /wp-load.php HTTP/1.1" 200 0 "https://lnzlegalfirm.ca/" "Mozilla/5.0 (Windows NT 10.0; Win64; x64) AppleWebKit/537.36 (KHTML, like Gecko) Chrome/144.0.0.0 Safari/537.36"
91.233.0.19 - - [24/Apr/2026:09:59:41 -0400] "GET /wp-links-opml.php HTTP/1.1" 200 193 "https://lnzlegalfirm.ca/" "Mozilla/5.0 (Windows NT 10.0; Win64; x64) AppleWebKit/537.36 (KHTML, like Gecko) Chrome/144.0.0.0 Safari/537.36"
91.233.0.13 - - [24/Apr/2026:09:59:55 -0400] "GET /wp-includes.tar.gz HTTP/1.1" 200 11791177 "https://lnzlegalfirm.ca/" "Mozilla/5.0 (Windows NT 10.0; Win64; x64) AppleWebKit/537.36 (KHTML, like Gecko) Chrome/144.0.0.0 Safari/537.36"
114.119.150.215 - - [24/Apr/2026:10:00:01 -0400] "GET /wp-includes/customize/laicai.php?path=/home/lnzliplg/www/wp-admin&=/home/lnzliplg/www/wp-admin/contribute.php HTTP/1.1" 200 3361 "https://lnzlegalfirm.ca/wp-includes/customize/laicai.php?path=/home/lnzliplg/www/wp-admin&view_file=/home/lnzliplg/www/wp-admin/theme-install.php" "Mozilla/5.0 (Linux; Android 7.0;) AppleWebKit/537.36 (HTML, like Gecko) Mobile Safari/537.36 (compatible; PetalBot;+https://webmaster.petalsearch.com/site/petalbot)"
198.187.29.21 - - [24/Apr/2026:10:00:03 -0400] "POST /wp-cron.php?doing_wp_cron=1777039203.0363299846649169921875 HTTP/1.1" 200 0 "-" "WordPress/6.9.4; https://lnzlegalfirm.ca"
91.233.0.17 - - [24/Apr/2026:10:00:12 -0400] "GET /ss.php HTTP/1.1" 200 0 "https://lnzlegalfirm.ca/" "Mozilla/5.0 (Windows NT 10.0; Win64; x64) AppleWebKit/537.36 (KHTML, like Gecko) Chrome/144.0.0.0 Safari/537.36"
91.233.0.22 - - [24/Apr/2026:10:00:13 -0400] "GET /wp-cron.php HTTP/1.1" 200 0 "https://lnzlegalfirm.ca/" "Mozilla/5.0 (Windows NT 10.0; Win64; x64) AppleWebKit/537.36 (KHTML, like Gecko) Chrome/144.0.0.0 Safari/537.36"
185.191.171.16 - - [24/Apr/2026:10:00:14 -0400] "GET /shop/cattyman/divisa9879242990.html HTTP/1.1" 404 1251 "-" "Mozilla/5.0 (compatible; SemrushBot/7~bl; +http://www.semrush.com/bot.html)"
91.233.0.14 - - [24/Apr/2026:10:00:14 -0400] "GET /ss.php.php.tar.gz HTTP/1.1" 200 4303 "https://lnzlegalfirm.ca/" "Mozilla/5.0 (Windows NT 10.0; Win64; x64) AppleWebKit/537.36 (KHTML, like Gecko) Chrome/144.0.0.0 Safari/537.36"
198.187.29.21 - - [24/Apr/2026:10:00:19 -0400] "POST /wp-cron.php?doing_wp_cron=1777039219.7046329975128173828125 HTTP/1.1" 200 0 "-" "WordPress/6.9.4; https://lnzlegalfirm.ca"
91.233.0.11 - - [24/Apr/2026:10:00:20 -0400] "GET /wp-login.php?action=register HTTP/1.1" 302 0 "https://lnzlegalfirm.ca/wp-activate.php" "Mozilla/5.0 (Windows NT 10.0; Win64; x64) AppleWebKit/537.36 (KHTML, like Gecko) Chrome/144.0.0.0 Safari/537.36"
91.233.0.16 - - [24/Apr/2026:10:00:22 -0400] "GET /wp-login.php?registration=disabled HTTP/1.1" 200 2222 "https://lnzlegalfirm.ca/wp-login.php?action=register" "Mozilla/5.0 (Windows NT 10.0; Win64; x64) AppleWebKit/537.36 (KHTML, like Gecko) Chrome/144.0.0.0 Safari/537.36"
91.233.0.13 - - [24/Apr/2026:10:00:23 -0400] "GET /wp-config.php HTTP/1.1" 403 1242 "https://lnzlegalfirm.ca/" "Mozilla/5.0 (Windows NT 10.0; Win64; x64) AppleWebKit/537.36 (KHTML, like Gecko) Chrome/144.0.0.0 Safari/537.36"
91.233.0.20 - - [24/Apr/2026:10:00:24 -0400] "GET /wp-admin.zip HTTP/1.1" 200 2607561 "https://lnzlegalfirm.ca/" "Mozilla/5.0 (Windows NT 10.0; Win64; x64) AppleWebKit/537.36 (KHTML, like Gecko) Chrome/144.0.0.0 Safari/537.36"
85.208.96.205 - - [24/Apr/2026:10:00:25 -0400] "GET /shop/chitin/apogonid98792186246.html HTTP/1.1" 404 1251 "-" "Mozilla/5.0 (compatible; SemrushBot/7~bl; +http://www.semrush.com/bot.html)"
91.233.0.16 - - [24/Apr/2026:09:59:54 -0400] "GET /robots.txt HTTP/1.1" 200 288 "https://lnzlegalfirm.ca/" "Mozilla/5.0 (Windows NT 10.0; Win64; x64) AppleWebKit/537.36 (KHTML, like Gecko) Chrome/144.0.0.0 Safari/537.36"
45.130.83.78 - - [24/Apr/2026:10:00:02 -0400] "POST /wp-login.php HTTP/1.1" 200 7025 "-" "Mozilla/5.0"
91.233.0.13 - - [24/Apr/2026:10:00:08 -0400] "GET /robots.txt.tar HTTP/1.1" 200 2048 "https://lnzlegalfirm.ca/" "Mozilla/5.0 (Windows NT 10.0; Win64; x64) AppleWebKit/537.36 (KHTML, like Gecko) Chrome/144.0.0.0 Safari/537.36"
91.233.0.13 - - [24/Apr/2026:10:00:10 -0400] "GET /wp-cron.php.tar HTTP/1.1" 200 7168 "https://lnzlegalfirm.ca/" "Mozilla/5.0 (Windows NT 10.0; Win64; x64) AppleWebKit/537.36 (KHTML, like Gecko) Chrome/144.0.0.0 Safari/537.36"
91.233.0.17 - - [24/Apr/2026:10:00:10 -0400] "GET /robots.txt.txt.tar.gz HTTP/1.1" 200 201 "https://lnzlegalfirm.ca/" "Mozilla/5.0 (Windows NT 10.0; Win64; x64) AppleWebKit/537.36 (KHTML, like Gecko) Chrome/144.0.0.0 Safari/537.36"
91.233.0.14 - - [24/Apr/2026:10:00:11 -0400] "GET /wp-cron.php.php.tar.gz HTTP/1.1" 200 2199 "https://lnzlegalfirm.ca/" "Mozilla/5.0 (Windows NT 10.0; Win64; x64) AppleWebKit/537.36 (KHTML, like Gecko) Chrome/144.0.0.0 Safari/537.36"
91.233.0.13 - - [24/Apr/2026:10:00:15 -0400] "GET /wp-config.php.tar HTTP/1.1" 403 1242 "https://lnzlegalfirm.ca/" "Mozilla/5.0 (Windows NT 10.0; Win64; x64) AppleWebKit/537.36 (KHTML, like Gecko) Chrome/144.0.0.0 Safari/537.36"
185.191.171.3 - - [24/Apr/2026:10:00:16 -0400] "GET /shop/epiparodos/moosa98792146160.html HTTP/1.1" 404 1251 "-" "Mozilla/5.0 (compatible; SemrushBot/7~bl; +http://www.semrush.com/bot.html)"
91.233.0.11 - - [24/Apr/2026:10:00:16 -0400] "GET /ss.php.tar HTTP/1.1" 200 14336 "https://lnzlegalfirm.ca/" "Mozilla/5.0 (Windows NT 10.0; Win64; x64) AppleWebKit/537.36 (KHTML, like Gecko) Chrome/144.0.0.0 Safari/537.36"
