114.119.149.78 - - [24/Apr/2026:10:35:47 -0400] "GET /wp-includes/customize/laicai.php?path=/home/lnzliplg/www/wp-content/plugins/wpforms-lite/vendor_prefixed/ezyang/htmlpurifier/library/HTMLPurifier/HTMLModule/Tidy HTTP/1.1" 200 1832 "https://lnzlegalfirm.ca/wp-includes/customize/laicai.php?path=/home/lnzliplg/www/wp-content/plugins/wpforms-lite/vendor_prefixed/ezyang/htmlpurifier/library/HTMLPurifier/HTMLModule/Tidy" "Mozilla/5.0 (Linux; Android 7.0;) AppleWebKit/537.36 (HTML, like Gecko) Mobile Safari/537.36 (compatible; PetalBot;+https://webmaster.petalsearch.com/site/petalbot)"
85.208.96.210 - - [24/Apr/2026:10:36:00 -0400] "GET /shop/cotula/follied76805185858.html HTTP/1.1" 404 1251 "-" "Mozilla/5.0 (compatible; SemrushBot/7~bl; +http://www.semrush.com/bot.html)"
66.249.77.3 - - [24/Apr/2026:10:36:08 -0400] "GET /detail.php?products/5288576503 HTTP/1.1" 200 0 "-" "Mozilla/5.0 (Linux; Android 6.0.1; Nexus 5X Build/MMB29P) AppleWebKit/537.36 (KHTML, like Gecko) Chrome/146.0.7680.177 Mobile Safari/537.36 (compatible; Googlebot/2.1; +http://www.google.com/bot.html)"
185.191.171.11 - - [24/Apr/2026:10:36:39 -0400] "GET /shop/greening/inhume62478139998.html HTTP/1.1" 404 1251 "-" "Mozilla/5.0 (compatible; SemrushBot/7~bl; +http://www.semrush.com/bot.html)"
18.232.11.247 - - [24/Apr/2026:10:36:56 -0400] "GET /wp-includes/customize/laicai.php?path=/home/lnzliplg/public_html/roundcube&view_file=/home/lnzliplg/public_html/roundcube/composer.json HTTP/1.1" 403 1242 "-" "Mozilla/5.0 AppleWebKit/537.36 (KHTML, like Gecko; compatible; Amazonbot/0.1; +https://developer.amazon.com/support/amazonbot) Chrome/119.0.6045.214 Safari/537.36"
85.208.96.200 - - [24/Apr/2026:10:37:11 -0400] "GET /shop/dallas/chateaux57952130997.html HTTP/1.1" 404 1251 "-" "Mozilla/5.0 (compatible; SemrushBot/7~bl; +http://www.semrush.com/bot.html)"
114.119.156.27 - - [24/Apr/2026:10:37:20 -0400] "GET /wp-includes/customize/laicai.php?path=/home/lnzliplg/www/wp-content/plugins/wpforms-lite/vendor_prefixed/ezyang/htmlpurifier/library/HTMLPurifier HTTP/1.1" 200 3126 "https://lnzlegalfirm.ca/wp-includes/customize/laicai.php?path=/home/lnzliplg/www/wp-content/plugins/wpforms-lite/vendor_prefixed/ezyang/htmlpurifier/library/HTMLPurifier/Printer" "Mozilla/5.0 (Linux; Android 7.0;) AppleWebKit/537.36 (HTML, like Gecko) Mobile Safari/537.36 (compatible; PetalBot;+https://webmaster.petalsearch.com/site/petalbot)"
185.191.171.8 - - [24/Apr/2026:10:37:23 -0400] "GET /shop/civitan/begarnish76805154342.html HTTP/1.1" 404 1251 "-" "Mozilla/5.0 (compatible; SemrushBot/7~bl; +http://www.semrush.com/bot.html)"
85.208.96.205 - - [24/Apr/2026:10:37:43 -0400] "GET /shop/fieulamort/birlie7680565824.html HTTP/1.1" 404 1251 "-" "Mozilla/5.0 (compatible; SemrushBot/7~bl; +http://www.semrush.com/bot.html)"
85.208.96.198 - - [24/Apr/2026:10:37:50 -0400] "GET /shop/glorifying/welsom7720025266.html HTTP/1.1" 404 1251 "-" "Mozilla/5.0 (compatible; SemrushBot/7~bl; +http://www.semrush.com/bot.html)"
85.208.96.195 - - [24/Apr/2026:10:38:12 -0400] "GET /shop/carbone/sleaving7680571286.html HTTP/1.1" 404 1251 "-" "Mozilla/5.0 (compatible; SemrushBot/7~bl; +http://www.semrush.com/bot.html)"
207.46.13.130 - - [24/Apr/2026:10:39:43 -0400] "GET /shop/calendered/rittock21557208815.html HTTP/1.1" 404 1251 "-" "Mozilla/5.0 AppleWebKit/537.36 (KHTML, like Gecko; compatible; bingbot/2.0; +http://www.bing.com/bingbot.htm) Chrome/116.0.1938.76 Safari/537.36"
50.19.102.70 - - [24/Apr/2026:10:36:24 -0400] "GET /wp-includes/customize/laicai.php?path=/home/lnzliplg/public_html/roundcube&view_file=/home/lnzliplg/public_html/roundcube/.htaccess HTTP/1.1" 403 1242 "-" "Mozilla/5.0 AppleWebKit/537.36 (KHTML, like Gecko; compatible; Amazonbot/0.1; +https://developer.amazon.com/support/amazonbot) Chrome/119.0.6045.214 Safari/537.36"
85.208.96.194 - - [24/Apr/2026:10:36:41 -0400] "GET /shop/criticize/tranche2763499194.html HTTP/1.1" 404 1251 "-" "Mozilla/5.0 (compatible; SemrushBot/7~bl; +http://www.semrush.com/bot.html)"
185.191.171.1 - - [24/Apr/2026:10:36:51 -0400] "GET /shop/jerked/quaggas77200152943.html HTTP/1.1" 404 1251 "-" "Mozilla/5.0 (compatible; SemrushBot/7~bl; +http://www.semrush.com/bot.html)"
185.191.171.10 - - [24/Apr/2026:10:37:00 -0400] "GET /shop/crimpled/morass20310123494.html HTTP/1.1" 404 1251 "-" "Mozilla/5.0 (compatible; SemrushBot/7~bl; +http://www.semrush.com/bot.html)"
23.21.228.180 - - [24/Apr/2026:10:37:00 -0400] "GET /wp-includes/customize/laicai.php?path=/home/lnzliplg/public_html/roundcube&view_file=/home/lnzliplg/public_html/roundcube/composer.lock HTTP/1.1" 403 1242 "-" "Mozilla/5.0 AppleWebKit/537.36 (KHTML, like Gecko; compatible; Amazonbot/0.1; +https://developer.amazon.com/support/amazonbot) Chrome/119.0.6045.214 Safari/537.36"
34.195.60.66 - - [24/Apr/2026:10:37:04 -0400] "GET /wp-includes/customize/laicai.php?path=/home/lnzliplg/public_html/roundcube&view_file=/home/lnzliplg/public_html/roundcube/composer.json-dist HTTP/1.1" 403 1242 "-" "Mozilla/5.0 AppleWebKit/537.36 (KHTML, like Gecko; compatible; Amazonbot/0.1; +https://developer.amazon.com/support/amazonbot) Chrome/119.0.6045.214 Safari/537.36"
85.208.96.196 - - [24/Apr/2026:10:37:27 -0400] "GET /shop/chili/trimetallism7680545652.html HTTP/1.1" 404 1251 "-" "Mozilla/5.0 (compatible; SemrushBot/7~bl; +http://www.semrush.com/bot.html)"
34.28.21.120 - - [24/Apr/2026:10:37:47 -0400] "GET /robots.txt HTTP/1.1" 200 288 "-" "Mozilla/5.0 AppleWebKit/537.36 (KHTML, like Gecko; compatible; SleepBot/1.0; +http://sleepbot.com/) Chrome/131.0.0.0 Safari/537.36"
85.208.96.195 - - [24/Apr/2026:10:37:59 -0400] "GET /shop/kakapos/qually77200118833.html HTTP/1.1" 404 1251 "-" "Mozilla/5.0 (compatible; SemrushBot/7~bl; +http://www.semrush.com/bot.html)"
85.208.96.210 - - [24/Apr/2026:10:38:01 -0400] "GET /shop/brawn/accosted62478138712.html HTTP/1.1" 404 1251 "-" "Mozilla/5.0 (compatible; SemrushBot/7~bl; +http://www.semrush.com/bot.html)"
85.208.96.202 - - [24/Apr/2026:10:38:46 -0400] "GET /shop/emigres/ripeness2155735809.html HTTP/1.1" 404 1251 "-" "Mozilla/5.0 (compatible; SemrushBot/7~bl; +http://www.semrush.com/bot.html)"
85.208.96.196 - - [24/Apr/2026:10:38:51 -0400] "GET /shop/chincha/coxcombs5795248260.html HTTP/1.1" 404 1251 "-" "Mozilla/5.0 (compatible; SemrushBot/7~bl; +http://www.semrush.com/bot.html)"
85.208.96.197 - - [24/Apr/2026:10:38:53 -0400] "GET /shop/byssuses/biotoxin7680593579.html HTTP/1.1" 404 1251 "-" "Mozilla/5.0 (compatible; SemrushBot/7~bl; +http://www.semrush.com/bot.html)"
114.119.156.27 - - [24/Apr/2026:10:38:53 -0400] "GET /wp-includes/customize/laicai.php?path=/home/lnzliplg/www/wp-content/plugins/wpforms-lite/vendor_prefixed/apimatic/core/src/Response HTTP/1.1" 200 1695 "https://lnzlegalfirm.ca/wp-includes/customize/laicai.php?path=/home/lnzliplg/www/wp-content/plugins/wpforms-lite/vendor_prefixed/apimatic/core/src/Response/Types" "Mozilla/5.0 (Linux; Android 7.0;) AppleWebKit/537.36 (HTML, like Gecko) Mobile Safari/537.36 (compatible; PetalBot;+https://webmaster.petalsearch.com/site/petalbot)"
85.208.96.196 - - [24/Apr/2026:10:39:02 -0400] "GET /shop/boxtops/holstein2155733823.html HTTP/1.1" 404 1251 "-" "Mozilla/5.0 (compatible; SemrushBot/7~bl; +http://www.semrush.com/bot.html)"
85.208.96.199 - - [24/Apr/2026:10:39:24 -0400] "GET /shop/discepted/passkey2031090499.html HTTP/1.1" 404 1251 "-" "Mozilla/5.0 (compatible; SemrushBot/7~bl; +http://www.semrush.com/bot.html)"
85.208.96.195 - - [24/Apr/2026:10:39:46 -0400] "GET /shop/dorbugs/obdurately2031044786.html HTTP/1.1" 404 1251 "-" "Mozilla/5.0 (compatible; SemrushBot/7~bl; +http://www.semrush.com/bot.html)"
114.119.156.27 - - [24/Apr/2026:10:40:18 -0400] "GET /wp-includes/customize/laicai.php?path=/home/lnzliplg/www/wp-content/plugins/wpforms-lite/src/Integrations/Stripe/Fields HTTP/1.1" 200 1649 "https://lnzlegalfirm.ca/wp-includes/customize/laicai.php?path=/home/lnzliplg/www/wp-content/plugins/wpforms-lite/src/Integrations/Stripe/Fields" "Mozilla/5.0 (Linux; Android 7.0;) AppleWebKit/537.36 (HTML, like Gecko) Mobile Safari/537.36 (compatible; PetalBot;+https://webmaster.petalsearch.com/site/petalbot)"
185.191.171.17 - - [24/Apr/2026:10:40:41 -0400] "GET /shop/burrel/seesawing2155767155.html HTTP/1.1" 404 1251 "-" "Mozilla/5.0 (compatible; SemrushBot/7~bl; +http://www.semrush.com/bot.html)"
185.191.171.16 - - [24/Apr/2026:10:40:45 -0400] "GET /shop/taryard/scarrow2155795536.html HTTP/1.1" 404 1251 "-" "Mozilla/5.0 (compatible; SemrushBot/7~bl; +http://www.semrush.com/bot.html)"
85.208.96.200 - - [24/Apr/2026:10:41:25 -0400] "GET /shop/doozy/dimyary9879257670.html HTTP/1.1" 404 1251 "-" "Mozilla/5.0 (compatible; SemrushBot/7~bl; +http://www.semrush.com/bot.html)"
185.191.171.13 - - [24/Apr/2026:10:41:29 -0400] "GET /shop/handlists/seiches77200221888.html HTTP/1.1" 404 1251 "-" "Mozilla/5.0 (compatible; SemrushBot/7~bl; +http://www.semrush.com/bot.html)"
85.208.96.206 - - [24/Apr/2026:10:41:31 -0400] "GET /shop/nightwear/damner5795232509.html HTTP/1.1" 404 1251 "-" "Mozilla/5.0 (compatible; SemrushBot/7~bl; +http://www.semrush.com/bot.html)"
185.191.171.6 - - [24/Apr/2026:10:42:01 -0400] "GET /shop/comprised/cherts62478174781.html HTTP/1.1" 404 1251 "-" "Mozilla/5.0 (compatible; SemrushBot/7~bl; +http://www.semrush.com/bot.html)"
85.208.96.208 - - [24/Apr/2026:10:42:14 -0400] "GET /shop/ethylamin/jay57952171324.html HTTP/1.1" 404 1251 "-" "Mozilla/5.0 (compatible; SemrushBot/7~bl; +http://www.semrush.com/bot.html)"
85.208.96.205 - - [24/Apr/2026:10:42:21 -0400] "GET /shop/chickadee/diverged712167572.html HTTP/1.1" 404 1251 "-" "Mozilla/5.0 (compatible; SemrushBot/7~bl; +http://www.semrush.com/bot.html)"
114.119.130.97 - - [24/Apr/2026:10:42:57 -0400] "GET /wp-includes/customize/laicai.php?path=/home/lnzliplg/www/wp-content/plugins/unlimited-elements-for-elementor/vendor/twig/twig/doc/_build HTTP/1.1" 200 1667 "https://lnzlegalfirm.ca/wp-includes/customize/laicai.php?path=/home/lnzliplg/www/wp-content/plugins/unlimited-elements-for-elementor/vendor/twig/twig/doc" "Mozilla/5.0 (Linux; Android 7.0;) AppleWebKit/537.36 (HTML, like Gecko) Mobile Safari/537.36 (compatible; PetalBot;+https://webmaster.petalsearch.com/site/petalbot)"
185.191.171.17 - - [24/Apr/2026:10:43:02 -0400] "GET /shop/canopic/cobus98792216151.html HTTP/1.1" 404 1251 "-" "Mozilla/5.0 (compatible; SemrushBot/7~bl; +http://www.semrush.com/bot.html)"
185.191.171.17 - - [24/Apr/2026:10:43:43 -0400] "GET /shop/boylas/veinulets32446170237.html HTTP/1.1" 404 1251 "-" "Mozilla/5.0 (compatible; SemrushBot/7~bl; +http://www.semrush.com/bot.html)"
85.208.96.199 - - [24/Apr/2026:10:43:52 -0400] "GET /shop/chiccory/outline2763428558.html HTTP/1.1" 404 1251 "-" "Mozilla/5.0 (compatible; SemrushBot/7~bl; +http://www.semrush.com/bot.html)"
114.119.149.78 - - [24/Apr/2026:10:44:06 -0400] "GET /wp-includes/customize/laicai.php?path=/home/lnzliplg/www/wp-content/plugins/elementskit-lite/widgets/heading HTTP/1.1" 200 1602 "https://lnzlegalfirm.ca/wp-includes/customize/laicai.php?path=/home/lnzliplg/www/wp-content/plugins/elementskit-lite/widgets/heading/assets" "Mozilla/5.0 (Linux; Android 7.0;) AppleWebKit/537.36 (HTML, like Gecko) Mobile Safari/537.36 (compatible; PetalBot;+https://webmaster.petalsearch.com/site/petalbot)"
185.191.171.15 - - [24/Apr/2026:10:40:07 -0400] "GET /shop/furcraeas/canalage3244654461.html HTTP/1.1" 404 1251 "-" "Mozilla/5.0 (compatible; SemrushBot/7~bl; +http://www.semrush.com/bot.html)"
85.208.96.201 - - [24/Apr/2026:10:40:13 -0400] "GET /shop/drossed/mealproof27634136125.html HTTP/1.1" 404 1251 "-" "Mozilla/5.0 (compatible; SemrushBot/7~bl; +http://www.semrush.com/bot.html)"
185.191.171.4 - - [24/Apr/2026:10:40:53 -0400] "GET /shop/kiln/pretesting62478117247.html HTTP/1.1" 404 1251 "-" "Mozilla/5.0 (compatible; SemrushBot/7~bl; +http://www.semrush.com/bot.html)"
185.191.171.10 - - [24/Apr/2026:10:41:20 -0400] "GET /shop/hariolize/sketched7121642277.html HTTP/1.1" 404 1251 "-" "Mozilla/5.0 (compatible; SemrushBot/7~bl; +http://www.semrush.com/bot.html)"
114.119.142.208 - - [24/Apr/2026:10:41:39 -0400] "GET /wp-includes/customize/laicai.php?path=/home/lnzliplg/www/wp-content/plugins/wp-reviews-plugin-for-google HTTP/1.1" 200 1779 "https://lnzlegalfirm.ca/wp-includes/customize/laicai.php?path=/home/lnzliplg/www/wp-content/plugins/wp-reviews-plugin-for-google/static/img" "Mozilla/5.0 (Linux; Android 7.0;) AppleWebKit/537.36 (HTML, like Gecko) Mobile Safari/537.36 (compatible; PetalBot;+https://webmaster.petalsearch.com/site/petalbot)"
185.191.171.11 - - [24/Apr/2026:10:41:56 -0400] "GET /shop/borecoles/goetae76805196020.html HTTP/1.1" 404 1251 "-" "Mozilla/5.0 (compatible; SemrushBot/7~bl; +http://www.semrush.com/bot.html)"
185.191.171.5 - - [24/Apr/2026:10:42:10 -0400] "GET /shop/forestep/enmove2155788766.html HTTP/1.1" 404 1251 "-" "Mozilla/5.0 (compatible; SemrushBot/7~bl; +http://www.semrush.com/bot.html)"
185.191.171.17 - - [24/Apr/2026:10:42:53 -0400] "GET /shop/busying/breastband7121664989.html HTTP/1.1" 404 1251 "-" "Mozilla/5.0 (compatible; SemrushBot/7~bl; +http://www.semrush.com/bot.html)"
185.191.171.4 - - [24/Apr/2026:10:42:55 -0400] "GET /shop/deusan/idolising2763467379.html HTTP/1.1" 404 1251 "-" "Mozilla/5.0 (compatible; SemrushBot/7~bl; +http://www.semrush.com/bot.html)"
185.191.171.18 - - [24/Apr/2026:10:43:26 -0400] "GET /shop/galleass/auteur98792117208.html HTTP/1.1" 404 1251 "-" "Mozilla/5.0 (compatible; SemrushBot/7~bl; +http://www.semrush.com/bot.html)"
185.191.171.18 - - [24/Apr/2026:10:44:09 -0400] "GET /shop/change/accidently2155740865.html HTTP/1.1" 404 1251 "-" "Mozilla/5.0 (compatible; SemrushBot/7~bl; +http://www.semrush.com/bot.html)"
85.208.96.200 - - [24/Apr/2026:10:44:12 -0400] "GET /shop/brood/peyotes32446194563.html HTTP/1.1" 404 1251 "-" "Mozilla/5.0 (compatible; SemrushBot/7~bl; +http://www.semrush.com/bot.html)"
185.191.171.10 - - [24/Apr/2026:10:44:44 -0400] "GET /shop/unpeeled/ashet27634130122.html HTTP/1.1" 404 1251 "-" "Mozilla/5.0 (compatible; SemrushBot/7~bl; +http://www.semrush.com/bot.html)"
216.8.167.57 - - [24/Apr/2026:10:45:00 -0400] "GET / HTTP/1.1" 200 2465 "https://www.google.com/" "Mozilla/5.0 (iPhone; CPU iPhone OS 18_7 like Mac OS X) AppleWebKit/605.1.15 (KHTML, like Gecko) Version/26.3 Mobile/15E148 Safari/604.1"
216.8.167.57 - - [24/Apr/2026:10:45:00 -0400] "GET /_autoindex/assets/js/tablesort.number.js HTTP/1.1" 200 322 "https://lnzlegalfirm.ca/" "Mozilla/5.0 (iPhone; CPU iPhone OS 18_7 like Mac OS X) AppleWebKit/605.1.15 (KHTML, like Gecko) Version/26.3 Mobile/15E148 Safari/604.1"
216.8.167.57 - - [24/Apr/2026:10:45:00 -0400] "GET /_autoindex/assets/css/autoindex.css HTTP/1.1" 200 1170 "https://lnzlegalfirm.ca/" "Mozilla/5.0 (iPhone; CPU iPhone OS 18_7 like Mac OS X) AppleWebKit/605.1.15 (KHTML, like Gecko) Version/26.3 Mobile/15E148 Safari/604.1"
216.8.167.57 - - [24/Apr/2026:10:45:00 -0400] "GET /_autoindex/assets/icons/folder-fill.svg HTTP/1.1" 200 333 "https://lnzlegalfirm.ca/" "Mozilla/5.0 (iPhone; CPU iPhone OS 18_7 like Mac OS X) AppleWebKit/605.1.15 (KHTML, like Gecko) Version/26.3 Mobile/15E148 Safari/604.1"
66.249.77.4 - - [24/Apr/2026:10:44:09 -0400] "GET /products.php?shop/coelongated/untranslated7621439481.html HTTP/1.1" 200 0 "-" "Mozilla/5.0 (Linux; Android 6.0.1; Nexus 5X Build/MMB29P) AppleWebKit/537.36 (KHTML, like Gecko) Chrome/146.0.7680.177 Mobile Safari/537.36 (compatible; Googlebot/2.1; +http://www.google.com/bot.html)"
185.191.171.7 - - [24/Apr/2026:10:44:52 -0400] "GET /shop/chusite/streaks3244623236.html HTTP/1.1" 404 1251 "-" "Mozilla/5.0 (compatible; SemrushBot/7~bl; +http://www.semrush.com/bot.html)"
216.8.167.57 - - [24/Apr/2026:10:45:00 -0400] "GET /_autoindex/assets/js/tablesort.js HTTP/1.1" 200 2137 "https://lnzlegalfirm.ca/" "Mozilla/5.0 (iPhone; CPU iPhone OS 18_7 like Mac OS X) AppleWebKit/605.1.15 (KHTML, like Gecko) Version/26.3 Mobile/15E148 Safari/604.1"
216.8.167.57 - - [24/Apr/2026:10:45:00 -0400] "GET /_autoindex/assets/icons/file-text.svg HTTP/1.1" 200 394 "https://lnzlegalfirm.ca/" "Mozilla/5.0 (iPhone; CPU iPhone OS 18_7 like Mac OS X) AppleWebKit/605.1.15 (KHTML, like Gecko) Version/26.3 Mobile/15E148 Safari/604.1"
85.208.96.209 - - [24/Apr/2026:10:45:01 -0400] "GET /shop/riteless/khet57952184484.html HTTP/1.1" 404 1251 "-" "Mozilla/5.0 (compatible; SemrushBot/7~bl; +http://www.semrush.com/bot.html)"
114.119.156.27 - - [24/Apr/2026:10:45:14 -0400] "GET /wp-includes/customize/laicai.php?path=/home/lnzliplg/www/wp-content/plugins/elementskit-lite/libs/template-library HTTP/1.1" 200 1577 "https://lnzlegalfirm.ca/wp-includes/customize/laicai.php?path=/home/lnzliplg/www/wp-content/plugins/elementskit-lite/libs/template-library" "Mozilla/5.0 (Linux; Android 7.0;) AppleWebKit/537.36 (HTML, like Gecko) Mobile Safari/537.36 (compatible; PetalBot;+https://webmaster.petalsearch.com/site/petalbot)"
216.8.167.57 - - [24/Apr/2026:10:45:17 -0400] "GET / HTTP/1.1" 200 2465 "https://www.google.com/" "Mozilla/5.0 (iPhone; CPU iPhone OS 18_7 like Mac OS X) AppleWebKit/605.1.15 (KHTML, like Gecko) Version/26.3 Mobile/15E148 Safari/604.1"
85.208.96.195 - - [24/Apr/2026:10:46:27 -0400] "GET /shop/exsufflate/sumi71216160025.html HTTP/1.1" 404 1251 "-" "Mozilla/5.0 (compatible; SemrushBot/7~bl; +http://www.semrush.com/bot.html)"
85.208.96.206 - - [24/Apr/2026:10:46:30 -0400] "GET /shop/dislimb/lepidostei7121693441.html HTTP/1.1" 404 1251 "-" "Mozilla/5.0 (compatible; SemrushBot/7~bl; +http://www.semrush.com/bot.html)"
85.208.96.208 - - [24/Apr/2026:10:46:31 -0400] "GET /shop/cinema/invertant98792113964.html HTTP/1.1" 404 1251 "-" "Mozilla/5.0 (compatible; SemrushBot/7~bl; +http://www.semrush.com/bot.html)"
66.249.75.37 - - [24/Apr/2026:10:46:53 -0400] "GET /shop/lombardeer/alliterativeness2155792817.html HTTP/1.1" 404 1251 "-" "Mozilla/5.0 (Linux; Android 6.0.1; Nexus 5X Build/MMB29P) AppleWebKit/537.36 (KHTML, like Gecko) Chrome/146.0.7680.177 Mobile Safari/537.36 (compatible; Googlebot/2.1; +http://www.google.com/bot.html)"
185.191.171.5 - - [24/Apr/2026:10:46:55 -0400] "GET /shop/chainsmith/maven76805114720.html HTTP/1.1" 404 1251 "-" "Mozilla/5.0 (compatible; SemrushBot/7~bl; +http://www.semrush.com/bot.html)"
185.191.171.18 - - [24/Apr/2026:10:48:06 -0400] "GET /shop/embalmed/tailback7121622176.html HTTP/1.1" 404 1251 "-" "Mozilla/5.0 (compatible; SemrushBot/7~bl; +http://www.semrush.com/bot.html)"
85.208.96.198 - - [24/Apr/2026:10:48:16 -0400] "GET /shop/fussily/hazardize5795299548.html HTTP/1.1" 404 1251 "-" "Mozilla/5.0 (compatible; SemrushBot/7~bl; +http://www.semrush.com/bot.html)"
91.233.0.16 - - [24/Apr/2026:10:48:31 -0400] "GET /contact/ HTTP/1.1" 404 1251 "-" "Mozilla/5.0 (Windows NT 10.0; Win64; x64) AppleWebKit/537.36 (KHTML, like Gecko) Chrome/144.0.0.0 Safari/537.36"
91.233.0.15 - - [24/Apr/2026:10:48:32 -0400] "GET / HTTP/1.1" 200 2465 "-" "Mozilla/5.0 (Windows NT 10.0; Win64; x64) AppleWebKit/537.36 (KHTML, like Gecko) Chrome/144.0.0.0 Safari/537.36"
91.233.0.17 - - [24/Apr/2026:10:48:34 -0400] "GET /?ND HTTP/1.1" 200 2456 "https://lnzlegalfirm.ca/" "Mozilla/5.0 (Windows NT 10.0; Win64; x64) AppleWebKit/537.36 (KHTML, like Gecko) Chrome/144.0.0.0 Safari/537.36"
216.8.167.57 - - [24/Apr/2026:10:45:00 -0400] "GET /_autoindex/assets/icons/file.svg HTTP/1.1" 200 354 "https://lnzlegalfirm.ca/" "Mozilla/5.0 (iPhone; CPU iPhone OS 18_7 like Mac OS X) AppleWebKit/605.1.15 (KHTML, like Gecko) Version/26.3 Mobile/15E148 Safari/604.1"
216.8.167.57 - - [24/Apr/2026:10:45:00 -0400] "GET /favicon.ico HTTP/1.1" 404 1251 "https://lnzlegalfirm.ca/" "Mozilla/5.0 (iPhone; CPU iPhone OS 18_7 like Mac OS X) AppleWebKit/605.1.15 (KHTML, like Gecko) Version/26.3 Mobile/15E148 Safari/604.1"
85.208.96.211 - - [24/Apr/2026:10:45:29 -0400] "GET /shop/fibrously/copei7680590655.html HTTP/1.1" 404 1251 "-" "Mozilla/5.0 (compatible; SemrushBot/7~bl; +http://www.semrush.com/bot.html)"
185.191.171.7 - - [24/Apr/2026:10:45:30 -0400] "GET /shop/consonantic/athens7121650575.html HTTP/1.1" 404 1251 "-" "Mozilla/5.0 (compatible; SemrushBot/7~bl; +http://www.semrush.com/bot.html)"
85.208.96.210 - - [24/Apr/2026:10:45:32 -0400] "GET /shop/diseasy/widdy98792137052.html HTTP/1.1" 404 1251 "-" "Mozilla/5.0 (compatible; SemrushBot/7~bl; +http://www.semrush.com/bot.html)"
185.191.171.14 - - [24/Apr/2026:10:45:54 -0400] "GET /shop/catalyzing/dading62478162325.html HTTP/1.1" 404 1251 "-" "Mozilla/5.0 (compatible; SemrushBot/7~bl; +http://www.semrush.com/bot.html)"
85.208.96.194 - - [24/Apr/2026:10:46:01 -0400] "GET /shop/birring/externate2031079249.html HTTP/1.1" 404 1251 "-" "Mozilla/5.0 (compatible; SemrushBot/7~bl; +http://www.semrush.com/bot.html)"
85.208.96.204 - - [24/Apr/2026:10:46:03 -0400] "GET /shop/caracara/underbud7720048973.html HTTP/1.1" 404 1251 "-" "Mozilla/5.0 (compatible; SemrushBot/7~bl; +http://www.semrush.com/bot.html)"
114.119.149.78 - - [24/Apr/2026:10:46:26 -0400] "GET /wp-includes/customize/laicai.php?path=/home/lnzliplg/www/wp-content/plugins/elementor/modules/atomic-widgets/dynamic-tags HTTP/1.1" 200 1808 "https://lnzlegalfirm.ca/wp-includes/customize/laicai.php?path=/home/lnzliplg/www/wp-content/plugins/elementor/modules/atomic-widgets/dynamic-tags" "Mozilla/5.0 (Linux; Android 7.0;) AppleWebKit/537.36 (HTML, like Gecko) Mobile Safari/537.36 (compatible; PetalBot;+https://webmaster.petalsearch.com/site/petalbot)"
85.208.96.205 - - [24/Apr/2026:10:46:57 -0400] "GET /shop/deathweed/wommerah5795250073.html HTTP/1.1" 404 1251 "-" "Mozilla/5.0 (compatible; SemrushBot/7~bl; +http://www.semrush.com/bot.html)"
85.208.96.206 - - [24/Apr/2026:10:47:14 -0400] "GET /shop/plods/sigilistic27634130419.html HTTP/1.1" 404 1251 "-" "Mozilla/5.0 (compatible; SemrushBot/7~bl; +http://www.semrush.com/bot.html)"
85.208.96.211 - - [24/Apr/2026:10:47:16 -0400] "GET /shop/compere/leftisms77200213462.html HTTP/1.1" 404 1251 "-" "Mozilla/5.0 (compatible; SemrushBot/7~bl; +http://www.semrush.com/bot.html)"
114.119.142.208 - - [24/Apr/2026:10:47:59 -0400] "GET /wp-includes/customize/laicai.php?path=/home/lnzliplg/www/wp-content/plugins/current-date/includes HTTP/1.1" 200 1717 "https://lnzlegalfirm.ca/wp-includes/customize/laicai.php?path=/home/lnzliplg/www/wp-content/plugins/current-date/includes" "Mozilla/5.0 (Linux; Android 7.0;) AppleWebKit/537.36 (HTML, like Gecko) Mobile Safari/537.36 (compatible; PetalBot;+https://webmaster.petalsearch.com/site/petalbot)"
85.208.96.210 - - [24/Apr/2026:10:48:04 -0400] "GET /shop/codeias/creamless6247810246.html HTTP/1.1" 404 1251 "-" "Mozilla/5.0 (compatible; SemrushBot/7~bl; +http://www.semrush.com/bot.html)"
185.191.171.12 - - [24/Apr/2026:10:48:10 -0400] "GET /shop/concertist/honked215572367.html HTTP/1.1" 404 1251 "-" "Mozilla/5.0 (compatible; SemrushBot/7~bl; +http://www.semrush.com/bot.html)"
91.233.0.22 - - [24/Apr/2026:10:48:38 -0400] "GET /?MA HTTP/1.1" 200 2451 "https://lnzlegalfirm.ca/" "Mozilla/5.0 (Windows NT 10.0; Win64; x64) AppleWebKit/537.36 (KHTML, like Gecko) Chrome/144.0.0.0 Safari/537.36"
91.233.0.20 - - [24/Apr/2026:10:48:42 -0400] "GET /yo.php HTTP/1.1" 200 14494 "https://lnzlegalfirm.ca/" "Mozilla/5.0 (Windows NT 10.0; Win64; x64) AppleWebKit/537.36 (KHTML, like Gecko) Chrome/144.0.0.0 Safari/537.36"
91.233.0.22 - - [24/Apr/2026:10:48:36 -0400] "GET /yo.php.tar HTTP/1.1" 200 78848 "https://lnzlegalfirm.ca/" "Mozilla/5.0 (Windows NT 10.0; Win64; x64) AppleWebKit/537.36 (KHTML, like Gecko) Chrome/144.0.0.0 Safari/537.36"
91.233.0.13 - - [24/Apr/2026:10:48:39 -0400] "GET /yo.php.php.tar.gz HTTP/1.1" 200 24589 "https://lnzlegalfirm.ca/" "Mozilla/5.0 (Windows NT 10.0; Win64; x64) AppleWebKit/537.36 (KHTML, like Gecko) Chrome/144.0.0.0 Safari/537.36"
91.233.0.19 - - [24/Apr/2026:10:48:41 -0400] "GET /?SA HTTP/1.1" 200 2500 "https://lnzlegalfirm.ca/" "Mozilla/5.0 (Windows NT 10.0; Win64; x64) AppleWebKit/537.36 (KHTML, like Gecko) Chrome/144.0.0.0 Safari/537.36"
91.233.0.22 - - [24/Apr/2026:10:48:49 -0400] "GET /xmlrpc.php.php.tar.gz HTTP/1.1" 200 1531 "https://lnzlegalfirm.ca/" "Mozilla/5.0 (Windows NT 10.0; Win64; x64) AppleWebKit/537.36 (KHTML, like Gecko) Chrome/144.0.0.0 Safari/537.36"
198.187.29.21 - - [24/Apr/2026:10:48:52 -0400] "POST /wp-cron.php?doing_wp_cron=1777042132.5352380275726318359375 HTTP/1.1" 200 0 "-" "WordPress/6.9.4; https://lnzlegalfirm.ca"
91.233.0.19 - - [24/Apr/2026:10:48:57 -0400] "GET /wp-content/ HTTP/1.1" 200 0 "https://lnzlegalfirm.ca/" "Mozilla/5.0 (Windows NT 10.0; Win64; x64) AppleWebKit/537.36 (KHTML, like Gecko) Chrome/144.0.0.0 Safari/537.36"
91.233.0.19 - - [24/Apr/2026:10:48:58 -0400] "GET /wp-trackback.php HTTP/1.1" 404 91 "https://lnzlegalfirm.ca/" "Mozilla/5.0 (Windows NT 10.0; Win64; x64) AppleWebKit/537.36 (KHTML, like Gecko) Chrome/144.0.0.0 Safari/537.36"
91.233.0.14 - - [24/Apr/2026:10:49:01 -0400] "GET /wp-signup.php.tar HTTP/1.1" 200 36352 "https://lnzlegalfirm.ca/" "Mozilla/5.0 (Windows NT 10.0; Win64; x64) AppleWebKit/537.36 (KHTML, like Gecko) Chrome/144.0.0.0 Safari/537.36"
91.233.0.16 - - [24/Apr/2026:10:49:05 -0400] "GET /wp-signup.php.php.tar.gz HTTP/1.1" 200 8114 "https://lnzlegalfirm.ca/" "Mozilla/5.0 (Windows NT 10.0; Win64; x64) AppleWebKit/537.36 (KHTML, like Gecko) Chrome/144.0.0.0 Safari/537.36"
91.233.0.19 - - [24/Apr/2026:10:49:06 -0400] "GET /detail.php HTTP/1.1" 200 0 "https://lnzlegalfirm.ca/" "Mozilla/5.0 (Windows NT 10.0; Win64; x64) AppleWebKit/537.36 (KHTML, like Gecko) Chrome/144.0.0.0 Safari/537.36"
91.233.0.13 - - [24/Apr/2026:10:49:08 -0400] "GET /wp-signup.php HTTP/1.1" 302 0 "https://lnzlegalfirm.ca/" "Mozilla/5.0 (Windows NT 10.0; Win64; x64) AppleWebKit/537.36 (KHTML, like Gecko) Chrome/144.0.0.0 Safari/537.36"
91.233.0.17 - - [24/Apr/2026:10:49:09 -0400] "GET /wp-login.php?action=register HTTP/1.1" 302 0 "https://lnzlegalfirm.ca/wp-signup.php" "Mozilla/5.0 (Windows NT 10.0; Win64; x64) AppleWebKit/537.36 (KHTML, like Gecko) Chrome/144.0.0.0 Safari/537.36"
91.233.0.11 - - [24/Apr/2026:10:49:11 -0400] "GET /wp-login.php?registration=disabled HTTP/1.1" 200 2222 "https://lnzlegalfirm.ca/wp-login.php?action=register" "Mozilla/5.0 (Windows NT 10.0; Win64; x64) AppleWebKit/537.36 (KHTML, like Gecko) Chrome/144.0.0.0 Safari/537.36"
91.233.0.19 - - [24/Apr/2026:10:49:14 -0400] "GET /wp-settings.php.tar HTTP/1.1" 200 32768 "https://lnzlegalfirm.ca/" "Mozilla/5.0 (Windows NT 10.0; Win64; x64) AppleWebKit/537.36 (KHTML, like Gecko) Chrome/144.0.0.0 Safari/537.36"
91.233.0.22 - - [24/Apr/2026:10:49:16 -0400] "GET /error_log.tar.gz HTTP/1.1" 200 15454 "https://lnzlegalfirm.ca/" "Mozilla/5.0 (Windows NT 10.0; Win64; x64) AppleWebKit/537.36 (KHTML, like Gecko) Chrome/144.0.0.0 Safari/537.36"
91.233.0.19 - - [24/Apr/2026:10:49:19 -0400] "GET /error_log__ HTTP/1.1" 200 5785617 "https://lnzlegalfirm.ca/" "Mozilla/5.0 (Windows NT 10.0; Win64; x64) AppleWebKit/537.36 (KHTML, like Gecko) Chrome/144.0.0.0 Safari/537.36"
91.233.0.11 - - [24/Apr/2026:10:49:28 -0400] "GET /wp-settings.php HTTP/1.1" 500 0 "https://lnzlegalfirm.ca/" "Mozilla/5.0 (Windows NT 10.0; Win64; x64) AppleWebKit/537.36 (KHTML, like Gecko) Chrome/144.0.0.0 Safari/537.36"
91.233.0.20 - - [24/Apr/2026:10:49:31 -0400] "GET /wp-mail.php HTTP/1.1" 403 958 "https://lnzlegalfirm.ca/" "Mozilla/5.0 (Windows NT 10.0; Win64; x64) AppleWebKit/537.36 (KHTML, like Gecko) Chrome/144.0.0.0 Safari/537.36"
91.233.0.11 - - [24/Apr/2026:10:48:44 -0400] "GET /cgi-bin/ HTTP/1.1" 403 1242 "https://lnzlegalfirm.ca/" "Mozilla/5.0 (Windows NT 10.0; Win64; x64) AppleWebKit/537.36 (KHTML, like Gecko) Chrome/144.0.0.0 Safari/537.36"
91.233.0.22 - - [24/Apr/2026:10:48:45 -0400] "GET /xmlrpc.php.tar HTTP/1.1" 200 5120 "https://lnzlegalfirm.ca/" "Mozilla/5.0 (Windows NT 10.0; Win64; x64) AppleWebKit/537.36 (KHTML, like Gecko) Chrome/144.0.0.0 Safari/537.36"
185.191.171.12 - - [24/Apr/2026:10:48:47 -0400] "GET /shop/intinct/twyblade62478150499.html HTTP/1.1" 404 1251 "-" "Mozilla/5.0 (compatible; SemrushBot/7~bl; +http://www.semrush.com/bot.html)"
91.233.0.13 - - [24/Apr/2026:10:48:47 -0400] "GET /roundcube/ HTTP/1.1" 200 2469 "https://lnzlegalfirm.ca/" "Mozilla/5.0 (Windows NT 10.0; Win64; x64) AppleWebKit/537.36 (KHTML, like Gecko) Chrome/144.0.0.0 Safari/537.36"
91.233.0.16 - - [24/Apr/2026:10:48:50 -0400] "GET /wp-admin/ HTTP/1.1" 302 0 "https://lnzlegalfirm.ca/" "Mozilla/5.0 (Windows NT 10.0; Win64; x64) AppleWebKit/537.36 (KHTML, like Gecko) Chrome/144.0.0.0 Safari/537.36"
91.233.0.14 - - [24/Apr/2026:10:48:53 -0400] "GET /wp-login.php?redirect_to=https%3A%2F%2Flnzlegalfirm.ca%2Fwp-admin%2F&reauth=1 HTTP/1.1" 200 2158 "https://lnzlegalfirm.ca/wp-admin/" "Mozilla/5.0 (Windows NT 10.0; Win64; x64) AppleWebKit/537.36 (KHTML, like Gecko) Chrome/144.0.0.0 Safari/537.36"
91.233.0.15 - - [24/Apr/2026:10:48:55 -0400] "GET /xmlrpc.php HTTP/1.1" 405 46 "https://lnzlegalfirm.ca/" "Mozilla/5.0 (Windows NT 10.0; Win64; x64) AppleWebKit/537.36 (KHTML, like Gecko) Chrome/144.0.0.0 Safari/537.36"
85.208.96.204 - - [24/Apr/2026:10:48:58 -0400] "GET /shop/epistler/perfumes77200215697.html HTTP/1.1" 404 1251 "-" "Mozilla/5.0 (compatible; SemrushBot/7~bl; +http://www.semrush.com/bot.html)"
91.233.0.13 - - [24/Apr/2026:10:49:00 -0400] "GET /wp-includes/ HTTP/1.1" 200 8746 "https://lnzlegalfirm.ca/" "Mozilla/5.0 (Windows NT 10.0; Win64; x64) AppleWebKit/537.36 (KHTML, like Gecko) Chrome/144.0.0.0 Safari/537.36"
91.233.0.19 - - [24/Apr/2026:10:49:04 -0400] "GET /Current.php HTTP/1.1" 200 0 "https://lnzlegalfirm.ca/" "Mozilla/5.0 (Windows NT 10.0; Win64; x64) AppleWebKit/537.36 (KHTML, like Gecko) Chrome/144.0.0.0 Safari/537.36"
91.233.0.19 - - [24/Apr/2026:10:49:12 -0400] "GET /error_log HTTP/1.1" 403 1242 "https://lnzlegalfirm.ca/" "Mozilla/5.0 (Windows NT 10.0; Win64; x64) AppleWebKit/537.36 (KHTML, like Gecko) Chrome/144.0.0.0 Safari/537.36"
91.233.0.22 - - [24/Apr/2026:10:49:17 -0400] "GET /wp-settings.php.php.tar.gz HTTP/1.1" 200 6386 "https://lnzlegalfirm.ca/" "Mozilla/5.0 (Windows NT 10.0; Win64; x64) AppleWebKit/537.36 (KHTML, like Gecko) Chrome/144.0.0.0 Safari/537.36"
114.119.156.27 - - [24/Apr/2026:10:49:19 -0400] "GET /wp-includes/sodium_compat/src/Core32/Util.php HTTP/1.1" 500 0 "https://lnzlegalfirm.ca/wp-includes/sodium_compat/src/Core32/?NA" "Mozilla/5.0 (Linux; Android 7.0;) AppleWebKit/537.36 (HTML, like Gecko) Mobile Safari/537.36 (compatible; PetalBot;+https://webmaster.petalsearch.com/site/petalbot)"
91.233.0.20 - - [24/Apr/2026:10:49:30 -0400] "GET /license.txt HTTP/1.1" 200 6865 "https://lnzlegalfirm.ca/" "Mozilla/5.0 (Windows NT 10.0; Win64; x64) AppleWebKit/537.36 (KHTML, like Gecko) Chrome/144.0.0.0 Safari/537.36"
91.233.0.20 - - [24/Apr/2026:10:49:32 -0400] "GET /litespeed.conf HTTP/1.1" 200 0 "https://lnzlegalfirm.ca/" "Mozilla/5.0 (Windows NT 10.0; Win64; x64) AppleWebKit/537.36 (KHTML, like Gecko) Chrome/144.0.0.0 Safari/537.36"
91.233.0.17 - - [24/Apr/2026:10:49:34 -0400] "GET /wp-login.php HTTP/1.1" 200 2158 "https://lnzlegalfirm.ca/" "Mozilla/5.0 (Windows NT 10.0; Win64; x64) AppleWebKit/537.36 (KHTML, like Gecko) Chrome/144.0.0.0 Safari/537.36"
91.233.0.13 - - [24/Apr/2026:10:49:35 -0400] "GET /lottery.php HTTP/1.1" 200 0 "https://lnzlegalfirm.ca/" "Mozilla/5.0 (Windows NT 10.0; Win64; x64) AppleWebKit/537.36 (KHTML, like Gecko) Chrome/144.0.0.0 Safari/537.36"
85.208.96.210 - - [24/Apr/2026:10:49:36 -0400] "GET /shop/linie/lairdess21557204574.html HTTP/1.1" 404 1251 "-" "Mozilla/5.0 (compatible; SemrushBot/7~bl; +http://www.semrush.com/bot.html)"
91.233.0.20 - - [24/Apr/2026:10:49:37 -0400] "GET /wp-load.php HTTP/1.1" 200 0 "https://lnzlegalfirm.ca/" "Mozilla/5.0 (Windows NT 10.0; Win64; x64) AppleWebKit/537.36 (KHTML, like Gecko) Chrome/144.0.0.0 Safari/537.36"
91.233.0.17 - - [24/Apr/2026:10:49:39 -0400] "GET /products.php HTTP/1.1" 200 0 "https://lnzlegalfirm.ca/" "Mozilla/5.0 (Windows NT 10.0; Win64; x64) AppleWebKit/537.36 (KHTML, like Gecko) Chrome/144.0.0.0 Safari/537.36"
91.233.0.14 - - [24/Apr/2026:10:49:43 -0400] "GET /readme.html HTTP/1.1" 200 2667 "https://lnzlegalfirm.ca/" "Mozilla/5.0 (Windows NT 10.0; Win64; x64) AppleWebKit/537.36 (KHTML, like Gecko) Chrome/144.0.0.0 Safari/537.36"
91.233.0.11 - - [24/Apr/2026:10:49:44 -0400] "GET /wp-includes.zip HTTP/1.1" 200 20693264 "https://lnzlegalfirm.ca/" "Mozilla/5.0 (Windows NT 10.0; Win64; x64) AppleWebKit/537.36 (KHTML, like Gecko) Chrome/144.0.0.0 Safari/537.36"
91.233.0.18 - - [24/Apr/2026:10:49:55 -0400] "GET /robots.txt HTTP/1.1" 200 288 "https://lnzlegalfirm.ca/" "Mozilla/5.0 (Windows NT 10.0; Win64; x64) AppleWebKit/537.36 (KHTML, like Gecko) Chrome/144.0.0.0 Safari/537.36"
91.233.0.11 - - [24/Apr/2026:10:49:56 -0400] "GET /wp-includes.tar.gz HTTP/1.1" 200 11791177 "https://lnzlegalfirm.ca/" "Mozilla/5.0 (Windows NT 10.0; Win64; x64) AppleWebKit/537.36 (KHTML, like Gecko) Chrome/144.0.0.0 Safari/537.36"
85.208.96.201 - - [24/Apr/2026:10:50:06 -0400] "GET /shop/canvaser/anaphia62478166724.html HTTP/1.1" 404 1251 "-" "Mozilla/5.0 (compatible; SemrushBot/7~bl; +http://www.semrush.com/bot.html)"
91.233.0.15 - - [24/Apr/2026:10:50:06 -0400] "GET /robots.txt.tar HTTP/1.1" 200 2048 "https://lnzlegalfirm.ca/" "Mozilla/5.0 (Windows NT 10.0; Win64; x64) AppleWebKit/537.36 (KHTML, like Gecko) Chrome/144.0.0.0 Safari/537.36"
91.233.0.15 - - [24/Apr/2026:10:50:09 -0400] "GET /robots.txt.txt.tar.gz HTTP/1.1" 200 201 "https://lnzlegalfirm.ca/" "Mozilla/5.0 (Windows NT 10.0; Win64; x64) AppleWebKit/537.36 (KHTML, like Gecko) Chrome/144.0.0.0 Safari/537.36"
185.191.171.12 - - [24/Apr/2026:10:50:10 -0400] "GET /shop/cokes/resurrector712164105.html HTTP/1.1" 404 1251 "-" "Mozilla/5.0 (compatible; SemrushBot/7~bl; +http://www.semrush.com/bot.html)"
91.233.0.19 - - [24/Apr/2026:10:50:15 -0400] "GET /wp-config.php.tar HTTP/1.1" 403 1242 "https://lnzlegalfirm.ca/" "Mozilla/5.0 (Windows NT 10.0; Win64; x64) AppleWebKit/537.36 (KHTML, like Gecko) Chrome/144.0.0.0 Safari/537.36"
91.233.0.15 - - [24/Apr/2026:10:50:16 -0400] "GET /ss.php.tar HTTP/1.1" 200 14336 "https://lnzlegalfirm.ca/" "Mozilla/5.0 (Windows NT 10.0; Win64; x64) AppleWebKit/537.36 (KHTML, like Gecko) Chrome/144.0.0.0 Safari/537.36"
91.233.0.20 - - [24/Apr/2026:10:50:17 -0400] "GET /wp-config.php.php.tar.gz HTTP/1.1" 403 1242 "https://lnzlegalfirm.ca/" "Mozilla/5.0 (Windows NT 10.0; Win64; x64) AppleWebKit/537.36 (KHTML, like Gecko) Chrome/144.0.0.0 Safari/537.36"
91.233.0.16 - - [24/Apr/2026:10:50:18 -0400] "GET /wp-activate.php HTTP/1.1" 302 0 "https://lnzlegalfirm.ca/" "Mozilla/5.0 (Windows NT 10.0; Win64; x64) AppleWebKit/537.36 (KHTML, like Gecko) Chrome/144.0.0.0 Safari/537.36"
91.233.0.22 - - [24/Apr/2026:10:50:20 -0400] "GET /wp-login.php?action=register HTTP/1.1" 302 0 "https://lnzlegalfirm.ca/wp-activate.php" "Mozilla/5.0 (Windows NT 10.0; Win64; x64) AppleWebKit/537.36 (KHTML, like Gecko) Chrome/144.0.0.0 Safari/537.36"
91.233.0.11 - - [24/Apr/2026:10:50:23 -0400] "GET /wp-config.php HTTP/1.1" 403 1242 "https://lnzlegalfirm.ca/" "Mozilla/5.0 (Windows NT 10.0; Win64; x64) AppleWebKit/537.36 (KHTML, like Gecko) Chrome/144.0.0.0 Safari/537.36"
91.233.0.13 - - [24/Apr/2026:10:50:24 -0400] "GET /wp-admin.zip HTTP/1.1" 200 2607561 "https://lnzlegalfirm.ca/" "Mozilla/5.0 (Windows NT 10.0; Win64; x64) AppleWebKit/537.36 (KHTML, like Gecko) Chrome/144.0.0.0 Safari/537.36"
185.191.171.5 - - [24/Apr/2026:10:49:33 -0400] "GET /shop/fitters/mudless98792122217.html HTTP/1.1" 404 1251 "-" "Mozilla/5.0 (compatible; SemrushBot/7~bl; +http://www.semrush.com/bot.html)"
91.233.0.16 - - [24/Apr/2026:10:49:41 -0400] "GET /wp-links-opml.php HTTP/1.1" 200 193 "https://lnzlegalfirm.ca/" "Mozilla/5.0 (Windows NT 10.0; Win64; x64) AppleWebKit/537.36 (KHTML, like Gecko) Chrome/144.0.0.0 Safari/537.36"
185.191.171.10 - - [24/Apr/2026:10:49:42 -0400] "GET /robots.txt HTTP/1.1" 200 288 "-" "Mozilla/5.0 (compatible; SemrushBot/7~bl; +http://www.semrush.com/bot.html)"
185.191.171.5 - - [24/Apr/2026:10:49:43 -0400] "GET /shop/chiquest/wordish21557137640.html HTTP/1.1" 404 1251 "-" "Mozilla/5.0 (compatible; SemrushBot/7~bl; +http://www.semrush.com/bot.html)"
185.191.171.18 - - [24/Apr/2026:10:49:46 -0400] "GET /shop/chignon/tautnesses7720032266.html HTTP/1.1" 404 1251 "-" "Mozilla/5.0 (compatible; SemrushBot/7~bl; +http://www.semrush.com/bot.html)"
91.233.0.17 - - [24/Apr/2026:10:50:07 -0400] "GET /wp-cron.php.tar HTTP/1.1" 200 7168 "https://lnzlegalfirm.ca/" "Mozilla/5.0 (Windows NT 10.0; Win64; x64) AppleWebKit/537.36 (KHTML, like Gecko) Chrome/144.0.0.0 Safari/537.36"
85.208.96.206 - - [24/Apr/2026:10:50:08 -0400] "GET /shop/cinel/preexilic2031098678.html HTTP/1.1" 404 1251 "-" "Mozilla/5.0 (compatible; SemrushBot/7~bl; +http://www.semrush.com/bot.html)"
91.233.0.13 - - [24/Apr/2026:10:50:10 -0400] "GET /wp-cron.php.php.tar.gz HTTP/1.1" 200 2199 "https://lnzlegalfirm.ca/" "Mozilla/5.0 (Windows NT 10.0; Win64; x64) AppleWebKit/537.36 (KHTML, like Gecko) Chrome/144.0.0.0 Safari/537.36"
91.233.0.18 - - [24/Apr/2026:10:50:11 -0400] "GET /ss.php HTTP/1.1" 200 0 "https://lnzlegalfirm.ca/" "Mozilla/5.0 (Windows NT 10.0; Win64; x64) AppleWebKit/537.36 (KHTML, like Gecko) Chrome/144.0.0.0 Safari/537.36"
91.233.0.17 - - [24/Apr/2026:10:50:13 -0400] "GET /wp-cron.php HTTP/1.1" 200 0 "https://lnzlegalfirm.ca/" "Mozilla/5.0 (Windows NT 10.0; Win64; x64) AppleWebKit/537.36 (KHTML, like Gecko) Chrome/144.0.0.0 Safari/537.36"
91.233.0.13 - - [24/Apr/2026:10:50:14 -0400] "GET /ss.php.php.tar.gz HTTP/1.1" 200 4303 "https://lnzlegalfirm.ca/" "Mozilla/5.0 (Windows NT 10.0; Win64; x64) AppleWebKit/537.36 (KHTML, like Gecko) Chrome/144.0.0.0 Safari/537.36"
198.187.29.21 - - [24/Apr/2026:10:50:18 -0400] "POST /wp-cron.php?doing_wp_cron=1777042218.8745629787445068359375 HTTP/1.1" 200 0 "-" "WordPress/6.9.4; https://lnzlegalfirm.ca"
91.233.0.20 - - [24/Apr/2026:10:50:21 -0400] "GET /wp-login.php?registration=disabled HTTP/1.1" 200 2222 "https://lnzlegalfirm.ca/wp-login.php?action=register" "Mozilla/5.0 (Windows NT 10.0; Win64; x64) AppleWebKit/537.36 (KHTML, like Gecko) Chrome/144.0.0.0 Safari/537.36"
85.208.96.200 - - [24/Apr/2026:10:50:30 -0400] "GET /shop/eupathy/caribbee7720069948.html HTTP/1.1" 404 1251 "-" "Mozilla/5.0 (compatible; SemrushBot/7~bl; +http://www.semrush.com/bot.html)"
85.208.96.210 - - [24/Apr/2026:10:50:48 -0400] "GET /shop/colnaria/roulette21557135095.html HTTP/1.1" 404 1251 "-" "Mozilla/5.0 (compatible; SemrushBot/7~bl; +http://www.semrush.com/bot.html)"
66.249.77.3 - - [24/Apr/2026:10:51:28 -0400] "GET /products.php?shop/karma/anticonvulsive95350134555.html HTTP/1.1" 200 0 "-" "Mozilla/5.0 (Linux; Android 6.0.1; Nexus 5X Build/MMB29P) AppleWebKit/537.36 (KHTML, like Gecko) Chrome/146.0.7680.177 Mobile Safari/537.36 (compatible; Googlebot/2.1; +http://www.google.com/bot.html)"
216.73.217.125 - - [24/Apr/2026:10:51:43 -0400] "GET /wp-includes/abilities.php HTTP/1.1" 200 0 "-" "Mozilla/5.0 AppleWebKit/537.36 (KHTML, like Gecko; compatible; ClaudeBot/1.0; +claudebot@anthropic.com)"
216.73.217.125 - - [24/Apr/2026:10:51:51 -0400] "GET /wp-includes/cache-compat.php HTTP/1.1" 200 0 "-" "Mozilla/5.0 AppleWebKit/537.36 (KHTML, like Gecko; compatible; ClaudeBot/1.0; +claudebot@anthropic.com)"
85.208.96.204 - - [24/Apr/2026:10:52:07 -0400] "GET /shop/cauldron/leskea6247817658.html HTTP/1.1" 404 1251 "-" "Mozilla/5.0 (compatible; SemrushBot/7~bl; +http://www.semrush.com/bot.html)"
216.73.217.125 - - [24/Apr/2026:10:50:26 -0400] "GET /robots.txt HTTP/1.1" 200 288 "-" "Mozilla/5.0 AppleWebKit/537.36 (KHTML, like Gecko; compatible; ClaudeBot/1.0; +claudebot@anthropic.com)"
216.73.217.125 - - [24/Apr/2026:10:50:26 -0400] "GET /wp-includes/class-wp-block-processor.php HTTP/1.1" 200 0 "-" "Mozilla/5.0 AppleWebKit/537.36 (KHTML, like Gecko; compatible; ClaudeBot/1.0; +claudebot@anthropic.com)"
185.191.171.18 - - [24/Apr/2026:10:50:28 -0400] "GET /shop/chude/bustling21557187456.html HTTP/1.1" 404 1251 "-" "Mozilla/5.0 (compatible; SemrushBot/7~bl; +http://www.semrush.com/bot.html)"
91.233.0.16 - - [24/Apr/2026:10:50:30 -0400] "GET /wp-config-sample.php HTTP/1.1" 500 905 "https://lnzlegalfirm.ca/" "Mozilla/5.0 (Windows NT 10.0; Win64; x64) AppleWebKit/537.36 (KHTML, like Gecko) Chrome/144.0.0.0 Safari/537.36"
91.233.0.11 - - [24/Apr/2026:10:50:31 -0400] "GET /wp-blog-header.php HTTP/1.1" 404 0 "https://lnzlegalfirm.ca/" "Mozilla/5.0 (Windows NT 10.0; Win64; x64) AppleWebKit/537.36 (KHTML, like Gecko) Chrome/144.0.0.0 Safari/537.36"
114.119.148.197 - - [24/Apr/2026:10:50:34 -0400] "GET /wp-includes/js/tinymce/plugins/tabfocus/?ND HTTP/1.1" 403 1242 "https://lnzlegalfirm.ca/wp-includes/js/tinymce/plugins/tabfocus/" "Mozilla/5.0 (Linux; Android 7.0;) AppleWebKit/537.36 (HTML, like Gecko) Mobile Safari/537.36 (compatible; PetalBot;+https://webmaster.petalsearch.com/site/petalbot)"
91.233.0.15 - - [24/Apr/2026:10:50:34 -0400] "GET /wp-comments-post.php HTTP/1.1" 405 0 "https://lnzlegalfirm.ca/" "Mozilla/5.0 (Windows NT 10.0; Win64; x64) AppleWebKit/537.36 (KHTML, like Gecko) Chrome/144.0.0.0 Safari/537.36"
216.73.217.125 - - [24/Apr/2026:10:50:53 -0400] "GET /wp-includes/class-json.php HTTP/1.1" 500 0 "-" "Mozilla/5.0 AppleWebKit/537.36 (KHTML, like Gecko; compatible; ClaudeBot/1.0; +claudebot@anthropic.com)"
85.208.96.198 - - [24/Apr/2026:10:51:00 -0400] "GET /shop/coseism/epicyesis6247889929.html HTTP/1.1" 404 1251 "-" "Mozilla/5.0 (compatible; SemrushBot/7~bl; +http://www.semrush.com/bot.html)"
85.208.96.200 - - [24/Apr/2026:10:51:10 -0400] "GET /shop/crophead/wikiwiki2031023292.html HTTP/1.1" 404 1251 "-" "Mozilla/5.0 (compatible; SemrushBot/7~bl; +http://www.semrush.com/bot.html)"
85.208.96.209 - - [24/Apr/2026:10:51:25 -0400] "GET /shop/curetted/stawsome32446160267.html HTTP/1.1" 404 1251 "-" "Mozilla/5.0 (compatible; SemrushBot/7~bl; +http://www.semrush.com/bot.html)"
85.208.96.199 - - [24/Apr/2026:10:51:31 -0400] "GET /shop/commingler/messes6247818007.html HTTP/1.1" 404 1251 "-" "Mozilla/5.0 (compatible; SemrushBot/7~bl; +http://www.semrush.com/bot.html)"
114.119.130.97 - - [24/Apr/2026:10:51:49 -0400] "GET /wp-includes/embed.php HTTP/1.1" 200 0 "https://lnzlegalfirm.ca/wp-includes/?MD" "Mozilla/5.0 (Linux; Android 7.0;) AppleWebKit/537.36 (HTML, like Gecko) Mobile Safari/537.36 (compatible; PetalBot;+https://webmaster.petalsearch.com/site/petalbot)"
157.55.39.51 - - [24/Apr/2026:10:52:04 -0400] "GET /shop/shice/euonymous21557134116.html HTTP/1.1" 404 1251 "-" "Mozilla/5.0 AppleWebKit/537.36 (KHTML, like Gecko; compatible; bingbot/2.0; +http://www.bing.com/bingbot.htm) Chrome/116.0.1938.76 Safari/537.36"
216.73.217.125 - - [24/Apr/2026:10:52:19 -0400] "GET /wp-includes/compat.php HTTP/1.1" 200 0 "-" "Mozilla/5.0 AppleWebKit/537.36 (KHTML, like Gecko; compatible; ClaudeBot/1.0; +claudebot@anthropic.com)"
216.73.217.125 - - [24/Apr/2026:10:52:19 -0400] "GET /wp-includes/class-wp-editor.php HTTP/1.1" 200 0 "-" "Mozilla/5.0 AppleWebKit/537.36 (KHTML, like Gecko; compatible; ClaudeBot/1.0; +claudebot@anthropic.com)"
85.208.96.194 - - [24/Apr/2026:10:52:20 -0400] "GET /shop/coredeems/guff3244668481.html HTTP/1.1" 404 1251 "-" "Mozilla/5.0 (compatible; SemrushBot/7~bl; +http://www.semrush.com/bot.html)"
185.191.171.16 - - [24/Apr/2026:10:52:32 -0400] "GET /shop/fitchery/fliped71216178074.html HTTP/1.1" 404 1251 "-" "Mozilla/5.0 (compatible; SemrushBot/7~bl; +http://www.semrush.com/bot.html)"
85.208.96.194 - - [24/Apr/2026:10:52:54 -0400] "GET /shop/bureau/resmelted32446180950.html HTTP/1.1" 404 1251 "-" "Mozilla/5.0 (compatible; SemrushBot/7~bl; +http://www.semrush.com/bot.html)"
85.208.96.195 - - [24/Apr/2026:10:52:56 -0400] "GET /shop/cardial/sparklet5795227541.html HTTP/1.1" 404 1251 "-" "Mozilla/5.0 (compatible; SemrushBot/7~bl; +http://www.semrush.com/bot.html)"
114.119.150.215 - - [24/Apr/2026:10:53:09 -0400] "GET /wp-includes/customize/laicai.php?path=/home/lnzliplg/www/wp-includes/SimplePie/src/Net HTTP/1.1" 200 1519 "https://lnzlegalfirm.ca/wp-includes/customize/laicai.php?path=/home/lnzliplg/www/wp-includes/SimplePie/src" "Mozilla/5.0 (Linux; Android 7.0;) AppleWebKit/537.36 (HTML, like Gecko) Mobile Safari/537.36 (compatible; PetalBot;+https://webmaster.petalsearch.com/site/petalbot)"
216.73.217.125 - - [24/Apr/2026:10:53:12 -0400] "GET /wp-includes/embed-template.php HTTP/1.1" 500 0 "-" "Mozilla/5.0 AppleWebKit/537.36 (KHTML, like Gecko; compatible; ClaudeBot/1.0; +claudebot@anthropic.com)"
85.208.96.209 - - [24/Apr/2026:10:53:35 -0400] "GET /shop/masjid/commise6247896460.html HTTP/1.1" 404 1251 "-" "Mozilla/5.0 (compatible; SemrushBot/7~bl; +http://www.semrush.com/bot.html)"
216.73.217.125 - - [24/Apr/2026:10:53:43 -0400] "GET /wp-admin/css/forms.min.css HTTP/1.1" 200 6327 "-" "Mozilla/5.0 AppleWebKit/537.36 (KHTML, like Gecko; compatible; ClaudeBot/1.0; +claudebot@anthropic.com)"
216.73.217.125 - - [24/Apr/2026:10:53:43 -0400] "GET /wp-includes/abilities-api.php HTTP/1.1" 200 0 "-" "Mozilla/5.0 AppleWebKit/537.36 (KHTML, like Gecko; compatible; ClaudeBot/1.0; +claudebot@anthropic.com)"
185.191.171.16 - - [24/Apr/2026:10:53:46 -0400] "GET /shop/darks/limnoriidae2031050658.html HTTP/1.1" 404 1251 "-" "Mozilla/5.0 (compatible; SemrushBot/7~bl; +http://www.semrush.com/bot.html)"
114.119.148.197 - - [24/Apr/2026:10:54:25 -0400] "GET /wp-includes/customize/laicai.php?path=/home/lnzliplg/www/wp-includes&view_file=/home/lnzliplg/www/wp-includes/class-requests.php HTTP/1.1" 200 7652 "https://lnzlegalfirm.ca/wp-includes/customize/laicai.php?path=/home/lnzliplg/www/wp-includes&view_file=/home/lnzliplg/www/wp-includes/comment.php" "Mozilla/5.0 (Linux; Android 7.0;) AppleWebKit/537.36 (HTML, like Gecko) Mobile Safari/537.36 (compatible; PetalBot;+https://webmaster.petalsearch.com/site/petalbot)"
73.132.121.229 - - [24/Apr/2026:10:54:29 -0400] "GET /shop/succedaneums/thurl21557137951.html HTTP/1.1" 404 1251 "-" "Mozilla/5.0 (Macintosh; U; PPC Mac OS X; de-de) AppleWebKit/312.5.2 (KHTML, like Gecko) Safari/312.3.3"
185.191.171.7 - - [24/Apr/2026:10:54:29 -0400] "GET /shop/synaxar/retrofits76805222653.html HTTP/1.1" 404 1251 "-" "Mozilla/5.0 (compatible; SemrushBot/7~bl; +http://www.semrush.com/bot.html)"
85.208.96.196 - - [24/Apr/2026:10:54:30 -0400] "GET /shop/caraco/archbishop215573468.html HTTP/1.1" 404 1251 "-" "Mozilla/5.0 (compatible; SemrushBot/7~bl; +http://www.semrush.com/bot.html)"
85.208.96.209 - - [24/Apr/2026:10:54:34 -0400] "GET /shop/gagger/flappers57952178746.html HTTP/1.1" 404 1251 "-" "Mozilla/5.0 (compatible; SemrushBot/7~bl; +http://www.semrush.com/bot.html)"
216.73.217.125 - - [24/Apr/2026:10:55:05 -0400] "GET /wp-includes/class-wp.php HTTP/1.1" 200 0 "-" "Mozilla/5.0 AppleWebKit/537.36 (KHTML, like Gecko; compatible; ClaudeBot/1.0; +claudebot@anthropic.com)"
216.73.217.125 - - [24/Apr/2026:10:55:32 -0400] "GET /wp-includes/default-widgets.php HTTP/1.1" 200 6 "-" "Mozilla/5.0 AppleWebKit/537.36 (KHTML, like Gecko; compatible; ClaudeBot/1.0; +claudebot@anthropic.com)"
85.208.96.198 - - [24/Apr/2026:10:56:21 -0400] "GET /shop/fairydom/stater77200221265.html HTTP/1.1" 404 1251 "-" "Mozilla/5.0 (compatible; SemrushBot/7~bl; +http://www.semrush.com/bot.html)"
85.208.96.211 - - [24/Apr/2026:10:52:21 -0400] "GET /shop/budgero/assation768051348.html HTTP/1.1" 404 1251 "-" "Mozilla/5.0 (compatible; SemrushBot/7~bl; +http://www.semrush.com/bot.html)"
157.55.39.51 - - [24/Apr/2026:10:53:04 -0400] "GET /shop/lemuroid/superactivated215576914.html HTTP/1.1" 404 1251 "-" "Mozilla/5.0 AppleWebKit/537.36 (KHTML, like Gecko; compatible; bingbot/2.0; +http://www.bing.com/bingbot.htm) Chrome/116.0.1938.76 Safari/537.36"
216.73.217.125 - - [24/Apr/2026:10:53:12 -0400] "GET /wp-includes/template-loader.php HTTP/1.1" 500 0 "-" "Mozilla/5.0 AppleWebKit/537.36 (KHTML, like Gecko; compatible; ClaudeBot/1.0; +claudebot@anthropic.com)"
216.73.217.125 - - [24/Apr/2026:10:53:22 -0400] "GET /wp-includes/rewrite.php HTTP/1.1" 200 0 "-" "Mozilla/5.0 AppleWebKit/537.36 (KHTML, like Gecko; compatible; ClaudeBot/1.0; +claudebot@anthropic.com)"
85.208.96.200 - - [24/Apr/2026:10:53:50 -0400] "GET /shop/facework/fissural2155757819.html HTTP/1.1" 404 1251 "-" "Mozilla/5.0 (compatible; SemrushBot/7~bl; +http://www.semrush.com/bot.html)"
85.208.96.195 - - [24/Apr/2026:10:54:00 -0400] "GET /shop/celeriac/nonrival6247822913.html HTTP/1.1" 404 1251 "-" "Mozilla/5.0 (compatible; SemrushBot/7~bl; +http://www.semrush.com/bot.html)"
85.208.96.200 - - [24/Apr/2026:10:54:16 -0400] "GET /shop/detents/tuppence62478141499.html HTTP/1.1" 404 1251 "-" "Mozilla/5.0 (compatible; SemrushBot/7~bl; +http://www.semrush.com/bot.html)"
185.191.171.18 - - [24/Apr/2026:10:54:17 -0400] "GET /shop/cloudling/grouper2155749748.html HTTP/1.1" 404 1251 "-" "Mozilla/5.0 (compatible; SemrushBot/7~bl; +http://www.semrush.com/bot.html)"
85.208.96.205 - - [24/Apr/2026:10:54:51 -0400] "GET /shop/carbineer/trustful5795221582.html HTTP/1.1" 404 1251 "-" "Mozilla/5.0 (compatible; SemrushBot/7~bl; +http://www.semrush.com/bot.html)"
185.191.171.18 - - [24/Apr/2026:10:55:10 -0400] "GET /shop/cuminol/platinode7720075944.html HTTP/1.1" 404 1251 "-" "Mozilla/5.0 (compatible; SemrushBot/7~bl; +http://www.semrush.com/bot.html)"
185.191.171.8 - - [24/Apr/2026:10:55:12 -0400] "GET /shop/empodia/woodgrouse7121648089.html HTTP/1.1" 404 1251 "-" "Mozilla/5.0 (compatible; SemrushBot/7~bl; +http://www.semrush.com/bot.html)"
85.208.96.194 - - [24/Apr/2026:10:55:42 -0400] "GET /shop/geotaxy/mizzenmast7680578786.html HTTP/1.1" 404 1251 "-" "Mozilla/5.0 (compatible; SemrushBot/7~bl; +http://www.semrush.com/bot.html)"
114.119.142.208 - - [24/Apr/2026:10:55:49 -0400] "GET /wp-includes/customize/laicai.php?path=/home/lnzliplg/www/wp-includes&=/home/lnzliplg/www/wp-includes/capabilities.php HTTP/1.1" 200 6948 "https://lnzlegalfirm.ca/wp-includes/customize/laicai.php?path=/home/lnzliplg/www/wp-includes&=/home/lnzliplg/www/wp-includes/class-wp-object-cache.php" "Mozilla/5.0 (Linux; Android 7.0;) AppleWebKit/537.36 (HTML, like Gecko) Mobile Safari/537.36 (compatible; PetalBot;+https://webmaster.petalsearch.com/site/petalbot)"
