85.208.96.209 - - [24/Apr/2026:10:55:54 -0400] "GET /shop/grifted/backplate57952150573.html HTTP/1.1" 404 1251 "-" "Mozilla/5.0 (compatible; SemrushBot/7~bl; +http://www.semrush.com/bot.html)"
185.191.171.18 - - [24/Apr/2026:10:56:11 -0400] "GET /shop/clanger/hereadays62478223546.html HTTP/1.1" 404 1251 "-" "Mozilla/5.0 (compatible; SemrushBot/7~bl; +http://www.semrush.com/bot.html)"
185.191.171.5 - - [24/Apr/2026:10:56:19 -0400] "GET /shop/hadjee/panzooty5795217589.html HTTP/1.1" 404 1251 "-" "Mozilla/5.0 (compatible; SemrushBot/7~bl; +http://www.semrush.com/bot.html)"
85.208.96.211 - - [24/Apr/2026:10:56:54 -0400] "GET /shop/enfile/ilexes76805202818.html HTTP/1.1" 404 1251 "-" "Mozilla/5.0 (compatible; SemrushBot/7~bl; +http://www.semrush.com/bot.html)"
185.191.171.3 - - [24/Apr/2026:10:57:00 -0400] "GET /shop/mastoids/essex27634111835.html HTTP/1.1" 404 1251 "-" "Mozilla/5.0 (compatible; SemrushBot/7~bl; +http://www.semrush.com/bot.html)"
185.191.171.8 - - [24/Apr/2026:10:57:40 -0400] "GET /shop/ecodeme/duodrama21557223000.html HTTP/1.1" 404 1251 "-" "Mozilla/5.0 (compatible; SemrushBot/7~bl; +http://www.semrush.com/bot.html)"
216.73.217.125 - - [24/Apr/2026:10:57:45 -0400] "GET /wp-admin/css/install.min.css HTTP/1.1" 200 1590 "-" "Mozilla/5.0 AppleWebKit/537.36 (KHTML, like Gecko; compatible; ClaudeBot/1.0; +claudebot@anthropic.com)"
85.208.96.207 - - [24/Apr/2026:10:57:53 -0400] "GET /shop/canonists/angelic76805219513.html HTTP/1.1" 404 1251 "-" "Mozilla/5.0 (compatible; SemrushBot/7~bl; +http://www.semrush.com/bot.html)"
85.208.96.211 - - [24/Apr/2026:10:57:55 -0400] "GET /shop/drainer/cusso57952182590.html HTTP/1.1" 404 1251 "-" "Mozilla/5.0 (compatible; SemrushBot/7~bl; +http://www.semrush.com/bot.html)"
85.208.96.202 - - [24/Apr/2026:10:58:08 -0400] "GET /shop/fetors/monotropa76805227909.html HTTP/1.1" 404 1251 "-" "Mozilla/5.0 (compatible; SemrushBot/7~bl; +http://www.semrush.com/bot.html)"
114.119.156.27 - - [24/Apr/2026:10:58:47 -0400] "GET /wp-includes/customize/laicai.php?path=/home/lnzliplg/www/wp-content/themes/astra/inc/core/builder HTTP/1.1" 200 1617 "https://lnzlegalfirm.ca/wp-includes/customize/laicai.php?path=/home/lnzliplg/www/wp-content/themes/astra/inc/core/builder" "Mozilla/5.0 (Linux; Android 7.0;) AppleWebKit/537.36 (HTML, like Gecko) Mobile Safari/537.36 (compatible; PetalBot;+https://webmaster.petalsearch.com/site/petalbot)"
185.191.171.12 - - [24/Apr/2026:10:58:48 -0400] "GET /shop/dwalm/sparesome76805158116.html HTTP/1.1" 404 1251 "-" "Mozilla/5.0 (compatible; SemrushBot/7~bl; +http://www.semrush.com/bot.html)"
85.208.96.197 - - [24/Apr/2026:10:59:17 -0400] "GET /shop/crossweb/fleuret7121610853.html HTTP/1.1" 404 1251 "-" "Mozilla/5.0 (compatible; SemrushBot/7~bl; +http://www.semrush.com/bot.html)"
85.208.96.198 - - [24/Apr/2026:10:59:26 -0400] "GET /shop/cedulas/tolsester57952148870.html HTTP/1.1" 404 1251 "-" "Mozilla/5.0 (compatible; SemrushBot/7~bl; +http://www.semrush.com/bot.html)"
66.249.77.3 - - [24/Apr/2026:10:59:32 -0400] "GET /products.php?shop/environmentalist/secretin22524240152.html HTTP/1.1" 200 0 "-" "Mozilla/5.0 (Linux; Android 6.0.1; Nexus 5X Build/MMB29P) AppleWebKit/537.36 (KHTML, like Gecko) Chrome/146.0.7680.177 Mobile Safari/537.36 (compatible; Googlebot/2.1; +http://www.google.com/bot.html)"
185.191.171.14 - - [24/Apr/2026:10:59:59 -0400] "GET /shop/lock/uniovulate77200109280.html HTTP/1.1" 404 1251 "-" "Mozilla/5.0 (compatible; SemrushBot/7~bl; +http://www.semrush.com/bot.html)"
114.119.149.78 - - [24/Apr/2026:11:00:12 -0400] "GET /wp-includes/customize/laicai.php?path=/home/lnzliplg/www/wp-content/plugins/wpforms-lite/src/Integrations/PayPalCommerce/Process/Exceptions HTTP/1.1" 200 1631 "https://lnzlegalfirm.ca/wp-includes/customize/laicai.php?path=/home/lnzliplg/www/wp-content/plugins/wpforms-lite/src/Integrations/PayPalCommerce/Process" "Mozilla/5.0 (Linux; Android 7.0;) AppleWebKit/537.36 (HTML, like Gecko) Mobile Safari/537.36 (compatible; PetalBot;+https://webmaster.petalsearch.com/site/petalbot)"
85.208.96.208 - - [24/Apr/2026:11:00:29 -0400] "GET /shop/cutoff/bivalence579526831.html HTTP/1.1" 404 1251 "-" "Mozilla/5.0 (compatible; SemrushBot/7~bl; +http://www.semrush.com/bot.html)"
185.191.171.12 - - [24/Apr/2026:11:00:31 -0400] "GET /shop/ferrash/jellying71216160092.html HTTP/1.1" 404 1251 "-" "Mozilla/5.0 (compatible; SemrushBot/7~bl; +http://www.semrush.com/bot.html)"
185.191.171.10 - - [24/Apr/2026:11:00:56 -0400] "GET /shop/cotes/permittable2763451190.html HTTP/1.1" 404 1251 "-" "Mozilla/5.0 (compatible; SemrushBot/7~bl; +http://www.semrush.com/bot.html)"
185.191.171.5 - - [24/Apr/2026:10:56:33 -0400] "GET /shop/clime/chinantecan57952199125.html HTTP/1.1" 404 1251 "-" "Mozilla/5.0 (compatible; SemrushBot/7~bl; +http://www.semrush.com/bot.html)"
83.142.209.46 - - [24/Apr/2026:10:57:02 -0400] "GET /shop/reprocess/showish3244617720.html' HTTP/1.1" 404 1251 "-" "Mozilla/5.0 (Windows NT 10.0; Win64; x64) AppleWebKit/537.36 (KHTML, like Gecko) Chrome/129.0.0.0 Safari/537.36"
114.119.145.110 - - [24/Apr/2026:10:57:21 -0400] "GET /wp-includes/customize/laicai.php?path=/home/lnzliplg/www/wp-content/themes/twentytwentyone/assets/sass/05-blocks/pullquote HTTP/1.1" 200 1614 "https://lnzlegalfirm.ca/wp-includes/customize/laicai.php?path=/home/lnzliplg/www/wp-content/themes/twentytwentyone/assets/sass/05-blocks/pullquote" "Mozilla/5.0 (Linux; Android 7.0;) AppleWebKit/537.36 (HTML, like Gecko) Mobile Safari/537.36 (compatible; PetalBot;+https://webmaster.petalsearch.com/site/petalbot)"
216.73.217.125 - - [24/Apr/2026:10:57:51 -0400] "GET /wp-includes/class-wp-error.php HTTP/1.1" 200 0 "-" "Mozilla/5.0 AppleWebKit/537.36 (KHTML, like Gecko; compatible; ClaudeBot/1.0; +claudebot@anthropic.com)"
185.191.171.7 - - [24/Apr/2026:10:58:18 -0400] "GET /shop/unorn/plumbum57952144830.html HTTP/1.1" 404 1251 "-" "Mozilla/5.0 (compatible; SemrushBot/7~bl; +http://www.semrush.com/bot.html)"
85.208.96.195 - - [24/Apr/2026:10:58:20 -0400] "GET /shop/clouts/charriest76805107364.html HTTP/1.1" 404 1251 "-" "Mozilla/5.0 (compatible; SemrushBot/7~bl; +http://www.semrush.com/bot.html)"
85.208.96.211 - - [24/Apr/2026:10:58:29 -0400] "GET /shop/bul/cryohydrate5795280094.html HTTP/1.1" 404 1251 "-" "Mozilla/5.0 (compatible; SemrushBot/7~bl; +http://www.semrush.com/bot.html)"
85.208.96.195 - - [24/Apr/2026:10:58:46 -0400] "GET /shop/encloses/wavellite7121615087.html HTTP/1.1" 404 1251 "-" "Mozilla/5.0 (compatible; SemrushBot/7~bl; +http://www.semrush.com/bot.html)"
85.208.96.195 - - [24/Apr/2026:10:58:49 -0400] "GET /shop/tailor/platyrrhin57952189955.html HTTP/1.1" 404 1251 "-" "Mozilla/5.0 (compatible; SemrushBot/7~bl; +http://www.semrush.com/bot.html)"
185.191.171.2 - - [24/Apr/2026:10:59:12 -0400] "GET /shop/captions/commot71216188231.html HTTP/1.1" 404 1251 "-" "Mozilla/5.0 (compatible; SemrushBot/7~bl; +http://www.semrush.com/bot.html)"
185.191.171.13 - - [24/Apr/2026:11:00:14 -0400] "GET /shop/circumfluent/padge9879261805.html HTTP/1.1" 404 1251 "-" "Mozilla/5.0 (compatible; SemrushBot/7~bl; +http://www.semrush.com/bot.html)"
85.208.96.203 - - [24/Apr/2026:11:00:34 -0400] "GET /shop/frenchily/dendric21557222025.html HTTP/1.1" 404 1251 "-" "Mozilla/5.0 (compatible; SemrushBot/7~bl; +http://www.semrush.com/bot.html)"
185.191.171.17 - - [24/Apr/2026:11:01:13 -0400] "GET /shop/hippocratea/loxing2763487491.html HTTP/1.1" 404 1251 "-" "Mozilla/5.0 (compatible; SemrushBot/7~bl; +http://www.semrush.com/bot.html)"
185.191.171.13 - - [24/Apr/2026:11:01:38 -0400] "GET /shop/dripping/dapicho2155713177.html HTTP/1.1" 404 1251 "-" "Mozilla/5.0 (compatible; SemrushBot/7~bl; +http://www.semrush.com/bot.html)"
85.208.96.212 - - [24/Apr/2026:11:02:22 -0400] "GET /shop/holometer/tenotomy2763440549.html HTTP/1.1" 404 1251 "-" "Mozilla/5.0 (compatible; SemrushBot/7~bl; +http://www.semrush.com/bot.html)"
185.191.171.8 - - [24/Apr/2026:11:02:26 -0400] "GET /shop/nitta/coferment21557101062.html HTTP/1.1" 404 1251 "-" "Mozilla/5.0 (compatible; SemrushBot/7~bl; +http://www.semrush.com/bot.html)"
185.191.171.3 - - [24/Apr/2026:11:02:47 -0400] "GET /shop/donkeymen/labite6247818193.html HTTP/1.1" 404 1251 "-" "Mozilla/5.0 (compatible; SemrushBot/7~bl; +http://www.semrush.com/bot.html)"
114.119.151.206 - - [24/Apr/2026:11:02:58 -0400] "GET /wp-includes/customize/laicai.php?path=/home/lnzliplg/www/wp-content/plugins/unlimited-elements-for-elementor/vendor/symfony/polyfill-php81/Resources/stubs HTTP/1.1" 200 1674 "https://lnzlegalfirm.ca/wp-includes/customize/laicai.php?path=/home/lnzliplg/www/wp-content/plugins/unlimited-elements-for-elementor/vendor/symfony/polyfill-php81/Resources/stubs" "Mozilla/5.0 (Linux; Android 7.0;) AppleWebKit/537.36 (HTML, like Gecko) Mobile Safari/537.36 (compatible; PetalBot;+https://webmaster.petalsearch.com/site/petalbot)"
185.191.171.11 - - [24/Apr/2026:11:03:11 -0400] "GET /shop/casing/prehostile7720022932.html HTTP/1.1" 404 1251 "-" "Mozilla/5.0 (compatible; SemrushBot/7~bl; +http://www.semrush.com/bot.html)"
85.208.96.206 - - [24/Apr/2026:11:03:20 -0400] "GET /shop/cacomixl/trains20310103385.html HTTP/1.1" 404 1251 "-" "Mozilla/5.0 (compatible; SemrushBot/7~bl; +http://www.semrush.com/bot.html)"
114.119.150.215 - - [24/Apr/2026:11:04:15 -0400] "GET /wp-includes/customize/laicai.php?path=/home/lnzliplg/www/wp-content/plugins/unlimited-elements-for-elementor/vendor/composer HTTP/1.1" 200 1858 "https://lnzlegalfirm.ca/wp-includes/customize/laicai.php?path=/home/lnzliplg/www/wp-content/plugins/unlimited-elements-for-elementor/vendor" "Mozilla/5.0 (Linux; Android 7.0;) AppleWebKit/537.36 (HTML, like Gecko) Mobile Safari/537.36 (compatible; PetalBot;+https://webmaster.petalsearch.com/site/petalbot)"
216.73.217.125 - - [24/Apr/2026:11:04:29 -0400] "GET /wp-includes/class-wp-date-query.php HTTP/1.1" 200 0 "-" "Mozilla/5.0 AppleWebKit/537.36 (KHTML, like Gecko; compatible; ClaudeBot/1.0; +claudebot@anthropic.com)"
216.73.217.125 - - [24/Apr/2026:11:04:29 -0400] "GET /wp-includes/block-patterns/ HTTP/1.1" 200 1140 "-" "Mozilla/5.0 AppleWebKit/537.36 (KHTML, like Gecko; compatible; ClaudeBot/1.0; +claudebot@anthropic.com)"
216.73.217.125 - - [24/Apr/2026:11:04:30 -0400] "GET /wp-includes/theme-compat/header-embed.php HTTP/1.1" 500 26 "-" "Mozilla/5.0 AppleWebKit/537.36 (KHTML, like Gecko; compatible; ClaudeBot/1.0; +claudebot@anthropic.com)"
216.73.217.125 - - [24/Apr/2026:11:04:30 -0400] "GET /wp-includes/theme-compat/header.php HTTP/1.1" 500 0 "-" "Mozilla/5.0 AppleWebKit/537.36 (KHTML, like Gecko; compatible; ClaudeBot/1.0; +claudebot@anthropic.com)"
85.208.96.206 - - [24/Apr/2026:11:04:30 -0400] "GET /shop/calypsos/moundsman2155798583.html HTTP/1.1" 404 1251 "-" "Mozilla/5.0 (compatible; SemrushBot/7~bl; +http://www.semrush.com/bot.html)"
85.208.96.206 - - [24/Apr/2026:11:04:43 -0400] "GET /shop/chondrophyte/mtn98792186466.html HTTP/1.1" 404 1251 "-" "Mozilla/5.0 (compatible; SemrushBot/7~bl; +http://www.semrush.com/bot.html)"
85.208.96.202 - - [24/Apr/2026:11:04:58 -0400] "GET /shop/chagga/medallary20310171543.html HTTP/1.1" 404 1251 "-" "Mozilla/5.0 (compatible; SemrushBot/7~bl; +http://www.semrush.com/bot.html)"
114.119.150.215 - - [24/Apr/2026:11:01:34 -0400] "GET /wp-includes/customize/laicai.php?path=/home/lnzliplg/www/wp-content/plugins/wpforms-lite/assets/images/integrations/paypal-commerce/apple-pay HTTP/1.1" 200 1649 "https://lnzlegalfirm.ca/wp-includes/customize/laicai.php?path=/home/lnzliplg/www/wp-content/plugins/wpforms-lite/assets/images/integrations/paypal-commerce" "Mozilla/5.0 (Linux; Android 7.0;) AppleWebKit/537.36 (HTML, like Gecko) Mobile Safari/537.36 (compatible; PetalBot;+https://webmaster.petalsearch.com/site/petalbot)"
185.191.171.12 - - [24/Apr/2026:11:01:52 -0400] "GET /shop/cocullo/indument5795226250.html HTTP/1.1" 404 1251 "-" "Mozilla/5.0 (compatible; SemrushBot/7~bl; +http://www.semrush.com/bot.html)"
85.208.96.205 - - [24/Apr/2026:11:02:03 -0400] "GET /shop/chymic/sextuply21557164666.html HTTP/1.1" 404 1251 "-" "Mozilla/5.0 (compatible; SemrushBot/7~bl; +http://www.semrush.com/bot.html)"
185.191.171.12 - - [24/Apr/2026:11:02:20 -0400] "GET /shop/sparker/albumoses21557214291.html HTTP/1.1" 404 1251 "-" "Mozilla/5.0 (compatible; SemrushBot/7~bl; +http://www.semrush.com/bot.html)"
185.191.171.13 - - [24/Apr/2026:11:02:30 -0400] "GET /shop/canfields/fascisms3244623846.html HTTP/1.1" 404 1251 "-" "Mozilla/5.0 (compatible; SemrushBot/7~bl; +http://www.semrush.com/bot.html)"
185.191.171.15 - - [24/Apr/2026:11:02:50 -0400] "GET /shop/coalier/scaldfish5795252178.html HTTP/1.1" 404 1251 "-" "Mozilla/5.0 (compatible; SemrushBot/7~bl; +http://www.semrush.com/bot.html)"
85.208.96.206 - - [24/Apr/2026:11:03:14 -0400] "GET /shop/desideratum/orans21557101379.html HTTP/1.1" 404 1251 "-" "Mozilla/5.0 (compatible; SemrushBot/7~bl; +http://www.semrush.com/bot.html)"
85.208.96.209 - - [24/Apr/2026:11:03:55 -0400] "GET /shop/groof/pledged20310164525.html HTTP/1.1" 404 1251 "-" "Mozilla/5.0 (compatible; SemrushBot/7~bl; +http://www.semrush.com/bot.html)"
85.208.96.196 - - [24/Apr/2026:11:03:59 -0400] "GET /shop/customing/stoics7720048006.html HTTP/1.1" 404 1251 "-" "Mozilla/5.0 (compatible; SemrushBot/7~bl; +http://www.semrush.com/bot.html)"
85.208.96.195 - - [24/Apr/2026:11:04:17 -0400] "GET /shop/explodable/meinie5795224060.html HTTP/1.1" 404 1251 "-" "Mozilla/5.0 (compatible; SemrushBot/7~bl; +http://www.semrush.com/bot.html)"
52.167.144.176 - - [24/Apr/2026:11:04:24 -0400] "GET /shop/vasodentine/governability2155787300.html HTTP/1.1" 404 1251 "-" "Mozilla/5.0 AppleWebKit/537.36 (KHTML, like Gecko; compatible; bingbot/2.0; +http://www.bing.com/bingbot.htm) Chrome/116.0.1938.76 Safari/537.36"
216.73.217.125 - - [24/Apr/2026:11:04:31 -0400] "GET /wp-includes/theme-compat/embed.php HTTP/1.1" 500 0 "-" "Mozilla/5.0 AppleWebKit/537.36 (KHTML, like Gecko; compatible; ClaudeBot/1.0; +claudebot@anthropic.com)"
216.73.217.125 - - [24/Apr/2026:11:04:31 -0400] "GET /wp-includes/theme-compat/comments.php HTTP/1.1" 500 0 "-" "Mozilla/5.0 AppleWebKit/537.36 (KHTML, like Gecko; compatible; ClaudeBot/1.0; +claudebot@anthropic.com)"
216.73.217.125 - - [24/Apr/2026:11:05:11 -0400] "GET /wp-includes/revision.php HTTP/1.1" 200 0 "-" "Mozilla/5.0 AppleWebKit/537.36 (KHTML, like Gecko; compatible; ClaudeBot/1.0; +claudebot@anthropic.com)"
216.73.217.125 - - [24/Apr/2026:11:05:11 -0400] "GET /wp-includes/bookmark-template.php HTTP/1.1" 200 0 "-" "Mozilla/5.0 AppleWebKit/537.36 (KHTML, like Gecko; compatible; ClaudeBot/1.0; +claudebot@anthropic.com)"
216.73.217.125 - - [24/Apr/2026:11:05:11 -0400] "GET /wp-includes/ms-blogs.php HTTP/1.1" 200 6 "-" "Mozilla/5.0 AppleWebKit/537.36 (KHTML, like Gecko; compatible; ClaudeBot/1.0; +claudebot@anthropic.com)"
216.73.217.125 - - [24/Apr/2026:11:05:12 -0400] "GET /wp-includes/SimplePie/ HTTP/1.1" 200 726 "-" "Mozilla/5.0 AppleWebKit/537.36 (KHTML, like Gecko; compatible; ClaudeBot/1.0; +claudebot@anthropic.com)"
216.73.217.125 - - [24/Apr/2026:11:05:21 -0400] "GET /wp-includes/class-wp-user-query.php HTTP/1.1" 200 0 "-" "Mozilla/5.0 AppleWebKit/537.36 (KHTML, like Gecko; compatible; ClaudeBot/1.0; +claudebot@anthropic.com)"
216.73.217.125 - - [24/Apr/2026:11:05:21 -0400] "GET /wp-includes/class-wp-admin-bar.php HTTP/1.1" 200 0 "-" "Mozilla/5.0 AppleWebKit/537.36 (KHTML, like Gecko; compatible; ClaudeBot/1.0; +claudebot@anthropic.com)"
216.73.217.125 - - [24/Apr/2026:11:05:37 -0400] "GET /wp-includes/class-pop3.php HTTP/1.1" 200 0 "-" "Mozilla/5.0 AppleWebKit/537.36 (KHTML, like Gecko; compatible; ClaudeBot/1.0; +claudebot@anthropic.com)"
185.191.171.12 - - [24/Apr/2026:11:05:38 -0400] "GET /shop/ablatively/should5795257880.html HTTP/1.1" 404 1251 "-" "Mozilla/5.0 (compatible; SemrushBot/7~bl; +http://www.semrush.com/bot.html)"
216.73.217.125 - - [24/Apr/2026:11:05:38 -0400] "GET /wp-includes/theme-compat/embed-content.php HTTP/1.1" 500 10 "-" "Mozilla/5.0 AppleWebKit/537.36 (KHTML, like Gecko; compatible; ClaudeBot/1.0; +claudebot@anthropic.com)"
114.119.148.197 - - [24/Apr/2026:11:05:39 -0400] "GET /wp-includes/customize/laicai.php?path=/home/lnzliplg/www/wp-content/plugins/unlimited-elements-for-elementor/js/codemirror-custom/mode/twig HTTP/1.1" 200 1595 "https://lnzlegalfirm.ca/wp-includes/customize/laicai.php?path=/home/lnzliplg/www/wp-content/plugins/unlimited-elements-for-elementor/js/codemirror-custom/mode" "Mozilla/5.0 (Linux; Android 7.0;) AppleWebKit/537.36 (HTML, like Gecko) Mobile Safari/537.36 (compatible; PetalBot;+https://webmaster.petalsearch.com/site/petalbot)"
216.73.217.125 - - [24/Apr/2026:11:05:57 -0400] "GET /wp-includes/theme-compat/footer-embed.php HTTP/1.1" 500 0 "-" "Mozilla/5.0 AppleWebKit/537.36 (KHTML, like Gecko; compatible; ClaudeBot/1.0; +claudebot@anthropic.com)"
216.73.217.125 - - [24/Apr/2026:11:05:58 -0400] "GET /wp-includes/theme-compat/embed-404.php HTTP/1.1" 500 43 "-" "Mozilla/5.0 AppleWebKit/537.36 (KHTML, like Gecko; compatible; ClaudeBot/1.0; +claudebot@anthropic.com)"
216.73.217.125 - - [24/Apr/2026:11:05:58 -0400] "GET /wp-includes/theme-compat/error_log HTTP/1.1" 403 1242 "-" "Mozilla/5.0 AppleWebKit/537.36 (KHTML, like Gecko; compatible; ClaudeBot/1.0; +claudebot@anthropic.com)"
216.73.217.125 - - [24/Apr/2026:11:05:59 -0400] "GET /wp-includes/class-wp-dependencies.php HTTP/1.1" 200 0 "-" "Mozilla/5.0 AppleWebKit/537.36 (KHTML, like Gecko; compatible; ClaudeBot/1.0; +claudebot@anthropic.com)"
216.73.217.125 - - [24/Apr/2026:11:06:18 -0400] "GET /wp-includes/l10n/class-wp-translation-file-mo.php HTTP/1.1" 500 0 "-" "Mozilla/5.0 AppleWebKit/537.36 (KHTML, like Gecko; compatible; ClaudeBot/1.0; +claudebot@anthropic.com)"
216.73.217.125 - - [24/Apr/2026:11:06:18 -0400] "GET /wp-includes/l10n/class-wp-translation-file.php HTTP/1.1" 200 0 "-" "Mozilla/5.0 AppleWebKit/537.36 (KHTML, like Gecko; compatible; ClaudeBot/1.0; +claudebot@anthropic.com)"
216.73.217.125 - - [24/Apr/2026:11:06:20 -0400] "GET /wp-includes/l10n/error_log HTTP/1.1" 403 1242 "-" "Mozilla/5.0 AppleWebKit/537.36 (KHTML, like Gecko; compatible; ClaudeBot/1.0; +claudebot@anthropic.com)"
216.73.217.125 - - [24/Apr/2026:11:05:12 -0400] "GET /wp-includes/class-wp-block-type.php HTTP/1.1" 200 0 "-" "Mozilla/5.0 AppleWebKit/537.36 (KHTML, like Gecko; compatible; ClaudeBot/1.0; +claudebot@anthropic.com)"
216.73.217.125 - - [24/Apr/2026:11:05:13 -0400] "GET /wp-includes/functions.wp-styles.php HTTP/1.1" 200 0 "-" "Mozilla/5.0 AppleWebKit/537.36 (KHTML, like Gecko; compatible; ClaudeBot/1.0; +claudebot@anthropic.com)"
85.208.96.211 - - [24/Apr/2026:11:05:14 -0400] "GET /shop/cecity/handloom624785330.html HTTP/1.1" 404 1251 "-" "Mozilla/5.0 (compatible; SemrushBot/7~bl; +http://www.semrush.com/bot.html)"
216.73.217.125 - - [24/Apr/2026:11:05:22 -0400] "GET /wp-includes/class-wp-xmlrpc-server.php HTTP/1.1" 500 0 "-" "Mozilla/5.0 AppleWebKit/537.36 (KHTML, like Gecko; compatible; ClaudeBot/1.0; +claudebot@anthropic.com)"
216.73.217.125 - - [24/Apr/2026:11:05:22 -0400] "GET /wp-includes/category-template.php HTTP/1.1" 200 0 "-" "Mozilla/5.0 AppleWebKit/537.36 (KHTML, like Gecko; compatible; ClaudeBot/1.0; +claudebot@anthropic.com)"
216.73.217.125 - - [24/Apr/2026:11:05:23 -0400] "GET /wp-includes/kses.php HTTP/1.1" 200 0 "-" "Mozilla/5.0 AppleWebKit/537.36 (KHTML, like Gecko; compatible; ClaudeBot/1.0; +claudebot@anthropic.com)"
216.73.217.125 - - [24/Apr/2026:11:05:23 -0400] "GET /wp-includes/class-snoopy.php HTTP/1.1" 500 0 "-" "Mozilla/5.0 AppleWebKit/537.36 (KHTML, like Gecko; compatible; ClaudeBot/1.0; +claudebot@anthropic.com)"
85.208.96.208 - - [24/Apr/2026:11:05:29 -0400] "GET /shop/dugal/chummiest2031021751.html HTTP/1.1" 404 1251 "-" "Mozilla/5.0 (compatible; SemrushBot/7~bl; +http://www.semrush.com/bot.html)"
216.73.217.125 - - [24/Apr/2026:11:05:37 -0400] "GET /wp-includes/locale.php HTTP/1.1" 500 0 "-" "Mozilla/5.0 AppleWebKit/537.36 (KHTML, like Gecko; compatible; ClaudeBot/1.0; +claudebot@anthropic.com)"
216.73.217.125 - - [24/Apr/2026:11:05:37 -0400] "GET /wp-includes/class-wp-role.php HTTP/1.1" 200 0 "-" "Mozilla/5.0 AppleWebKit/537.36 (KHTML, like Gecko; compatible; ClaudeBot/1.0; +claudebot@anthropic.com)"
216.73.217.125 - - [24/Apr/2026:11:05:38 -0400] "GET /wp-includes/class-wp-term-query.php HTTP/1.1" 200 0 "-" "Mozilla/5.0 AppleWebKit/537.36 (KHTML, like Gecko; compatible; ClaudeBot/1.0; +claudebot@anthropic.com)"
216.73.217.125 - - [24/Apr/2026:11:05:39 -0400] "GET /wp-includes/class-wp-customize-control.php HTTP/1.1" 200 6 "-" "Mozilla/5.0 AppleWebKit/537.36 (KHTML, like Gecko; compatible; ClaudeBot/1.0; +claudebot@anthropic.com)"
185.191.171.13 - - [24/Apr/2026:11:05:53 -0400] "GET /shop/bootid/inamoratas6247818392.html HTTP/1.1" 404 1251 "-" "Mozilla/5.0 (compatible; SemrushBot/7~bl; +http://www.semrush.com/bot.html)"
216.73.217.125 - - [24/Apr/2026:11:05:57 -0400] "GET /wp-includes/theme-compat/footer.php HTTP/1.1" 500 0 "-" "Mozilla/5.0 AppleWebKit/537.36 (KHTML, like Gecko; compatible; ClaudeBot/1.0; +claudebot@anthropic.com)"
216.73.217.125 - - [24/Apr/2026:11:05:59 -0400] "GET /wp-includes/theme-compat/sidebar.php HTTP/1.1" 500 0 "-" "Mozilla/5.0 AppleWebKit/537.36 (KHTML, like Gecko; compatible; ClaudeBot/1.0; +claudebot@anthropic.com)"
185.191.171.5 - - [24/Apr/2026:11:06:05 -0400] "GET /shop/childed/supralunar772006902.html HTTP/1.1" 404 1251 "-" "Mozilla/5.0 (compatible; SemrushBot/7~bl; +http://www.semrush.com/bot.html)"
216.73.217.125 - - [24/Apr/2026:11:06:18 -0400] "GET /wp-includes/l10n/class-wp-translations.php HTTP/1.1" 200 0 "-" "Mozilla/5.0 AppleWebKit/537.36 (KHTML, like Gecko; compatible; ClaudeBot/1.0; +claudebot@anthropic.com)"
216.73.217.125 - - [24/Apr/2026:11:06:19 -0400] "GET /wp-includes/l10n/class-wp-translation-file-php.php HTTP/1.1" 500 0 "-" "Mozilla/5.0 AppleWebKit/537.36 (KHTML, like Gecko; compatible; ClaudeBot/1.0; +claudebot@anthropic.com)"
216.73.217.125 - - [24/Apr/2026:11:06:19 -0400] "GET /wp-includes/l10n/class-wp-translation-controller.php HTTP/1.1" 200 0 "-" "Mozilla/5.0 AppleWebKit/537.36 (KHTML, like Gecko; compatible; ClaudeBot/1.0; +claudebot@anthropic.com)"
185.191.171.13 - - [24/Apr/2026:11:06:35 -0400] "GET /shop/crewing/scaphoids62478172831.html HTTP/1.1" 404 1251 "-" "Mozilla/5.0 (compatible; SemrushBot/7~bl; +http://www.semrush.com/bot.html)"
85.208.96.198 - - [24/Apr/2026:11:06:37 -0400] "GET /shop/catching/logier276348279.html HTTP/1.1" 404 1251 "-" "Mozilla/5.0 (compatible; SemrushBot/7~bl; +http://www.semrush.com/bot.html)"
85.208.96.203 - - [24/Apr/2026:11:06:39 -0400] "GET /shop/gongorist/mikes98792190088.html HTTP/1.1" 404 1251 "-" "Mozilla/5.0 (compatible; SemrushBot/7~bl; +http://www.semrush.com/bot.html)"
216.73.217.125 - - [24/Apr/2026:11:06:59 -0400] "GET /wp-includes/js/dist/dom-ready.min.js HTTP/1.1" 200 275 "-" "Mozilla/5.0 AppleWebKit/537.36 (KHTML, like Gecko; compatible; ClaudeBot/1.0; +claudebot@anthropic.com)"
216.73.217.125 - - [24/Apr/2026:11:06:59 -0400] "GET /wp-includes/js/dist/a11y.min.js HTTP/1.1" 200 794 "-" "Mozilla/5.0 AppleWebKit/537.36 (KHTML, like Gecko; compatible; ClaudeBot/1.0; +claudebot@anthropic.com)"
216.73.217.125 - - [24/Apr/2026:11:07:00 -0400] "GET /roundcube/skins/elastic/styles/styles.min.css HTTP/1.1" 200 21312 "-" "Mozilla/5.0 AppleWebKit/537.36 (KHTML, like Gecko; compatible; ClaudeBot/1.0; +claudebot@anthropic.com)"
216.73.217.125 - - [24/Apr/2026:11:07:05 -0400] "GET /yo.php?edit=Current.php&fm=true&path=%2Fhome%2Flnzliplg%2Fpublic_html%2F HTTP/1.1" 200 8874 "-" "Mozilla/5.0 AppleWebKit/537.36 (KHTML, like Gecko; compatible; ClaudeBot/1.0; +claudebot@anthropic.com)"
216.73.217.125 - - [24/Apr/2026:11:07:05 -0400] "GET /yo.php?edit=xmlrpc.php&fm=true&path=%2Fhome%2Flnzliplg%2Fpublic_html%2F HTTP/1.1" 200 10323 "-" "Mozilla/5.0 AppleWebKit/537.36 (KHTML, like Gecko; compatible; ClaudeBot/1.0; +claudebot@anthropic.com)"
216.73.217.125 - - [24/Apr/2026:11:07:06 -0400] "GET /roundcube/skins/elastic/ui.min.js HTTP/1.1" 200 18992 "-" "Mozilla/5.0 AppleWebKit/537.36 (KHTML, like Gecko; compatible; ClaudeBot/1.0; +claudebot@anthropic.com)"
216.73.217.125 - - [24/Apr/2026:11:07:06 -0400] "GET /yo.php?fm=true&path=%2Fhome%2Flnzliplg%2Fpublic_html%2F.. HTTP/1.1" 200 13351 "-" "Mozilla/5.0 AppleWebKit/537.36 (KHTML, like Gecko; compatible; ClaudeBot/1.0; +claudebot@anthropic.com)"
114.119.149.78 - - [24/Apr/2026:11:07:11 -0400] "GET /wp-includes/customize/laicai.php?path=/home/lnzliplg/www/wp-content/plugins/royal-elementor-addons/modules/theme-builder/woocommerce/product-media/widgets HTTP/1.1" 200 1622 "https://lnzlegalfirm.ca/wp-includes/customize/laicai.php?path=/home/lnzliplg/www/wp-content/plugins/royal-elementor-addons/modules/theme-builder/woocommerce/product-media" "Mozilla/5.0 (Linux; Android 7.0;) AppleWebKit/537.36 (HTML, like Gecko) Mobile Safari/537.36 (compatible; PetalBot;+https://webmaster.petalsearch.com/site/petalbot)"
85.208.96.202 - - [24/Apr/2026:11:07:14 -0400] "GET /shop/cheerily/tilyer57952138527.html HTTP/1.1" 404 1251 "-" "Mozilla/5.0 (compatible; SemrushBot/7~bl; +http://www.semrush.com/bot.html)"
66.249.77.3 - - [24/Apr/2026:11:07:26 -0400] "GET /detail.php?products/28641230363 HTTP/1.1" 200 0 "-" "Mozilla/5.0 (Linux; Android 6.0.1; Nexus 5X Build/MMB29P) AppleWebKit/537.36 (KHTML, like Gecko) Chrome/146.0.7680.177 Mobile Safari/537.36 (compatible; Googlebot/2.1; +http://www.google.com/bot.html)"
216.73.217.125 - - [24/Apr/2026:11:07:46 -0400] "GET /yo.php?fm=true&path=%2Fhome%2Flnzliplg%2Fpublic_html%2Fcgi-bin HTTP/1.1" 200 9513 "-" "Mozilla/5.0 AppleWebKit/537.36 (KHTML, like Gecko; compatible; ClaudeBot/1.0; +claudebot@anthropic.com)"
216.73.217.125 - - [24/Apr/2026:11:07:47 -0400] "GET /roundcube/skins/elastic/images/favicon.ico HTTP/1.1" 200 16958 "-" "Mozilla/5.0 AppleWebKit/537.36 (KHTML, like Gecko; compatible; ClaudeBot/1.0; +claudebot@anthropic.com)"
85.208.96.198 - - [24/Apr/2026:11:08:02 -0400] "GET /shop/demonstrates/bown32446201376.html HTTP/1.1" 404 1251 "-" "Mozilla/5.0 (compatible; SemrushBot/7~bl; +http://www.semrush.com/bot.html)"
185.191.171.2 - - [24/Apr/2026:11:06:26 -0400] "GET /shop/chafewax/ericad62478168253.html HTTP/1.1" 404 1251 "-" "Mozilla/5.0 (compatible; SemrushBot/7~bl; +http://www.semrush.com/bot.html)"
85.208.96.198 - - [24/Apr/2026:11:06:56 -0400] "GET /shop/centos/esphresis3244666550.html HTTP/1.1" 404 1251 "-" "Mozilla/5.0 (compatible; SemrushBot/7~bl; +http://www.semrush.com/bot.html)"
216.73.217.125 - - [24/Apr/2026:11:06:59 -0400] "GET /roundcube/skins/elastic/deps/bootstrap.bundle.min.js HTTP/1.1" 200 20880 "-" "Mozilla/5.0 AppleWebKit/537.36 (KHTML, like Gecko; compatible; ClaudeBot/1.0; +claudebot@anthropic.com)"
216.73.217.125 - - [24/Apr/2026:11:07:00 -0400] "GET /wp-includes/class-wp-recovery-mode-email-service.php HTTP/1.1" 200 0 "-" "Mozilla/5.0 AppleWebKit/537.36 (KHTML, like Gecko; compatible; ClaudeBot/1.0; +claudebot@anthropic.com)"
216.73.217.125 - - [24/Apr/2026:11:07:05 -0400] "GET /yo.php?edit=wp-comments-post.php&fm=true&path=%2Fhome%2Flnzliplg%2Fpublic_html%2F HTTP/1.1" 200 9947 "-" "Mozilla/5.0 AppleWebKit/537.36 (KHTML, like Gecko; compatible; ClaudeBot/1.0; +claudebot@anthropic.com)"
85.208.96.207 - - [24/Apr/2026:11:07:13 -0400] "GET /shop/frayedly/zoosperm21557180977.html HTTP/1.1" 404 1251 "-" "Mozilla/5.0 (compatible; SemrushBot/7~bl; +http://www.semrush.com/bot.html)"
185.191.171.14 - - [24/Apr/2026:11:07:33 -0400] "GET /shop/computed/minified62478146381.html HTTP/1.1" 404 1251 "-" "Mozilla/5.0 (compatible; SemrushBot/7~bl; +http://www.semrush.com/bot.html)"
216.73.217.125 - - [24/Apr/2026:11:07:46 -0400] "GET /yo.php?edit=wp-activate.php&fm=true&path=%2Fhome%2Flnzliplg%2Fpublic_html%2F HTTP/1.1" 200 11444 "-" "Mozilla/5.0 AppleWebKit/537.36 (KHTML, like Gecko; compatible; ClaudeBot/1.0; +claudebot@anthropic.com)"
216.73.217.125 - - [24/Apr/2026:11:07:47 -0400] "GET /yo.php?edit=wp-load.php&fm=true&path=%2Fhome%2Flnzliplg%2Fpublic_html%2F HTTP/1.1" 200 10561 "-" "Mozilla/5.0 AppleWebKit/537.36 (KHTML, like Gecko; compatible; ClaudeBot/1.0; +claudebot@anthropic.com)"
216.73.217.125 - - [24/Apr/2026:11:07:48 -0400] "GET /yo.php?edit=wp-config-sample.php&fm=true&path=%2Fhome%2Flnzliplg%2Fpublic_html%2F HTTP/1.1" 200 10151 "-" "Mozilla/5.0 AppleWebKit/537.36 (KHTML, like Gecko; compatible; ClaudeBot/1.0; +claudebot@anthropic.com)"
216.73.217.125 - - [24/Apr/2026:11:08:16 -0400] "GET /yo.php?edit=yo.php&fm=true&path=%2Fhome%2Flnzliplg%2Fpublic_html%2F HTTP/1.1" 200 26795 "-" "Mozilla/5.0 AppleWebKit/537.36 (KHTML, like Gecko; compatible; ClaudeBot/1.0; +claudebot@anthropic.com)"
216.73.217.125 - - [24/Apr/2026:11:08:16 -0400] "GET /yo.php?edit=wp-settings.php&fm=true&path=%2Fhome%2Flnzliplg%2Fpublic_html%2F HTTP/1.1" 200 15253 "-" "Mozilla/5.0 AppleWebKit/537.36 (KHTML, like Gecko; compatible; ClaudeBot/1.0; +claudebot@anthropic.com)"
216.73.217.125 - - [24/Apr/2026:11:08:16 -0400] "GET /yo.php?edit=wp-trackback.php&fm=true&path=%2Fhome%2Flnzliplg%2Fpublic_html%2F HTTP/1.1" 200 10840 "-" "Mozilla/5.0 AppleWebKit/537.36 (KHTML, like Gecko; compatible; ClaudeBot/1.0; +claudebot@anthropic.com)"
216.73.217.125 - - [24/Apr/2026:11:08:17 -0400] "GET /yo.php?fm=true&path=%2Fhome%2Flnzliplg%2Fpublic_html%2Fwp-admin HTTP/1.1" 200 18251 "-" "Mozilla/5.0 AppleWebKit/537.36 (KHTML, like Gecko; compatible; ClaudeBot/1.0; +claudebot@anthropic.com)"
216.73.217.125 - - [24/Apr/2026:11:08:31 -0400] "GET /yo.php?edit=ss.php&fm=true&path=%2Fhome%2Flnzliplg%2Fpublic_html%2F HTTP/1.1" 200 13294 "-" "Mozilla/5.0 AppleWebKit/537.36 (KHTML, like Gecko; compatible; ClaudeBot/1.0; +claudebot@anthropic.com)"
216.73.217.125 - - [24/Apr/2026:11:08:33 -0400] "GET /yo.php?fm=true&path=%2Fhome%2Flnzliplg%2Fpublic_html%2Fwp-includes HTTP/1.1" 200 33766 "-" "Mozilla/5.0 AppleWebKit/537.36 (KHTML, like Gecko; compatible; ClaudeBot/1.0; +claudebot@anthropic.com)"
185.191.171.13 - - [24/Apr/2026:11:08:34 -0400] "GET /shop/boce/physicianly32446185005.html HTTP/1.1" 404 1251 "-" "Mozilla/5.0 (compatible; SemrushBot/7~bl; +http://www.semrush.com/bot.html)"
85.208.96.206 - - [24/Apr/2026:11:08:11 -0400] "GET /shop/heehaw/pontoon32446175980.html HTTP/1.1" 404 1251 "-" "Mozilla/5.0 (compatible; SemrushBot/7~bl; +http://www.semrush.com/bot.html)"
185.191.171.14 - - [24/Apr/2026:11:08:16 -0400] "GET /shop/airman/blindless77200223474.html HTTP/1.1" 404 1251 "-" "Mozilla/5.0 (compatible; SemrushBot/7~bl; +http://www.semrush.com/bot.html)"
216.73.217.125 - - [24/Apr/2026:11:08:17 -0400] "GET /roundcube/skins/elastic/images/logo.svg HTTP/1.1" 200 360 "-" "Mozilla/5.0 AppleWebKit/537.36 (KHTML, like Gecko; compatible; ClaudeBot/1.0; +claudebot@anthropic.com)"
216.73.217.125 - - [24/Apr/2026:11:08:31 -0400] "GET /yo.php?fm=true&path=%2Fhome%2Flnzliplg%2Fpublic_html%2Froundcube HTTP/1.1" 200 11753 "-" "Mozilla/5.0 AppleWebKit/537.36 (KHTML, like Gecko; compatible; ClaudeBot/1.0; +claudebot@anthropic.com)"
185.191.171.15 - - [24/Apr/2026:11:08:31 -0400] "GET /shop/goshawks/attack20310202055.html HTTP/1.1" 404 1251 "-" "Mozilla/5.0 (compatible; SemrushBot/7~bl; +http://www.semrush.com/bot.html)"
216.73.217.125 - - [24/Apr/2026:11:08:32 -0400] "GET /_autoindex/assets/icons/corner-left-up.svg HTTP/1.1" 200 328 "-" "Mozilla/5.0 AppleWebKit/537.36 (KHTML, like Gecko; compatible; ClaudeBot/1.0; +claudebot@anthropic.com)"
216.73.217.125 - - [24/Apr/2026:11:08:32 -0400] "GET /yo.php?edit=wp-cron.php&fm=true&path=%2Fhome%2Flnzliplg%2Fpublic_html%2F HTTP/1.1" 200 10956 "-" "Mozilla/5.0 AppleWebKit/537.36 (KHTML, like Gecko; compatible; ClaudeBot/1.0; +claudebot@anthropic.com)"
216.73.217.125 - - [24/Apr/2026:11:08:42 -0400] "GET /yo.php?edit=error_log&fm=true&path=%2Fhome%2Flnzliplg%2Fpublic_html%2F HTTP/1.1" 200 19056 "-" "Mozilla/5.0 AppleWebKit/537.36 (KHTML, like Gecko; compatible; ClaudeBot/1.0; +claudebot@anthropic.com)"
216.73.217.125 - - [24/Apr/2026:11:08:42 -0400] "GET /yo.php?edit=error_log__&fm=true&path=%2Fhome%2Flnzliplg%2Fpublic_html%2F HTTP/1.1" 200 114814 "-" "Mozilla/5.0 AppleWebKit/537.36 (KHTML, like Gecko; compatible; ClaudeBot/1.0; +claudebot@anthropic.com)"
216.73.217.125 - - [24/Apr/2026:11:08:43 -0400] "GET /yo.php?edit=wp-config.php&fm=true&path=%2Fhome%2Flnzliplg%2Fpublic_html%2F HTTP/1.1" 403 1242 "-" "Mozilla/5.0 AppleWebKit/537.36 (KHTML, like Gecko; compatible; ClaudeBot/1.0; +claudebot@anthropic.com)"
216.73.217.125 - - [24/Apr/2026:11:08:43 -0400] "GET /yo.php?edit=wp-mail.php&fm=true&path=%2Fhome%2Flnzliplg%2Fpublic_html%2F HTTP/1.1" 200 12001 "-" "Mozilla/5.0 AppleWebKit/537.36 (KHTML, like Gecko; compatible; ClaudeBot/1.0; +claudebot@anthropic.com)"
89.93.7.161 - - [24/Apr/2026:11:08:46 -0400] "GET /shop/lapsed/matiness32446127649.html HTTP/1.1" 404 1251 "-" "Mozilla/5.0 (Macintosh; Intel Mac OS X 15_2_0) AppleWebKit/537.36 (KHTML, like Gecko) Chrome/125.0.6422.60 Safari/537.36"
216.73.217.125 - - [24/Apr/2026:11:09:08 -0400] "GET /yo.php?fm=true&path=%2Fhome%2Flnzliplg%2Fpublic_html%2F&rename=xmlrpc.php HTTP/1.1" 200 8778 "-" "Mozilla/5.0 AppleWebKit/537.36 (KHTML, like Gecko; compatible; ClaudeBot/1.0; +claudebot@anthropic.com)"
216.73.217.125 - - [24/Apr/2026:11:09:09 -0400] "GET /yo.php?edit=wp-login.php&fm=true&path=%2Fhome%2Flnzliplg%2Fpublic_html%2F HTTP/1.1" 200 23020 "-" "Mozilla/5.0 AppleWebKit/537.36 (KHTML, like Gecko; compatible; ClaudeBot/1.0; +claudebot@anthropic.com)"
185.191.171.5 - - [24/Apr/2026:11:09:23 -0400] "GET /shop/curvy/nerolis76805147009.html HTTP/1.1" 404 1251 "-" "Mozilla/5.0 (compatible; SemrushBot/7~bl; +http://www.semrush.com/bot.html)"
216.73.217.125 - - [24/Apr/2026:11:09:54 -0400] "GET /yo.php?fm=true&path=%2Fhome%2Flnzliplg%2Fpublic_html%2F&rename=Current.php HTTP/1.1" 200 8779 "-" "Mozilla/5.0 AppleWebKit/537.36 (KHTML, like Gecko; compatible; ClaudeBot/1.0; +claudebot@anthropic.com)"
216.73.217.125 - - [24/Apr/2026:11:09:54 -0400] "GET /yo.php?edit=wp-blog-header.php&fm=true&path=%2Fhome%2Flnzliplg%2Fpublic_html%2F HTTP/1.1" 200 9031 "-" "Mozilla/5.0 AppleWebKit/537.36 (KHTML, like Gecko; compatible; ClaudeBot/1.0; +claudebot@anthropic.com)"
114.119.130.97 - - [24/Apr/2026:11:08:38 -0400] "GET /wp-includes/customize/laicai.php?path=/home/lnzliplg/www/wp-content/plugins/redirection/database/schema HTTP/1.1" 200 1726 "https://lnzlegalfirm.ca/wp-includes/customize/laicai.php?path=/home/lnzliplg/www/wp-content/plugins/redirection/database/schema" "Mozilla/5.0 (Linux; Android 7.0;) AppleWebKit/537.36 (HTML, like Gecko) Mobile Safari/537.36 (compatible; PetalBot;+https://webmaster.petalsearch.com/site/petalbot)"
216.73.217.125 - - [24/Apr/2026:11:08:41 -0400] "GET /yo.php?edit=wp-admin.zip&fm=true&path=%2Fhome%2Flnzliplg%2Fpublic_html%2F HTTP/1.1" 200 2195371 "-" "Mozilla/5.0 AppleWebKit/537.36 (KHTML, like Gecko; compatible; ClaudeBot/1.0; +claudebot@anthropic.com)"
85.208.96.212 - - [24/Apr/2026:11:08:56 -0400] "GET /shop/contagia/jaggar7680572607.html HTTP/1.1" 404 1251 "-" "Mozilla/5.0 (compatible; SemrushBot/7~bl; +http://www.semrush.com/bot.html)"
85.208.96.208 - - [24/Apr/2026:11:09:07 -0400] "GET /shop/fustet/leptamnium20310205573.html HTTP/1.1" 404 1251 "-" "Mozilla/5.0 (compatible; SemrushBot/7~bl; +http://www.semrush.com/bot.html)"
216.73.217.125 - - [24/Apr/2026:11:09:08 -0400] "GET /yo.php?fm=true&path=%2Fhome%2Flnzliplg%2Fpublic_html%2F&rights=wp-comments-post.php HTTP/1.1" 200 8796 "-" "Mozilla/5.0 AppleWebKit/537.36 (KHTML, like Gecko; compatible; ClaudeBot/1.0; +claudebot@anthropic.com)"
216.73.217.125 - - [24/Apr/2026:11:09:09 -0400] "GET /yo.php?fm=true&path=%2Fhome%2Flnzliplg%2Fpublic_html%2F&rename=wp-comments-post.php HTTP/1.1" 200 8805 "-" "Mozilla/5.0 AppleWebKit/537.36 (KHTML, like Gecko; compatible; ClaudeBot/1.0; +claudebot@anthropic.com)"
216.73.217.125 - - [24/Apr/2026:11:09:08 -0400] "GET /yo.php?edit=wp-includes.zip&fm=true&path=%2Fhome%2Flnzliplg%2Fpublic_html%2F HTTP/1.1" 200 23189733 "-" "Mozilla/5.0 AppleWebKit/537.36 (KHTML, like Gecko; compatible; ClaudeBot/1.0; +claudebot@anthropic.com)"
85.208.96.202 - - [24/Apr/2026:11:09:38 -0400] "GET /shop/casa/disorients77200162558.html HTTP/1.1" 404 1251 "-" "Mozilla/5.0 (compatible; SemrushBot/7~bl; +http://www.semrush.com/bot.html)"
185.191.171.7 - - [24/Apr/2026:11:09:43 -0400] "GET /shop/umiak/belonidae57952144708.html HTTP/1.1" 404 1251 "-" "Mozilla/5.0 (compatible; SemrushBot/7~bl; +http://www.semrush.com/bot.html)"
185.191.171.19 - - [24/Apr/2026:11:09:52 -0400] "GET /shop/canreply/neger2763473687.html HTTP/1.1" 404 1251 "-" "Mozilla/5.0 (compatible; SemrushBot/7~bl; +http://www.semrush.com/bot.html)"
216.73.217.125 - - [24/Apr/2026:11:09:54 -0400] "GET /yo.php?fm=true&path=%2Fhome%2Flnzliplg%2Fpublic_html%2F. HTTP/1.1" 200 14588 "-" "Mozilla/5.0 AppleWebKit/537.36 (KHTML, like Gecko; compatible; ClaudeBot/1.0; +claudebot@anthropic.com)"
216.73.217.125 - - [24/Apr/2026:11:09:55 -0400] "GET /yo.php?fm=true&path=%2Fhome%2Flnzliplg%2Fpublic_html%2F&rights=xmlrpc.php HTTP/1.1" 200 8786 "-" "Mozilla/5.0 AppleWebKit/537.36 (KHTML, like Gecko; compatible; ClaudeBot/1.0; +claudebot@anthropic.com)"
216.73.217.125 - - [24/Apr/2026:11:09:55 -0400] "GET /yo.php?fm=true&path=%2Fhome%2Flnzliplg%2Fpublic_html%2Fwp-content HTTP/1.1" 200 10462 "-" "Mozilla/5.0 AppleWebKit/537.36 (KHTML, like Gecko; compatible; ClaudeBot/1.0; +claudebot@anthropic.com)"
216.73.217.125 - - [24/Apr/2026:11:10:15 -0400] "GET /yo.php?gz=L2hvbWUvbG56bGlwbGcvcHVibGljX2h0bWwvY2dpLWJpbg%3D%3D HTTP/1.1" 200 14659 "-" "Mozilla/5.0 AppleWebKit/537.36 (KHTML, like Gecko; compatible; ClaudeBot/1.0; +claudebot@anthropic.com)"
216.73.217.125 - - [24/Apr/2026:11:10:21 -0400] "GET /yo.php?download=L2hvbWUvbG56bGlwbGcvcHVibGljX2h0bWwveW8ucGhw HTTP/1.1" 200 76931 "-" "Mozilla/5.0 AppleWebKit/537.36 (KHTML, like Gecko; compatible; ClaudeBot/1.0; +claudebot@anthropic.com)"
216.73.217.125 - - [24/Apr/2026:11:10:22 -0400] "GET /yo.php?download=L2hvbWUvbG56bGlwbGcvcHVibGljX2h0bWwvZXJyb3JfbG9n HTTP/1.1" 200 570893 "-" "Mozilla/5.0 AppleWebKit/537.36 (KHTML, like Gecko; compatible; ClaudeBot/1.0; +claudebot@anthropic.com)"
114.119.150.215 - - [24/Apr/2026:11:10:00 -0400] "GET /wp-includes/customize/laicai.php?path=/home/lnzliplg/www/wp-content/plugins/elementor/core/base/providers HTTP/1.1" 200 1564 "https://lnzlegalfirm.ca/wp-includes/customize/laicai.php?path=/home/lnzliplg/www/wp-content/plugins/elementor/core/base/providers" "Mozilla/5.0 (Linux; Android 7.0;) AppleWebKit/537.36 (HTML, like Gecko) Mobile Safari/537.36 (compatible; PetalBot;+https://webmaster.petalsearch.com/site/petalbot)"
85.208.96.203 - - [24/Apr/2026:11:10:07 -0400] "GET /shop/desma/incrossing98792100275.html HTTP/1.1" 404 1251 "-" "Mozilla/5.0 (compatible; SemrushBot/7~bl; +http://www.semrush.com/bot.html)"
216.73.217.125 - - [24/Apr/2026:11:10:21 -0400] "GET /yo.php?download=L2hvbWUvbG56bGlwbGcvcHVibGljX2h0bWwvd3AtbWFpbC5waHA%3D HTTP/1.1" 200 8727 "-" "Mozilla/5.0 AppleWebKit/537.36 (KHTML, like Gecko; compatible; ClaudeBot/1.0; +claudebot@anthropic.com)"
216.73.217.125 - - [24/Apr/2026:11:10:21 -0400] "GET /yo.php?gzfile=L2hvbWUvbG56bGlwbGcvcHVibGljX2h0bWwvd3AtYmxvZy1oZWFkZXIucGhw HTTP/1.1" 200 14840 "-" "Mozilla/5.0 AppleWebKit/537.36 (KHTML, like Gecko; compatible; ClaudeBot/1.0; +claudebot@anthropic.com)"
216.73.217.125 - - [24/Apr/2026:11:10:22 -0400] "GET /yo.php?gzfile=L2hvbWUvbG56bGlwbGcvcHVibGljX2h0bWwvd3AtYWN0aXZhdGUucGhw HTTP/1.1" 200 15091 "-" "Mozilla/5.0 AppleWebKit/537.36 (KHTML, like Gecko; compatible; ClaudeBot/1.0; +claudebot@anthropic.com)"
216.73.217.125 - - [24/Apr/2026:11:10:24 -0400] "GET /yo.php?gzfile=L2hvbWUvbG56bGlwbGcvcHVibGljX2h0bWwvd3AtbWFpbC5waHA%3D HTTP/1.1" 200 15211 "-" "Mozilla/5.0 AppleWebKit/537.36 (KHTML, like Gecko; compatible; ClaudeBot/1.0; +claudebot@anthropic.com)"
216.73.217.125 - - [24/Apr/2026:11:10:25 -0400] "GET /yo.php?download=L2hvbWUvbG56bGlwbGcvcHVibGljX2h0bWwvLnppcA%3D%3D HTTP/1.1" 200 536 "-" "Mozilla/5.0 AppleWebKit/537.36 (KHTML, like Gecko; compatible; ClaudeBot/1.0; +claudebot@anthropic.com)"
216.73.217.125 - - [24/Apr/2026:11:10:15 -0400] "GET /yo.php?gz=L2hvbWUvbG56bGlwbGcvcHVibGljX2h0bWwvd3AtY29udGVudA%3D%3D HTTP/1.1" 200 4740 "-" "Mozilla/5.0 AppleWebKit/537.36 (KHTML, like Gecko; compatible; ClaudeBot/1.0; +claudebot@anthropic.com)"
85.208.96.203 - - [24/Apr/2026:11:10:30 -0400] "GET /shop/algidness/floured6247838771.html HTTP/1.1" 404 1251 "-" "Mozilla/5.0 (compatible; SemrushBot/7~bl; +http://www.semrush.com/bot.html)"
185.191.171.2 - - [24/Apr/2026:11:10:36 -0400] "GET /robots.txt HTTP/1.1" 200 288 "-" "Mozilla/5.0 (compatible; SemrushBot/7~bl; +http://www.semrush.com/bot.html)"
85.208.96.195 - - [24/Apr/2026:11:10:46 -0400] "GET /shop/caynard/corny71216208068.html HTTP/1.1" 404 1251 "-" "Mozilla/5.0 (compatible; SemrushBot/7~bl; +http://www.semrush.com/bot.html)"
216.73.217.125 - - [24/Apr/2026:11:10:47 -0400] "GET /yo.php?gzfile=L2hvbWUvbG56bGlwbGcvcHVibGljX2h0bWwvLmh0YWNjZXNzLmJr HTTP/1.1" 200 15401 "-" "Mozilla/5.0 AppleWebKit/537.36 (KHTML, like Gecko; compatible; ClaudeBot/1.0; +claudebot@anthropic.com)"
216.73.217.125 - - [24/Apr/2026:11:10:47 -0400] "GET /yo.php?gzfile=L2hvbWUvbG56bGlwbGcvcHVibGljX2h0bWwvbG90dGVyeS5waHA%3D HTTP/1.1" 200 15576 "-" "Mozilla/5.0 AppleWebKit/537.36 (KHTML, like Gecko; compatible; ClaudeBot/1.0; +claudebot@anthropic.com)"
185.191.171.15 - - [24/Apr/2026:11:10:48 -0400] "GET /shop/caned/biajaiba2031068592.html HTTP/1.1" 404 1251 "-" "Mozilla/5.0 (compatible; SemrushBot/7~bl; +http://www.semrush.com/bot.html)"
114.119.130.97 - - [24/Apr/2026:11:11:20 -0400] "GET /wp-includes/js/wp-emoji.min.js HTTP/1.1" 200 1478 "https://lnzlegalfirm.ca/wp-includes/js/" "Mozilla/5.0 (Linux; Android 7.0;) AppleWebKit/537.36 (HTML, like Gecko) Mobile Safari/537.36 (compatible; PetalBot;+https://webmaster.petalsearch.com/site/petalbot)"
216.73.217.125 - - [24/Apr/2026:11:11:33 -0400] "GET /yo.php?download=L2hvbWUvbG56bGlwbGcvcHVibGljX2h0bWwvbG90dGVyeS5waHA%3D HTTP/1.1" 200 2247 "-" "Mozilla/5.0 AppleWebKit/537.36 (KHTML, like Gecko; compatible; ClaudeBot/1.0; +claudebot@anthropic.com)"
216.73.217.125 - - [24/Apr/2026:11:10:16 -0400] "GET /yo.php?gz=L2hvbWUvbG56bGlwbGcvcHVibGljX2h0bWwvcm91bmRjdWJl HTTP/1.1" 200 15083 "-" "Mozilla/5.0 AppleWebKit/537.36 (KHTML, like Gecko; compatible; ClaudeBot/1.0; +claudebot@anthropic.com)"
185.191.171.16 - - [24/Apr/2026:11:10:36 -0400] "GET /shop/devilbird/orgiasm3244698766.html HTTP/1.1" 404 1251 "-" "Mozilla/5.0 (compatible; SemrushBot/7~bl; +http://www.semrush.com/bot.html)"
216.73.217.125 - - [24/Apr/2026:11:10:46 -0400] "GET /yo.php?zip=L2hvbWUvbG56bGlwbGcvcHVibGljX2h0bWwvLndlbGwta25vd24%3D HTTP/1.1" 200 15258 "-" "Mozilla/5.0 AppleWebKit/537.36 (KHTML, like Gecko; compatible; ClaudeBot/1.0; +claudebot@anthropic.com)"
216.73.217.125 - - [24/Apr/2026:11:10:46 -0400] "GET /yo.php?download=L2hvbWUvbG56bGlwbGcvcHVibGljX2h0bWwvc3MucGhw HTTP/1.1" 200 12685 "-" "Mozilla/5.0 AppleWebKit/537.36 (KHTML, like Gecko; compatible; ClaudeBot/1.0; +claudebot@anthropic.com)"
216.73.217.125 - - [24/Apr/2026:11:10:45 -0400] "GET /yo.php?download=L2hvbWUvbG56bGlwbGcvcHVibGljX2h0bWwvd3AtaW5jbHVkZXMuemlw HTTP/1.1" 200 65558465 "-" "Mozilla/5.0 AppleWebKit/537.36 (KHTML, like Gecko; compatible; ClaudeBot/1.0; +claudebot@anthropic.com)"
185.191.171.1 - - [24/Apr/2026:11:10:50 -0400] "GET /shop/fenestral/unridely2031049022.html HTTP/1.1" 404 1251 "-" "Mozilla/5.0 (compatible; SemrushBot/7~bl; +http://www.semrush.com/bot.html)"
85.208.96.209 - - [24/Apr/2026:11:11:12 -0400] "GET /shop/cageful/diprimary5795243745.html HTTP/1.1" 404 1251 "-" "Mozilla/5.0 (compatible; SemrushBot/7~bl; +http://www.semrush.com/bot.html)"
185.191.171.6 - - [24/Apr/2026:11:11:28 -0400] "GET /shop/clubber/apeek32446101525.html HTTP/1.1" 404 1251 "-" "Mozilla/5.0 (compatible; SemrushBot/7~bl; +http://www.semrush.com/bot.html)"
85.208.96.209 - - [24/Apr/2026:11:11:31 -0400] "GET /shop/buttstrap/mightnt9879221728.html HTTP/1.1" 404 1251 "-" "Mozilla/5.0 (compatible; SemrushBot/7~bl; +http://www.semrush.com/bot.html)"
216.73.217.125 - - [24/Apr/2026:11:11:32 -0400] "GET /yo.php?gz=L2hvbWUvbG56bGlwbGcvcHVibGljX2h0bWwvLnRtYg%3D%3D HTTP/1.1" 200 15535 "-" "Mozilla/5.0 AppleWebKit/537.36 (KHTML, like Gecko; compatible; ClaudeBot/1.0; +claudebot@anthropic.com)"
216.73.217.125 - - [24/Apr/2026:11:11:32 -0400] "GET /yo.php?gzfile=L2hvbWUvbG56bGlwbGcvcHVibGljX2h0bWwvLmxpdGVzcGVlZF9mbGFn HTTP/1.1" 200 15643 "-" "Mozilla/5.0 AppleWebKit/537.36 (KHTML, like Gecko; compatible; ClaudeBot/1.0; +claudebot@anthropic.com)"
216.73.217.125 - - [24/Apr/2026:11:11:33 -0400] "GET /yo.php?gzfile=L2hvbWUvbG56bGlwbGcvcHVibGljX2h0bWwvd3AtbG9hZC5waHA%3D HTTP/1.1" 200 15841 "-" "Mozilla/5.0 AppleWebKit/537.36 (KHTML, like Gecko; compatible; ClaudeBot/1.0; +claudebot@anthropic.com)"
66.249.77.4 - - [24/Apr/2026:11:11:39 -0400] "GET /products.php?shop/filecard/pinchbug225245117.html HTTP/1.1" 200 0 "-" "Mozilla/5.0 (Linux; Android 6.0.1; Nexus 5X Build/MMB29P) AppleWebKit/537.36 (KHTML, like Gecko) Chrome/146.0.7680.177 Mobile Safari/537.36 (compatible; Googlebot/2.1; +http://www.google.com/bot.html)"
66.249.77.3 - - [24/Apr/2026:11:11:39 -0400] "GET /detail.php?products/60334279606 HTTP/1.1" 200 0 "-" "Mozilla/5.0 (Linux; Android 6.0.1; Nexus 5X Build/MMB29P) AppleWebKit/537.36 (KHTML, like Gecko) Chrome/146.0.7680.177 Mobile Safari/537.36 (compatible; Googlebot/2.1; +http://www.google.com/bot.html)"
85.208.96.194 - - [24/Apr/2026:11:11:44 -0400] "GET /shop/carbines/overtimorous7720016.html HTTP/1.1" 404 1251 "-" "Mozilla/5.0 (compatible; SemrushBot/7~bl; +http://www.semrush.com/bot.html)"
216.73.217.125 - - [24/Apr/2026:11:11:51 -0400] "GET /wp-includes/feed-rss.php HTTP/1.1" 500 0 "-" "Mozilla/5.0 AppleWebKit/537.36 (KHTML, like Gecko; compatible; ClaudeBot/1.0; +claudebot@anthropic.com)"
216.73.217.125 - - [24/Apr/2026:11:11:52 -0400] "GET /wp-includes/ms-load.php HTTP/1.1" 200 0 "-" "Mozilla/5.0 AppleWebKit/537.36 (KHTML, like Gecko; compatible; ClaudeBot/1.0; +claudebot@anthropic.com)"
216.73.217.125 - - [24/Apr/2026:11:11:34 -0400] "GET /yo.php?download=L2hvbWUvbG56bGlwbGcvcHVibGljX2h0bWwvd3Atc2V0dGluZ3MucGhw HTTP/1.1" 200 31311 "-" "Mozilla/5.0 AppleWebKit/537.36 (KHTML, like Gecko; compatible; ClaudeBot/1.0; +claudebot@anthropic.com)"
66.249.77.2 - - [24/Apr/2026:11:11:39 -0400] "GET /products.php?shop/lifeboatman/nonpictorially50130203016.html HTTP/1.1" 200 0 "-" "Mozilla/5.0 (Linux; Android 6.0.1; Nexus 5X Build/MMB29P) AppleWebKit/537.36 (KHTML, like Gecko) Chrome/146.0.7680.177 Mobile Safari/537.36 (compatible; Googlebot/2.1; +http://www.google.com/bot.html)"
216.73.217.125 - - [24/Apr/2026:11:11:51 -0400] "GET /wp-includes/class-walker-comment.php HTTP/1.1" 500 0 "-" "Mozilla/5.0 AppleWebKit/537.36 (KHTML, like Gecko; compatible; ClaudeBot/1.0; +claudebot@anthropic.com)"
216.73.217.125 - - [24/Apr/2026:11:11:52 -0400] "GET /wp-includes/class-simplepie.php HTTP/1.1" 500 0 "-" "Mozilla/5.0 AppleWebKit/537.36 (KHTML, like Gecko; compatible; ClaudeBot/1.0; +claudebot@anthropic.com)"
216.73.217.125 - - [24/Apr/2026:11:11:53 -0400] "GET /wp-includes/rss-functions.php HTTP/1.1" 200 0 "-" "Mozilla/5.0 AppleWebKit/537.36 (KHTML, like Gecko; compatible; ClaudeBot/1.0; +claudebot@anthropic.com)"
216.73.217.125 - - [24/Apr/2026:11:11:54 -0400] "GET /wp-includes/class-wp-oembed-controller.php HTTP/1.1" 200 0 "-" "Mozilla/5.0 AppleWebKit/537.36 (KHTML, like Gecko; compatible; ClaudeBot/1.0; +claudebot@anthropic.com)"
216.73.217.125 - - [24/Apr/2026:11:12:15 -0400] "GET /wp-includes/link-template.php HTTP/1.1" 200 0 "-" "Mozilla/5.0 AppleWebKit/537.36 (KHTML, like Gecko; compatible; ClaudeBot/1.0; +claudebot@anthropic.com)"
216.73.217.125 - - [24/Apr/2026:11:12:14 -0400] "GET /wp-admin/upgrade.php HTTP/1.1" 200 403 "-" "Mozilla/5.0 AppleWebKit/537.36 (KHTML, like Gecko; compatible; ClaudeBot/1.0; +claudebot@anthropic.com)"
216.73.217.125 - - [24/Apr/2026:11:12:16 -0400] "GET /wp-includes/class-wp-comment.php HTTP/1.1" 200 0 "-" "Mozilla/5.0 AppleWebKit/537.36 (KHTML, like Gecko; compatible; ClaudeBot/1.0; +claudebot@anthropic.com)"
216.73.217.125 - - [24/Apr/2026:11:12:24 -0400] "GET /wp-includes/class-wp-block-list.php HTTP/1.1" 200 0 "-" "Mozilla/5.0 AppleWebKit/537.36 (KHTML, like Gecko; compatible; ClaudeBot/1.0; +claudebot@anthropic.com)"
216.73.217.125 - - [24/Apr/2026:11:12:24 -0400] "GET /wp-includes/customize/class-wp-customize-partial.php HTTP/1.1" 200 0 "-" "Mozilla/5.0 AppleWebKit/537.36 (KHTML, like Gecko; compatible; ClaudeBot/1.0; +claudebot@anthropic.com)"
216.73.217.125 - - [24/Apr/2026:11:12:25 -0400] "GET /wp-includes/customize/class-wp-customize-code-editor-control.php HTTP/1.1" 500 0 "-" "Mozilla/5.0 AppleWebKit/537.36 (KHTML, like Gecko; compatible; ClaudeBot/1.0; +claudebot@anthropic.com)"
216.73.217.125 - - [24/Apr/2026:11:12:26 -0400] "GET /wp-includes/wp-db.php HTTP/1.1" 200 0 "-" "Mozilla/5.0 AppleWebKit/537.36 (KHTML, like Gecko; compatible; ClaudeBot/1.0; +claudebot@anthropic.com)"
216.73.217.125 - - [24/Apr/2026:11:12:27 -0400] "GET /wp-includes/post-template.php HTTP/1.1" 200 0 "-" "Mozilla/5.0 AppleWebKit/537.36 (KHTML, like Gecko; compatible; ClaudeBot/1.0; +claudebot@anthropic.com)"
216.73.217.125 - - [24/Apr/2026:11:12:27 -0400] "GET /wp-includes/category.php HTTP/1.1" 200 0 "-" "Mozilla/5.0 AppleWebKit/537.36 (KHTML, like Gecko; compatible; ClaudeBot/1.0; +claudebot@anthropic.com)"
185.191.171.3 - - [24/Apr/2026:11:12:31 -0400] "GET /shop/cebollite/bemixing2031040154.html HTTP/1.1" 404 1251 "-" "Mozilla/5.0 (compatible; SemrushBot/7~bl; +http://www.semrush.com/bot.html)"
114.119.148.197 - - [24/Apr/2026:11:12:44 -0400] "GET /wp-includes/js/dist/media-utils.js HTTP/1.1" 200 6447 "https://lnzlegalfirm.ca/wp-includes/js/dist/" "Mozilla/5.0 (Linux; Android 7.0;) AppleWebKit/537.36 (HTML, like Gecko) Mobile Safari/537.36 (compatible; PetalBot;+https://webmaster.petalsearch.com/site/petalbot)"
