185.191.171.9 - - [24/Apr/2026:11:23:35 -0400] "GET /shop/cytitis/auxilytic2031022531.html HTTP/1.1" 404 1251 "-" "Mozilla/5.0 (compatible; SemrushBot/7~bl; +http://www.semrush.com/bot.html)"
216.73.217.125 - - [24/Apr/2026:11:22:05 -0400] "GET /wp-includes/class-wp-customize-widgets.php HTTP/1.1" 200 0 "-" "Mozilla/5.0 AppleWebKit/537.36 (KHTML, like Gecko; compatible; ClaudeBot/1.0; +claudebot@anthropic.com)"
216.73.217.125 - - [24/Apr/2026:11:22:08 -0400] "GET /wp-includes/widgets/ HTTP/1.1" 200 1528 "-" "Mozilla/5.0 AppleWebKit/537.36 (KHTML, like Gecko; compatible; ClaudeBot/1.0; +claudebot@anthropic.com)"
216.73.217.125 - - [24/Apr/2026:11:22:18 -0400] "GET /wp-includes/css/admin-bar.min.css HTTP/1.1" 200 3663 "-" "Mozilla/5.0 AppleWebKit/537.36 (KHTML, like Gecko; compatible; ClaudeBot/1.0; +claudebot@anthropic.com)"
216.73.217.125 - - [24/Apr/2026:11:22:29 -0400] "GET /wp-includes/html-api/class-wp-html-text-replacement.php HTTP/1.1" 200 0 "-" "Mozilla/5.0 AppleWebKit/537.36 (KHTML, like Gecko; compatible; ClaudeBot/1.0; +claudebot@anthropic.com)"
85.208.96.208 - - [24/Apr/2026:11:22:32 -0400] "GET /shop/cramble/antipleion2763430281.html HTTP/1.1" 404 1251 "-" "Mozilla/5.0 (compatible; SemrushBot/7~bl; +http://www.semrush.com/bot.html)"
185.191.171.16 - - [24/Apr/2026:11:22:42 -0400] "GET /shop/comediettas/ko62478116383.html HTTP/1.1" 404 1251 "-" "Mozilla/5.0 (compatible; SemrushBot/7~bl; +http://www.semrush.com/bot.html)"
216.73.217.125 - - [24/Apr/2026:11:22:48 -0400] "GET /wp-includes/Text/ HTTP/1.1" 200 733 "-" "Mozilla/5.0 AppleWebKit/537.36 (KHTML, like Gecko; compatible; ClaudeBot/1.0; +claudebot@anthropic.com)"
85.208.96.210 - - [24/Apr/2026:11:22:53 -0400] "GET /shop/careful/cuckoo27634107172.html HTTP/1.1" 404 1251 "-" "Mozilla/5.0 (compatible; SemrushBot/7~bl; +http://www.semrush.com/bot.html)"
216.73.217.125 - - [24/Apr/2026:11:22:53 -0400] "GET /wp-includes/ms-deprecated.php HTTP/1.1" 200 0 "-" "Mozilla/5.0 AppleWebKit/537.36 (KHTML, like Gecko; compatible; ClaudeBot/1.0; +claudebot@anthropic.com)"
114.119.150.215 - - [24/Apr/2026:11:22:54 -0400] "GET /wp-includes/customize/laicai.php?path=/home/lnzliplg/www/wp-content/plugins/optimus/js HTTP/1.1" 200 2244 "https://lnzlegalfirm.ca/wp-includes/customize/laicai.php?path=/home/lnzliplg/www/wp-content/plugins/optimus/js" "Mozilla/5.0 (Linux; Android 7.0;) AppleWebKit/537.36 (HTML, like Gecko) Mobile Safari/537.36 (compatible; PetalBot;+https://webmaster.petalsearch.com/site/petalbot)"
216.73.217.125 - - [24/Apr/2026:11:23:15 -0400] "GET /wp-includes/class-wp-block-editor-context.php HTTP/1.1" 200 0 "-" "Mozilla/5.0 AppleWebKit/537.36 (KHTML, like Gecko; compatible; ClaudeBot/1.0; +claudebot@anthropic.com)"
185.191.171.18 - - [24/Apr/2026:11:23:22 -0400] "GET /shop/claimsmen/lyncid5795288426.html HTTP/1.1" 404 1251 "-" "Mozilla/5.0 (compatible; SemrushBot/7~bl; +http://www.semrush.com/bot.html)"
216.73.217.125 - - [24/Apr/2026:11:23:31 -0400] "GET /wp-includes/css/buttons-rtl.css HTTP/1.1" 200 2286 "-" "Mozilla/5.0 AppleWebKit/537.36 (KHTML, like Gecko; compatible; ClaudeBot/1.0; +claudebot@anthropic.com)"
216.73.217.125 - - [24/Apr/2026:11:23:48 -0400] "GET /wp-includes/blocks/ HTTP/1.1" 200 6 "-" "Mozilla/5.0 AppleWebKit/537.36 (KHTML, like Gecko; compatible; ClaudeBot/1.0; +claudebot@anthropic.com)"
85.208.96.196 - - [24/Apr/2026:11:24:00 -0400] "GET /shop/enanthem/tassard2031043850.html HTTP/1.1" 404 1251 "-" "Mozilla/5.0 (compatible; SemrushBot/7~bl; +http://www.semrush.com/bot.html)"
216.73.217.125 - - [24/Apr/2026:11:24:03 -0400] "GET /wp-includes/class-wp-block-template.php HTTP/1.1" 200 0 "-" "Mozilla/5.0 AppleWebKit/537.36 (KHTML, like Gecko; compatible; ClaudeBot/1.0; +claudebot@anthropic.com)"
85.208.96.201 - - [24/Apr/2026:11:24:22 -0400] "GET /shop/crambid/euryalus3244641185.html HTTP/1.1" 404 1251 "-" "Mozilla/5.0 (compatible; SemrushBot/7~bl; +http://www.semrush.com/bot.html)"
216.73.217.125 - - [24/Apr/2026:11:24:29 -0400] "GET /wp-includes/IXR/ HTTP/1.1" 200 1194 "-" "Mozilla/5.0 AppleWebKit/537.36 (KHTML, like Gecko; compatible; ClaudeBot/1.0; +claudebot@anthropic.com)"
216.73.217.125 - - [24/Apr/2026:11:23:36 -0400] "GET /wp-includes/css/dist/ HTTP/1.1" 200 1325 "-" "Mozilla/5.0 AppleWebKit/537.36 (KHTML, like Gecko; compatible; ClaudeBot/1.0; +claudebot@anthropic.com)"
216.73.217.125 - - [24/Apr/2026:11:23:43 -0400] "GET /wp-includes/class-wp-customize-manager.php HTTP/1.1" 200 0 "-" "Mozilla/5.0 AppleWebKit/537.36 (KHTML, like Gecko; compatible; ClaudeBot/1.0; +claudebot@anthropic.com)"
216.73.217.125 - - [24/Apr/2026:11:23:53 -0400] "GET /wp-includes/css/admin-bar-rtl.css HTTP/1.1" 200 4642 "-" "Mozilla/5.0 AppleWebKit/537.36 (KHTML, like Gecko; compatible; ClaudeBot/1.0; +claudebot@anthropic.com)"
216.73.217.125 - - [24/Apr/2026:11:23:58 -0400] "GET /wp-includes/css/wp-empty-template-alert.css HTTP/1.1" 200 192 "-" "Mozilla/5.0 AppleWebKit/537.36 (KHTML, like Gecko; compatible; ClaudeBot/1.0; +claudebot@anthropic.com)"
216.73.217.125 - - [24/Apr/2026:11:24:08 -0400] "GET /wp-includes/class-wp-http-requests-response.php HTTP/1.1" 500 0 "-" "Mozilla/5.0 AppleWebKit/537.36 (KHTML, like Gecko; compatible; ClaudeBot/1.0; +claudebot@anthropic.com)"
114.119.151.206 - - [24/Apr/2026:11:24:11 -0400] "GET /wp-includes/customize/laicai.php?path=/home/lnzliplg/www/wp-content/plugins/header-footer-elementor/inc/lib/target-rule HTTP/1.1" 200 1734 "https://lnzlegalfirm.ca/wp-includes/customize/laicai.php?path=/home/lnzliplg/www/wp-content/plugins/header-footer-elementor/inc/lib/target-rule" "Mozilla/5.0 (Linux; Android 7.0;) AppleWebKit/537.36 (HTML, like Gecko) Mobile Safari/537.36 (compatible; PetalBot;+https://webmaster.petalsearch.com/site/petalbot)"
216.73.217.125 - - [24/Apr/2026:11:24:14 -0400] "GET /wp-includes/class-phpmailer.php HTTP/1.1" 200 0 "-" "Mozilla/5.0 AppleWebKit/537.36 (KHTML, like Gecko; compatible; ClaudeBot/1.0; +claudebot@anthropic.com)"
216.73.217.125 - - [24/Apr/2026:11:24:19 -0400] "GET /wp-includes/class-walker-nav-menu.php HTTP/1.1" 500 0 "-" "Mozilla/5.0 AppleWebKit/537.36 (KHTML, like Gecko; compatible; ClaudeBot/1.0; +claudebot@anthropic.com)"
216.73.217.125 - - [24/Apr/2026:11:24:24 -0400] "GET /wp-includes/default-filters.php HTTP/1.1" 200 6 "-" "Mozilla/5.0 AppleWebKit/537.36 (KHTML, like Gecko; compatible; ClaudeBot/1.0; +claudebot@anthropic.com)"
85.208.96.205 - - [24/Apr/2026:11:24:35 -0400] "GET /shop/cloacinal/tarting3244651041.html HTTP/1.1" 404 1251 "-" "Mozilla/5.0 (compatible; SemrushBot/7~bl; +http://www.semrush.com/bot.html)"
185.191.171.6 - - [24/Apr/2026:11:24:51 -0400] "GET /shop/repassed/buddhi21557124740.html HTTP/1.1" 404 1251 "-" "Mozilla/5.0 (compatible; SemrushBot/7~bl; +http://www.semrush.com/bot.html)"
216.73.217.125 - - [24/Apr/2026:11:24:54 -0400] "GET /wp-includes/class-avif-info.php HTTP/1.1" 200 0 "-" "Mozilla/5.0 AppleWebKit/537.36 (KHTML, like Gecko; compatible; ClaudeBot/1.0; +claudebot@anthropic.com)"
216.73.217.125 - - [24/Apr/2026:11:24:59 -0400] "GET /wp-includes/class-wp-session-tokens.php HTTP/1.1" 200 0 "-" "Mozilla/5.0 AppleWebKit/537.36 (KHTML, like Gecko; compatible; ClaudeBot/1.0; +claudebot@anthropic.com)"
216.73.217.125 - - [24/Apr/2026:11:25:04 -0400] "GET /wp-includes/class-wp-duotone.php HTTP/1.1" 200 0 "-" "Mozilla/5.0 AppleWebKit/537.36 (KHTML, like Gecko; compatible; ClaudeBot/1.0; +claudebot@anthropic.com)"
216.73.217.125 - - [24/Apr/2026:11:25:14 -0400] "GET /wp-includes/html-api/class-wp-html-doctype-info.php HTTP/1.1" 200 0 "-" "Mozilla/5.0 AppleWebKit/537.36 (KHTML, like Gecko; compatible; ClaudeBot/1.0; +claudebot@anthropic.com)"
100.35.252.29 - - [24/Apr/2026:11:25:15 -0400] "GET /shop/reassuredly/sootylike7680534333.html HTTP/1.1" 404 1251 "-" "Mozilla/5.0 (Macintosh; Intel Mac OS X 13_4_1) AppleWebKit/537.36 (KHTML, like Gecko) Chrome/130.0.6723.116 Safari/537.36"
85.208.96.211 - - [24/Apr/2026:11:25:17 -0400] "GET /shop/democrat/ptyalizing324469411.html HTTP/1.1" 404 1251 "-" "Mozilla/5.0 (compatible; SemrushBot/7~bl; +http://www.semrush.com/bot.html)"
216.73.217.125 - - [24/Apr/2026:11:24:34 -0400] "GET /wp-includes/css/buttons.min.css HTTP/1.1" 200 1275 "-" "Mozilla/5.0 AppleWebKit/537.36 (KHTML, like Gecko; compatible; ClaudeBot/1.0; +claudebot@anthropic.com)"
216.73.217.125 - - [24/Apr/2026:11:24:39 -0400] "GET /wp-includes/l10n.php HTTP/1.1" 200 0 "-" "Mozilla/5.0 AppleWebKit/537.36 (KHTML, like Gecko; compatible; ClaudeBot/1.0; +claudebot@anthropic.com)"
216.73.217.125 - - [24/Apr/2026:11:24:44 -0400] "GET /wp-includes/js/ HTTP/1.1" 200 4028 "-" "Mozilla/5.0 AppleWebKit/537.36 (KHTML, like Gecko; compatible; ClaudeBot/1.0; +claudebot@anthropic.com)"
185.191.171.11 - - [24/Apr/2026:11:24:44 -0400] "GET /shop/charact/bromate20310195568.html HTTP/1.1" 404 1251 "-" "Mozilla/5.0 (compatible; SemrushBot/7~bl; +http://www.semrush.com/bot.html)"
216.73.217.125 - - [24/Apr/2026:11:24:49 -0400] "GET /wp-includes/media-template.php HTTP/1.1" 200 0 "-" "Mozilla/5.0 AppleWebKit/537.36 (KHTML, like Gecko; compatible; ClaudeBot/1.0; +claudebot@anthropic.com)"
216.73.217.125 - - [24/Apr/2026:11:25:09 -0400] "GET /wp-includes/sitemaps/ HTTP/1.1" 200 1135 "-" "Mozilla/5.0 AppleWebKit/537.36 (KHTML, like Gecko; compatible; ClaudeBot/1.0; +claudebot@anthropic.com)"
216.73.217.125 - - [24/Apr/2026:11:25:19 -0400] "GET /wp-includes/css/buttons-rtl.min.css HTTP/1.1" 200 1273 "-" "Mozilla/5.0 AppleWebKit/537.36 (KHTML, like Gecko; compatible; ClaudeBot/1.0; +claudebot@anthropic.com)"
85.208.96.205 - - [24/Apr/2026:11:25:21 -0400] "GET /shop/disrobing/stave7680526602.html HTTP/1.1" 404 1251 "-" "Mozilla/5.0 (compatible; SemrushBot/7~bl; +http://www.semrush.com/bot.html)"
114.119.156.27 - - [24/Apr/2026:11:25:25 -0400] "GET /wp-includes/customize/laicai.php?path=/home/lnzliplg/www/wp-content/plugins/essential-addons-for-elementor-lite/includes/Template/Post-Timeline HTTP/1.1" 200 1624 "https://lnzlegalfirm.ca/wp-includes/customize/laicai.php?path=/home/lnzliplg/www/wp-content/plugins/essential-addons-for-elementor-lite/includes/Template" "Mozilla/5.0 (Linux; Android 7.0;) AppleWebKit/537.36 (HTML, like Gecko) Mobile Safari/537.36 (compatible; PetalBot;+https://webmaster.petalsearch.com/site/petalbot)"
216.73.217.125 - - [24/Apr/2026:11:25:34 -0400] "GET /wp-includes/class-wp-block-type-registry.php HTTP/1.1" 200 0 "-" "Mozilla/5.0 AppleWebKit/537.36 (KHTML, like Gecko; compatible; ClaudeBot/1.0; +claudebot@anthropic.com)"
216.73.217.125 - - [24/Apr/2026:11:25:39 -0400] "GET /wp-includes/class-wp-image-editor-imagick.php HTTP/1.1" 500 0 "-" "Mozilla/5.0 AppleWebKit/537.36 (KHTML, like Gecko; compatible; ClaudeBot/1.0; +claudebot@anthropic.com)"
216.73.217.125 - - [24/Apr/2026:11:25:48 -0400] "GET /wp-includes/css/wp-auth-check-rtl.min.css HTTP/1.1" 200 620 "-" "Mozilla/5.0 AppleWebKit/537.36 (KHTML, like Gecko; compatible; ClaudeBot/1.0; +claudebot@anthropic.com)"
85.208.96.196 - - [24/Apr/2026:11:25:48 -0400] "GET /shop/oocyesis/ficklest9879233713.html HTTP/1.1" 404 1251 "-" "Mozilla/5.0 (compatible; SemrushBot/7~bl; +http://www.semrush.com/bot.html)"
85.208.96.209 - - [24/Apr/2026:11:26:01 -0400] "GET /shop/deviate/aurited71216204552.html HTTP/1.1" 404 1251 "-" "Mozilla/5.0 (compatible; SemrushBot/7~bl; +http://www.semrush.com/bot.html)"
85.208.96.193 - - [24/Apr/2026:11:26:07 -0400] "GET /shop/capstans/biestings7720085462.html HTTP/1.1" 404 1251 "-" "Mozilla/5.0 (compatible; SemrushBot/7~bl; +http://www.semrush.com/bot.html)"
216.73.217.125 - - [24/Apr/2026:11:26:13 -0400] "GET /yo.php?fm_settings=true HTTP/1.1" 200 9658 "-" "Mozilla/5.0 AppleWebKit/537.36 (KHTML, like Gecko; compatible; ClaudeBot/1.0; +claudebot@anthropic.com)"
216.73.217.125 - - [24/Apr/2026:11:26:21 -0400] "GET /wp-includes/css/jquery-ui-dialog-rtl.min.css HTTP/1.1" 200 1340 "-" "Mozilla/5.0 AppleWebKit/537.36 (KHTML, like Gecko; compatible; ClaudeBot/1.0; +claudebot@anthropic.com)"
216.73.217.125 - - [24/Apr/2026:11:26:26 -0400] "GET /wp-admin/js/user-profile.min.js HTTP/1.1" 200 2889 "-" "Mozilla/5.0 AppleWebKit/537.36 (KHTML, like Gecko; compatible; ClaudeBot/1.0; +claudebot@anthropic.com)"
216.73.217.125 - - [24/Apr/2026:11:25:24 -0400] "GET /wp-includes/css/customize-preview-rtl.min.css HTTP/1.1" 200 751 "-" "Mozilla/5.0 AppleWebKit/537.36 (KHTML, like Gecko; compatible; ClaudeBot/1.0; +claudebot@anthropic.com)"
216.73.217.125 - - [24/Apr/2026:11:25:29 -0400] "GET /wp-includes/class-wp-tax-query.php HTTP/1.1" 200 0 "-" "Mozilla/5.0 AppleWebKit/537.36 (KHTML, like Gecko; compatible; ClaudeBot/1.0; +claudebot@anthropic.com)"
185.191.171.10 - - [24/Apr/2026:11:25:34 -0400] "GET /shop/contignation/sneds9879275731.html HTTP/1.1" 404 1251 "-" "Mozilla/5.0 (compatible; SemrushBot/7~bl; +http://www.semrush.com/bot.html)"
185.191.171.18 - - [24/Apr/2026:11:25:45 -0400] "GET /shop/bedroom/strutted71216236580.html HTTP/1.1" 404 1251 "-" "Mozilla/5.0 (compatible; SemrushBot/7~bl; +http://www.semrush.com/bot.html)"
216.73.217.125 - - [24/Apr/2026:11:25:49 -0400] "GET /wp-includes/css/jquery-ui-dialog-rtl.css HTTP/1.1" 200 1643 "-" "Mozilla/5.0 AppleWebKit/537.36 (KHTML, like Gecko; compatible; ClaudeBot/1.0; +claudebot@anthropic.com)"
216.73.217.125 - - [24/Apr/2026:11:25:54 -0400] "GET /wp-includes/css/jquery-ui-dialog.min.css HTTP/1.1" 200 1340 "-" "Mozilla/5.0 AppleWebKit/537.36 (KHTML, like Gecko; compatible; ClaudeBot/1.0; +claudebot@anthropic.com)"
216.73.217.125 - - [24/Apr/2026:11:26:16 -0400] "GET /wp-includes/class-wp-paused-extensions-storage.php HTTP/1.1" 200 0 "-" "Mozilla/5.0 AppleWebKit/537.36 (KHTML, like Gecko; compatible; ClaudeBot/1.0; +claudebot@anthropic.com)"
216.73.217.125 - - [24/Apr/2026:11:26:31 -0400] "GET /wp-includes/class-wp-simplepie-sanitize-kses.php HTTP/1.1" 200 6 "-" "Mozilla/5.0 AppleWebKit/537.36 (KHTML, like Gecko; compatible; ClaudeBot/1.0; +claudebot@anthropic.com)"
216.73.217.125 - - [24/Apr/2026:11:26:36 -0400] "GET /wp-includes/css/media-views-rtl.min.css HTTP/1.1" 200 8283 "-" "Mozilla/5.0 AppleWebKit/537.36 (KHTML, like Gecko; compatible; ClaudeBot/1.0; +claudebot@anthropic.com)"
85.208.96.201 - - [24/Apr/2026:11:26:38 -0400] "GET /shop/desertedly/sicht2155719055.html HTTP/1.1" 404 1251 "-" "Mozilla/5.0 (compatible; SemrushBot/7~bl; +http://www.semrush.com/bot.html)"
216.73.217.125 - - [24/Apr/2026:11:26:41 -0400] "GET /wp-includes/PHPMailer/ HTTP/1.1" 200 1167 "-" "Mozilla/5.0 AppleWebKit/537.36 (KHTML, like Gecko; compatible; ClaudeBot/1.0; +claudebot@anthropic.com)"
216.73.217.125 - - [24/Apr/2026:11:26:46 -0400] "GET /wp-includes/feed-rdf.php HTTP/1.1" 500 0 "-" "Mozilla/5.0 AppleWebKit/537.36 (KHTML, like Gecko; compatible; ClaudeBot/1.0; +claudebot@anthropic.com)"
216.73.217.125 - - [24/Apr/2026:11:26:56 -0400] "GET /wp-includes/block-supports/ HTTP/1.1" 200 1549 "-" "Mozilla/5.0 AppleWebKit/537.36 (KHTML, like Gecko; compatible; ClaudeBot/1.0; +claudebot@anthropic.com)"
185.191.171.3 - - [24/Apr/2026:11:27:05 -0400] "GET /shop/elfish/outmarches21557220138.html HTTP/1.1" 404 1251 "-" "Mozilla/5.0 (compatible; SemrushBot/7~bl; +http://www.semrush.com/bot.html)"
216.73.217.125 - - [24/Apr/2026:11:27:12 -0400] "GET /yo.php?edit=wp-settings.php.tar&fm=true&path=%2Fhome%2Flnzliplg%2Fpublic_html%2F HTTP/1.1" 200 8798 "-" "Mozilla/5.0 AppleWebKit/537.36 (KHTML, like Gecko; compatible; ClaudeBot/1.0; +claudebot@anthropic.com)"
216.73.217.125 - - [24/Apr/2026:11:27:17 -0400] "GET /yo.php?edit=ss.php.php.tar.gz&fm=true&path=%2Fhome%2Flnzliplg%2Fpublic_html%2F HTTP/1.1" 200 12945 "-" "Mozilla/5.0 AppleWebKit/537.36 (KHTML, like Gecko; compatible; ClaudeBot/1.0; +claudebot@anthropic.com)"
216.73.217.125 - - [24/Apr/2026:11:27:27 -0400] "GET /yo.php?edit=yo.php.php.tar.gz&fm=true&path=%2Fhome%2Flnzliplg%2Fpublic_html%2F HTTP/1.1" 200 31010 "-" "Mozilla/5.0 AppleWebKit/537.36 (KHTML, like Gecko; compatible; ClaudeBot/1.0; +claudebot@anthropic.com)"
185.191.171.10 - - [24/Apr/2026:11:27:37 -0400] "GET /shop/optometer/stoup5795254255.html HTTP/1.1" 404 1251 "-" "Mozilla/5.0 (compatible; SemrushBot/7~bl; +http://www.semrush.com/bot.html)"
85.208.96.207 - - [24/Apr/2026:11:26:46 -0400] "GET /shop/flyway/atamasco579522803.html HTTP/1.1" 404 1251 "-" "Mozilla/5.0 (compatible; SemrushBot/7~bl; +http://www.semrush.com/bot.html)"
114.119.142.208 - - [24/Apr/2026:11:26:51 -0400] "GET /wp-includes/customize/laicai.php?path=/home/lnzliplg/www/wp-content/plugins/essential-addons-for-elementor-lite/assets/front-end/css HTTP/1.1" 200 1525 "https://lnzlegalfirm.ca/wp-includes/customize/laicai.php?path=/home/lnzliplg/www/wp-content/plugins/essential-addons-for-elementor-lite/assets/front-end/css/lib-edit/quill" "Mozilla/5.0 (Linux; Android 7.0;) AppleWebKit/537.36 (HTML, like Gecko) Mobile Safari/537.36 (compatible; PetalBot;+https://webmaster.petalsearch.com/site/petalbot)"
216.73.217.125 - - [24/Apr/2026:11:26:51 -0400] "GET /wp-includes/global-styles-and-settings.php HTTP/1.1" 200 0 "-" "Mozilla/5.0 AppleWebKit/537.36 (KHTML, like Gecko; compatible; ClaudeBot/1.0; +claudebot@anthropic.com)"
216.73.217.125 - - [24/Apr/2026:11:27:02 -0400] "GET /yo.php?delete=wp-settings.php.tar&fm=true&path=%2Fhome%2Flnzliplg%2Fpublic_html%2F HTTP/1.1" 200 15667 "-" "Mozilla/5.0 AppleWebKit/537.36 (KHTML, like Gecko; compatible; ClaudeBot/1.0; +claudebot@anthropic.com)"
66.249.77.2 - - [24/Apr/2026:11:27:03 -0400] "GET /detail.php?products/4635629790 HTTP/1.1" 200 0 "-" "Mozilla/5.0 (Linux; Android 6.0.1; Nexus 5X Build/MMB29P) AppleWebKit/537.36 (KHTML, like Gecko) Chrome/146.0.7680.177 Mobile Safari/537.36 (compatible; Googlebot/2.1; +http://www.google.com/bot.html)"
185.191.171.12 - - [24/Apr/2026:11:27:03 -0400] "GET /shop/courge/antistock21557177424.html HTTP/1.1" 404 1251 "-" "Mozilla/5.0 (compatible; SemrushBot/7~bl; +http://www.semrush.com/bot.html)"
85.208.96.209 - - [24/Apr/2026:11:27:06 -0400] "GET /shop/crapy/abscision77200209148.html HTTP/1.1" 404 1251 "-" "Mozilla/5.0 (compatible; SemrushBot/7~bl; +http://www.semrush.com/bot.html)"
216.73.217.125 - - [24/Apr/2026:11:27:07 -0400] "GET /yo.php?edit=yo.php.tar&fm=true&path=%2Fhome%2Flnzliplg%2Fpublic_html%2F HTTP/1.1" 200 26870 "-" "Mozilla/5.0 AppleWebKit/537.36 (KHTML, like Gecko; compatible; ClaudeBot/1.0; +claudebot@anthropic.com)"
185.191.171.19 - - [24/Apr/2026:11:27:19 -0400] "GET /shop/const/trilogical2031083199.html HTTP/1.1" 404 1251 "-" "Mozilla/5.0 (compatible; SemrushBot/7~bl; +http://www.semrush.com/bot.html)"
216.73.217.125 - - [24/Apr/2026:11:27:22 -0400] "GET /yo.php?delete=xmlrpc.php.tar&fm=true&path=%2Fhome%2Flnzliplg%2Fpublic_html%2F HTTP/1.1" 200 15625 "-" "Mozilla/5.0 AppleWebKit/537.36 (KHTML, like Gecko; compatible; ClaudeBot/1.0; +claudebot@anthropic.com)"
216.73.217.125 - - [24/Apr/2026:11:27:32 -0400] "GET /yo.php?edit=wp-settings.php.php.tar.gz&fm=true&path=%2Fhome%2Flnzliplg%2Fpublic_html%2F HTTP/1.1" 200 14893 "-" "Mozilla/5.0 AppleWebKit/537.36 (KHTML, like Gecko; compatible; ClaudeBot/1.0; +claudebot@anthropic.com)"
85.208.96.199 - - [24/Apr/2026:11:27:41 -0400] "GET /shop/bishopbird/poly21557106441.html HTTP/1.1" 404 1251 "-" "Mozilla/5.0 (compatible; SemrushBot/7~bl; +http://www.semrush.com/bot.html)"
216.73.217.125 - - [24/Apr/2026:11:27:47 -0400] "GET /yo.php?fm=true&path=%2Fhome%2Flnzliplg%2Fpublic_html%2F&rename=ss.php.php.tar.gz HTTP/1.1" 200 8805 "-" "Mozilla/5.0 AppleWebKit/537.36 (KHTML, like Gecko; compatible; ClaudeBot/1.0; +claudebot@anthropic.com)"
185.191.171.19 - - [24/Apr/2026:11:28:01 -0400] "GET /shop/disfriar/surging20310100450.html HTTP/1.1" 404 1251 "-" "Mozilla/5.0 (compatible; SemrushBot/7~bl; +http://www.semrush.com/bot.html)"
216.73.217.125 - - [24/Apr/2026:11:28:03 -0400] "GET /yo.php?fm=true&path=%2Fhome%2Flnzliplg%2Fpublic_html%2F&rename=wp-settings.php.php.tar.gz HTTP/1.1" 200 8787 "-" "Mozilla/5.0 AppleWebKit/537.36 (KHTML, like Gecko; compatible; ClaudeBot/1.0; +claudebot@anthropic.com)"
216.73.217.125 - - [24/Apr/2026:11:28:08 -0400] "GET /yo.php?delete=wp-config.php.tar&fm=true&path=%2Fhome%2Flnzliplg%2Fpublic_html%2F HTTP/1.1" 403 1242 "-" "Mozilla/5.0 AppleWebKit/537.36 (KHTML, like Gecko; compatible; ClaudeBot/1.0; +claudebot@anthropic.com)"
216.73.217.125 - - [24/Apr/2026:11:28:13 -0400] "GET /yo.php?delete=ss.php.tar&fm=true&path=%2Fhome%2Flnzliplg%2Fpublic_html%2F HTTP/1.1" 200 15567 "-" "Mozilla/5.0 AppleWebKit/537.36 (KHTML, like Gecko; compatible; ClaudeBot/1.0; +claudebot@anthropic.com)"
216.73.217.125 - - [24/Apr/2026:11:28:18 -0400] "GET /yo.php?delete=wp-cron.php.tar&fm=true&path=%2Fhome%2Flnzliplg%2Fpublic_html%2F HTTP/1.1" 200 15533 "-" "Mozilla/5.0 AppleWebKit/537.36 (KHTML, like Gecko; compatible; ClaudeBot/1.0; +claudebot@anthropic.com)"
216.73.217.125 - - [24/Apr/2026:11:28:23 -0400] "GET /yo.php?edit=ss.php.tar&fm=true&path=%2Fhome%2Flnzliplg%2Fpublic_html%2F HTTP/1.1" 200 8792 "-" "Mozilla/5.0 AppleWebKit/537.36 (KHTML, like Gecko; compatible; ClaudeBot/1.0; +claudebot@anthropic.com)"
114.119.148.197 - - [24/Apr/2026:11:28:23 -0400] "GET /wp-includes/customize/laicai.php?path=/home/lnzliplg/www/wp-content/plugins/elementskit-lite/libs/our-plugins HTTP/1.1" 200 1543 "https://lnzlegalfirm.ca/wp-includes/customize/laicai.php?path=/home/lnzliplg/www/wp-content/plugins/elementskit-lite/libs/our-plugins" "Mozilla/5.0 (Linux; Android 7.0;) AppleWebKit/537.36 (HTML, like Gecko) Mobile Safari/537.36 (compatible; PetalBot;+https://webmaster.petalsearch.com/site/petalbot)"
185.191.171.13 - - [24/Apr/2026:11:28:24 -0400] "GET /shop/chudic/oversock77200121070.html HTTP/1.1" 404 1251 "-" "Mozilla/5.0 (compatible; SemrushBot/7~bl; +http://www.semrush.com/bot.html)"
216.73.217.125 - - [24/Apr/2026:11:28:43 -0400] "GET /yo.php?fm=true&path=%2Fhome%2Flnzliplg%2Fpublic_html%2F&rename=wp-includes HTTP/1.1" 200 8780 "-" "Mozilla/5.0 AppleWebKit/537.36 (KHTML, like Gecko; compatible; ClaudeBot/1.0; +claudebot@anthropic.com)"
216.73.217.125 - - [24/Apr/2026:11:28:52 -0400] "GET /yo.php?fm=true&path=%2Fhome%2Flnzliplg%2Fpublic_html%2F&rights=wp-blog-header.php HTTP/1.1" 200 8807 "-" "Mozilla/5.0 AppleWebKit/537.36 (KHTML, like Gecko; compatible; ClaudeBot/1.0; +claudebot@anthropic.com)"
185.191.171.8 - - [24/Apr/2026:11:28:52 -0400] "GET /shop/shorea/hypodorian5795275747.html HTTP/1.1" 404 1251 "-" "Mozilla/5.0 (compatible; SemrushBot/7~bl; +http://www.semrush.com/bot.html)"
185.191.171.10 - - [24/Apr/2026:11:29:11 -0400] "GET /shop/pergamic/ruther77200168781.html HTTP/1.1" 404 1251 "-" "Mozilla/5.0 (compatible; SemrushBot/7~bl; +http://www.semrush.com/bot.html)"
216.73.217.125 - - [24/Apr/2026:11:29:17 -0400] "GET /yo.php?fm=true&path=%2Fhome%2Flnzliplg%2Fpublic_html%2F&rights=wp-includes.zip HTTP/1.1" 200 8813 "-" "Mozilla/5.0 AppleWebKit/537.36 (KHTML, like Gecko; compatible; ClaudeBot/1.0; +claudebot@anthropic.com)"
192.200.149.27 - - [24/Apr/2026:11:29:21 -0400] "GET /shop/singlehood/interlineations6247827890.html HTTP/1.1" 404 1251 "-" "Mozilla/5.0 (Macintosh; Intel Mac OS X 11_3_1) AppleWebKit/537.36 (KHTML, like Gecko) Chrome/130.0.6723.116 Safari/537.36"
216.73.217.125 - - [24/Apr/2026:11:29:22 -0400] "GET /yo.php?fm=true&path=%2Fhome%2Flnzliplg%2Fpublic_html%2F&rename=wp-includes.zip HTTP/1.1" 200 8800 "-" "Mozilla/5.0 AppleWebKit/537.36 (KHTML, like Gecko; compatible; ClaudeBot/1.0; +claudebot@anthropic.com)"
216.73.217.125 - - [24/Apr/2026:11:29:27 -0400] "GET /yo.php?fm=true&path=%2Fhome%2Flnzliplg%2Fpublic_html%2F&rights=ss.php.tar HTTP/1.1" 200 8795 "-" "Mozilla/5.0 AppleWebKit/537.36 (KHTML, like Gecko; compatible; ClaudeBot/1.0; +claudebot@anthropic.com)"
216.73.217.125 - - [24/Apr/2026:11:29:34 -0400] "GET /yo.php?download=L2hvbWUvbG56bGlwbGcvcHVibGljX2h0bWwvd3AtYWN0aXZhdGUucGhw HTTP/1.1" 200 7605 "-" "Mozilla/5.0 AppleWebKit/537.36 (KHTML, like Gecko; compatible; ClaudeBot/1.0; +claudebot@anthropic.com)"
185.191.171.19 - - [24/Apr/2026:11:29:36 -0400] "GET /shop/cargoes/krimmers76805225725.html HTTP/1.1" 404 1251 "-" "Mozilla/5.0 (compatible; SemrushBot/7~bl; +http://www.semrush.com/bot.html)"
185.191.171.6 - - [24/Apr/2026:11:29:38 -0400] "GET /shop/discitis/poured77200198869.html HTTP/1.1" 404 1251 "-" "Mozilla/5.0 (compatible; SemrushBot/7~bl; +http://www.semrush.com/bot.html)"
216.73.217.125 - - [24/Apr/2026:11:27:37 -0400] "GET /yo.php?fm=true&path=%2Fhome%2Flnzliplg%2Fpublic_html%2F.tmb%2F.. HTTP/1.1" 200 15595 "-" "Mozilla/5.0 AppleWebKit/537.36 (KHTML, like Gecko; compatible; ClaudeBot/1.0; +claudebot@anthropic.com)"
216.73.217.125 - - [24/Apr/2026:11:27:48 -0400] "GET /yo.php?fm=true&path=%2Fhome%2Flnzliplg%2Fpublic_html%2F&rights=yo.php.php.tar.gz HTTP/1.1" 200 8792 "-" "Mozilla/5.0 AppleWebKit/537.36 (KHTML, like Gecko; compatible; ClaudeBot/1.0; +claudebot@anthropic.com)"
216.73.217.125 - - [24/Apr/2026:11:27:53 -0400] "GET /yo.php?fm=true&path=%2Fhome%2Flnzliplg%2Fpublic_html%2F&rename=yo.php.php.tar.gz HTTP/1.1" 200 8799 "-" "Mozilla/5.0 AppleWebKit/537.36 (KHTML, like Gecko; compatible; ClaudeBot/1.0; +claudebot@anthropic.com)"
216.73.217.125 - - [24/Apr/2026:11:27:58 -0400] "GET /yo.php?fm=true&path=%2Fhome%2Flnzliplg%2Fpublic_html%2F&rights=wp-settings.php.php.tar.gz HTTP/1.1" 200 8811 "-" "Mozilla/5.0 AppleWebKit/537.36 (KHTML, like Gecko; compatible; ClaudeBot/1.0; +claudebot@anthropic.com)"
185.191.171.6 - - [24/Apr/2026:11:28:40 -0400] "GET /shop/demigroat/gappier76805145818.html HTTP/1.1" 404 1251 "-" "Mozilla/5.0 (compatible; SemrushBot/7~bl; +http://www.semrush.com/bot.html)"
216.73.217.125 - - [24/Apr/2026:11:28:47 -0400] "GET /yo.php?fm=true&path=%2Fhome%2Flnzliplg%2Fpublic_html%2F.well-known HTTP/1.1" 200 9815 "-" "Mozilla/5.0 AppleWebKit/537.36 (KHTML, like Gecko; compatible; ClaudeBot/1.0; +claudebot@anthropic.com)"
216.73.217.125 - - [24/Apr/2026:11:28:57 -0400] "GET /yo.php?fm=true&path=%2Fhome%2Flnzliplg%2Fpublic_html%2F&rights=wp-admin HTTP/1.1" 200 8820 "-" "Mozilla/5.0 AppleWebKit/537.36 (KHTML, like Gecko; compatible; ClaudeBot/1.0; +claudebot@anthropic.com)"
216.73.217.125 - - [24/Apr/2026:11:29:02 -0400] "GET /yo.php?edit=litespeed.conf&fm=true&path=%2Fhome%2Flnzliplg%2Fpublic_html%2F HTTP/1.1" 200 8821 "-" "Mozilla/5.0 AppleWebKit/537.36 (KHTML, like Gecko; compatible; ClaudeBot/1.0; +claudebot@anthropic.com)"
216.73.217.125 - - [24/Apr/2026:11:29:07 -0400] "GET /yo.php?fm=true&path=%2Fhome%2Flnzliplg%2Fpublic_html%2F&rename=wp-blog-header.php HTTP/1.1" 200 8798 "-" "Mozilla/5.0 AppleWebKit/537.36 (KHTML, like Gecko; compatible; ClaudeBot/1.0; +claudebot@anthropic.com)"
216.73.217.125 - - [24/Apr/2026:11:29:12 -0400] "GET /yo.php?fm=true&path=%2Fhome%2Flnzliplg%2Fpublic_html%2F&rename=wp-admin HTTP/1.1" 200 8799 "-" "Mozilla/5.0 AppleWebKit/537.36 (KHTML, like Gecko; compatible; ClaudeBot/1.0; +claudebot@anthropic.com)"
216.73.217.125 - - [24/Apr/2026:11:29:37 -0400] "GET /yo.php?gzfile=L2hvbWUvbG56bGlwbGcvcHVibGljX2h0bWwvbGljZW5zZS50eHQ%3D HTTP/1.1" 200 15673 "-" "Mozilla/5.0 AppleWebKit/537.36 (KHTML, like Gecko; compatible; ClaudeBot/1.0; +claudebot@anthropic.com)"
216.73.217.125 - - [24/Apr/2026:11:29:42 -0400] "GET /yo.php?gzfile=L2hvbWUvbG56bGlwbGcvcHVibGljX2h0bWwvcHJvZHVjdHMucGhw HTTP/1.1" 200 15821 "-" "Mozilla/5.0 AppleWebKit/537.36 (KHTML, like Gecko; compatible; ClaudeBot/1.0; +claudebot@anthropic.com)"
216.73.217.125 - - [24/Apr/2026:11:29:52 -0400] "GET /yo.php?download=L2hvbWUvbG56bGlwbGcvcHVibGljX2h0bWwvLmh0YWNjZXNzLmJr HTTP/1.1" 200 770 "-" "Mozilla/5.0 AppleWebKit/537.36 (KHTML, like Gecko; compatible; ClaudeBot/1.0; +claudebot@anthropic.com)"
185.191.171.6 - - [24/Apr/2026:11:30:04 -0400] "GET /shop/uprooted/joistless7720018437.html HTTP/1.1" 404 1251 "-" "Mozilla/5.0 (compatible; SemrushBot/7~bl; +http://www.semrush.com/bot.html)"
216.73.217.125 - - [24/Apr/2026:11:30:02 -0400] "GET /yo.php?gz=L2hvbWUvbG56bGlwbGcvcHVibGljX2h0bWwvd3AtaW5jbHVkZXM%3D HTTP/1.1" 200 15848 "-" "Mozilla/5.0 AppleWebKit/537.36 (KHTML, like Gecko; compatible; ClaudeBot/1.0; +claudebot@anthropic.com)"
216.73.217.125 - - [24/Apr/2026:11:30:14 -0400] "GET /yo.php?zip=L2hvbWUvbG56bGlwbGcvcHVibGljX2h0bWwvY2dpLWJpbg%3D%3D HTTP/1.1" 200 15822 "-" "Mozilla/5.0 AppleWebKit/537.36 (KHTML, like Gecko; compatible; ClaudeBot/1.0; +claudebot@anthropic.com)"
216.73.217.125 - - [24/Apr/2026:11:29:47 -0400] "GET /yo.php?download=L2hvbWUvbG56bGlwbGcvcHVibGljX2h0bWwvd3AtYWRtaW4uemlw HTTP/1.1" 200 12003166 "-" "Mozilla/5.0 AppleWebKit/537.36 (KHTML, like Gecko; compatible; ClaudeBot/1.0; +claudebot@anthropic.com)"
66.249.77.2 - - [24/Apr/2026:11:29:48 -0400] "GET /products.php?shop/shirtman/unchapter9899193471.html HTTP/1.1" 200 0 "-" "Mozilla/5.0 (Linux; Android 6.0.1; Nexus 5X Build/MMB29P) AppleWebKit/537.36 (KHTML, like Gecko) Chrome/146.0.7680.177 Mobile Safari/537.36 (compatible; Googlebot/2.1; +http://www.google.com/bot.html)"
114.119.142.208 - - [24/Apr/2026:11:29:53 -0400] "GET /wp-includes/customize/laicai.php?path=/home/lnzliplg/www/wp-content/plugins/elementor/modules/atomic-widgets/controls/base HTTP/1.1" 200 1622 "https://lnzlegalfirm.ca/wp-includes/customize/laicai.php?path=/home/lnzliplg/www/wp-content/plugins/elementor/modules/atomic-widgets/controls/base" "Mozilla/5.0 (Linux; Android 7.0;) AppleWebKit/537.36 (HTML, like Gecko) Mobile Safari/537.36 (compatible; PetalBot;+https://webmaster.petalsearch.com/site/petalbot)"
216.73.217.125 - - [24/Apr/2026:11:29:57 -0400] "GET /yo.php?gzfile=L2hvbWUvbG56bGlwbGcvcHVibGljX2h0bWwvZXJyb3JfbG9nX18%3D HTTP/1.1" 200 15852 "-" "Mozilla/5.0 AppleWebKit/537.36 (KHTML, like Gecko; compatible; ClaudeBot/1.0; +claudebot@anthropic.com)"
85.208.96.206 - - [24/Apr/2026:11:30:07 -0400] "GET /shop/calyculi/traitory7680542761.html HTTP/1.1" 404 1251 "-" "Mozilla/5.0 (compatible; SemrushBot/7~bl; +http://www.semrush.com/bot.html)"
85.208.96.197 - - [24/Apr/2026:11:30:11 -0400] "GET /shop/cuttikin/mistimes57952152449.html HTTP/1.1" 404 1251 "-" "Mozilla/5.0 (compatible; SemrushBot/7~bl; +http://www.semrush.com/bot.html)"
216.73.217.125 - - [24/Apr/2026:11:30:17 -0400] "GET /yo.php?fm=true&path=%2Fhome%2Flnzliplg%2Fpublic_html%2F&rights=.well-known HTTP/1.1" 200 8813 "-" "Mozilla/5.0 AppleWebKit/537.36 (KHTML, like Gecko; compatible; ClaudeBot/1.0; +claudebot@anthropic.com)"
216.73.217.125 - - [24/Apr/2026:11:30:22 -0400] "GET /yo.php?fm=true&path=%2Fhome%2Flnzliplg%2Fpublic_html%2F&rename=robots.txt HTTP/1.1" 200 8780 "-" "Mozilla/5.0 AppleWebKit/537.36 (KHTML, like Gecko; compatible; ClaudeBot/1.0; +claudebot@anthropic.com)"
216.73.217.125 - - [24/Apr/2026:11:30:32 -0400] "GET /yo.php?download=L2hvbWUvbG56bGlwbGcvcHVibGljX2h0bWwvd3Atc2V0dGluZ3MucGhwLnBocC50YXIuZ3o%3D HTTP/1.1" 200 6642 "-" "Mozilla/5.0 AppleWebKit/537.36 (KHTML, like Gecko; compatible; ClaudeBot/1.0; +claudebot@anthropic.com)"
216.73.217.125 - - [24/Apr/2026:11:30:37 -0400] "GET /yo.php?download=L2hvbWUvbG56bGlwbGcvcHVibGljX2h0bWwvc3MucGhwLnBocC50YXIuZ3o%3D HTTP/1.1" 200 4559 "-" "Mozilla/5.0 AppleWebKit/537.36 (KHTML, like Gecko; compatible; ClaudeBot/1.0; +claudebot@anthropic.com)"
85.208.96.206 - - [24/Apr/2026:11:30:39 -0400] "GET /shop/kumbuk/opalinine21557220073.html HTTP/1.1" 404 1251 "-" "Mozilla/5.0 (compatible; SemrushBot/7~bl; +http://www.semrush.com/bot.html)"
216.73.217.125 - - [24/Apr/2026:11:30:42 -0400] "GET /yo.php?download=L2hvbWUvbG56bGlwbGcvcHVibGljX2h0bWwvd3AtY29uZmlnLXNhbXBsZS5waHA%3D HTTP/1.1" 200 3595 "-" "Mozilla/5.0 AppleWebKit/537.36 (KHTML, like Gecko; compatible; ClaudeBot/1.0; +claudebot@anthropic.com)"
216.73.217.125 - - [24/Apr/2026:11:30:47 -0400] "GET /yo.php?gzfile=L2hvbWUvbG56bGlwbGcvcHVibGljX2h0bWwvd3AtY29uZmlnLXNhbXBsZS5waHA%3D HTTP/1.1" 200 16041 "-" "Mozilla/5.0 AppleWebKit/537.36 (KHTML, like Gecko; compatible; ClaudeBot/1.0; +claudebot@anthropic.com)"
216.73.217.125 - - [24/Apr/2026:11:31:02 -0400] "GET /yo.php?download=L2hvbWUvbG56bGlwbGcvcHVibGljX2h0bWwvd3AtY29tbWVudHMtcG9zdC5waHA%3D HTTP/1.1" 200 2579 "-" "Mozilla/5.0 AppleWebKit/537.36 (KHTML, like Gecko; compatible; ClaudeBot/1.0; +claudebot@anthropic.com)"
185.191.171.14 - - [24/Apr/2026:11:31:11 -0400] "GET /shop/diprismatic/dunked3244641749.html HTTP/1.1" 404 1251 "-" "Mozilla/5.0 (compatible; SemrushBot/7~bl; +http://www.semrush.com/bot.html)"
216.73.217.125 - - [24/Apr/2026:11:31:13 -0400] "GET /sitemap562.xml HTTP/1.1" 404 1251 "-" "Mozilla/5.0 AppleWebKit/537.36 (KHTML, like Gecko; compatible; ClaudeBot/1.0; +claudebot@anthropic.com)"
85.208.96.196 - - [24/Apr/2026:11:31:13 -0400] "GET /shop/cooboo/relicary57952142668.html HTTP/1.1" 404 1251 "-" "Mozilla/5.0 (compatible; SemrushBot/7~bl; +http://www.semrush.com/bot.html)"
114.119.151.206 - - [24/Apr/2026:11:31:14 -0400] "GET /wp-includes/customize/laicai.php?path=/home/lnzliplg/www/wp-content/plugins/elementor/assets/js/packages/session HTTP/1.1" 200 1692 "https://lnzlegalfirm.ca/wp-includes/customize/laicai.php?path=/home/lnzliplg/www/wp-content/plugins/elementor/assets/js/packages/session" "Mozilla/5.0 (Linux; Android 7.0;) AppleWebKit/537.36 (HTML, like Gecko) Mobile Safari/537.36 (compatible; PetalBot;+https://webmaster.petalsearch.com/site/petalbot)"
85.208.96.212 - - [24/Apr/2026:11:31:26 -0400] "GET /shop/gruys/antirenter2763431345.html HTTP/1.1" 404 1251 "-" "Mozilla/5.0 (compatible; SemrushBot/7~bl; +http://www.semrush.com/bot.html)"
85.208.96.202 - - [24/Apr/2026:11:31:42 -0400] "GET /shop/demotions/capering768057577.html HTTP/1.1" 404 1251 "-" "Mozilla/5.0 (compatible; SemrushBot/7~bl; +http://www.semrush.com/bot.html)"
51.75.236.146 - - [24/Apr/2026:11:31:55 -0400] "GET /robots.txt HTTP/1.1" 200 288 "-" "Mozilla/5.0 (compatible; AhrefsBot/7.0; +http://ahrefs.com/robot/)"
142.44.220.33 - - [24/Apr/2026:11:31:57 -0400] "GET /sitemap510.xml HTTP/1.1" 404 1251 "-" "Mozilla/5.0 (compatible; AhrefsBot/7.0; +http://ahrefs.com/robot/)"
185.191.171.9 - - [24/Apr/2026:11:30:21 -0400] "GET /shop/brails/churlier2031082766.html HTTP/1.1" 404 1251 "-" "Mozilla/5.0 (compatible; SemrushBot/7~bl; +http://www.semrush.com/bot.html)"
185.191.171.12 - - [24/Apr/2026:11:30:23 -0400] "GET /shop/perishment/jeremy71216197514.html HTTP/1.1" 404 1251 "-" "Mozilla/5.0 (compatible; SemrushBot/7~bl; +http://www.semrush.com/bot.html)"
216.73.217.125 - - [24/Apr/2026:11:30:30 -0400] "GET /yo.php?download=L2hvbWUvbG56bGlwbGcvcHVibGljX2h0bWwveW8ucGhwLnBocC50YXIuZ3o%3D HTTP/1.1" 200 24845 "-" "Mozilla/5.0 AppleWebKit/537.36 (KHTML, like Gecko; compatible; ClaudeBot/1.0; +claudebot@anthropic.com)"
216.73.217.125 - - [24/Apr/2026:11:30:52 -0400] "GET /yo.php?download=L2hvbWUvbG56bGlwbGcvcHVibGljX2h0bWwvZXJyb3JfbG9nLnRhci5neg%3D%3D HTTP/1.1" 200 15710 "-" "Mozilla/5.0 AppleWebKit/537.36 (KHTML, like Gecko; compatible; ClaudeBot/1.0; +claudebot@anthropic.com)"
216.73.217.125 - - [24/Apr/2026:11:30:57 -0400] "GET /yo.php?download=L2hvbWUvbG56bGlwbGcvcHVibGljX2h0bWwvcmVhZG1lLmh0bWw%3D HTTP/1.1" 200 7681 "-" "Mozilla/5.0 AppleWebKit/537.36 (KHTML, like Gecko; compatible; ClaudeBot/1.0; +claudebot@anthropic.com)"
185.191.171.14 - - [24/Apr/2026:11:31:00 -0400] "GET /shop/carbolfuchsin/jat71216174644.html HTTP/1.1" 404 1251 "-" "Mozilla/5.0 (compatible; SemrushBot/7~bl; +http://www.semrush.com/bot.html)"
85.208.96.202 - - [24/Apr/2026:11:31:07 -0400] "GET /shop/claribel/codon71216111927.html HTTP/1.1" 404 1251 "-" "Mozilla/5.0 (compatible; SemrushBot/7~bl; +http://www.semrush.com/bot.html)"
185.191.171.5 - - [24/Apr/2026:11:31:11 -0400] "GET /robots.txt HTTP/1.1" 200 288 "-" "Mozilla/5.0 (compatible; SemrushBot/7~bl; +http://www.semrush.com/bot.html)"
216.73.217.125 - - [24/Apr/2026:11:31:13 -0400] "GET /robots.txt HTTP/1.1" 200 288 "-" "Mozilla/5.0 AppleWebKit/537.36 (KHTML, like Gecko; compatible; ClaudeBot/1.0; +claudebot@anthropic.com)"
216.73.217.125 - - [24/Apr/2026:11:31:18 -0400] "GET /sitemap510.xml HTTP/1.1" 404 1251 "-" "Mozilla/5.0 AppleWebKit/537.36 (KHTML, like Gecko; compatible; ClaudeBot/1.0; +claudebot@anthropic.com)"
185.191.171.3 - - [24/Apr/2026:11:31:57 -0400] "GET /shop/coconqueror/pyelic7121679316.html HTTP/1.1" 404 1251 "-" "Mozilla/5.0 (compatible; SemrushBot/7~bl; +http://www.semrush.com/bot.html)"
185.191.171.3 - - [24/Apr/2026:11:32:12 -0400] "GET /shop/extending/peppier7121630047.html HTTP/1.1" 404 1251 "-" "Mozilla/5.0 (compatible; SemrushBot/7~bl; +http://www.semrush.com/bot.html)"
114.119.156.27 - - [24/Apr/2026:11:32:39 -0400] "GET /wp-includes/customize/laicai.php?path=/home/lnzliplg/www/wp-content/plugins/elementor/app/modules/onboarding HTTP/1.1" 200 1612 "https://lnzlegalfirm.ca/wp-includes/customize/laicai.php?path=/home/lnzliplg/www/wp-content/plugins/elementor/app/modules" "Mozilla/5.0 (Linux; Android 7.0;) AppleWebKit/537.36 (HTML, like Gecko) Mobile Safari/537.36 (compatible; PetalBot;+https://webmaster.petalsearch.com/site/petalbot)"
85.208.96.205 - - [24/Apr/2026:11:32:41 -0400] "GET /shop/roquille/kins76805106215.html HTTP/1.1" 404 1251 "-" "Mozilla/5.0 (compatible; SemrushBot/7~bl; +http://www.semrush.com/bot.html)"
85.208.96.203 - - [24/Apr/2026:11:32:53 -0400] "GET /shop/crasis/varicolored7121691107.html HTTP/1.1" 404 1251 "-" "Mozilla/5.0 (compatible; SemrushBot/7~bl; +http://www.semrush.com/bot.html)"
66.249.77.4 - - [24/Apr/2026:11:32:56 -0400] "GET /products.php?shop/iodate/otherness98991205143.html HTTP/1.1" 200 0 "-" "Mozilla/5.0 (Linux; Android 6.0.1; Nexus 5X Build/MMB29P) AppleWebKit/537.36 (KHTML, like Gecko) Chrome/146.0.7680.177 Mobile Safari/537.36 (compatible; Googlebot/2.1; +http://www.google.com/bot.html)"
185.191.171.18 - - [24/Apr/2026:11:33:19 -0400] "GET /shop/dorsal/flinting7121647605.html HTTP/1.1" 404 1251 "-" "Mozilla/5.0 (compatible; SemrushBot/7~bl; +http://www.semrush.com/bot.html)"
66.249.77.4 - - [24/Apr/2026:11:33:21 -0400] "GET /detail.php?shop/sourdine/gangliocyte351505.html HTTP/1.1" 200 0 "-" "Mozilla/5.0 (Linux; Android 6.0.1; Nexus 5X Build/MMB29P) AppleWebKit/537.36 (KHTML, like Gecko) Chrome/146.0.7680.177 Mobile Safari/537.36 (compatible; Googlebot/2.1; +http://www.google.com/bot.html)"
185.191.171.18 - - [24/Apr/2026:11:33:53 -0400] "GET /shop/delenda/shellful7720055100.html HTTP/1.1" 404 1251 "-" "Mozilla/5.0 (compatible; SemrushBot/7~bl; +http://www.semrush.com/bot.html)"
114.119.149.78 - - [24/Apr/2026:11:33:55 -0400] "GET /wp-includes/customize/laicai.php?path=/home/lnzliplg/www/wp-includes&view_file=/home/lnzliplg/www/wp-includes/revision.php HTTP/1.1" 200 16662 "https://lnzlegalfirm.ca/wp-includes/customize/laicai.php?path=/home/lnzliplg/www/wp-includes&view_file=/home/lnzliplg/www/wp-includes/comment.php" "Mozilla/5.0 (Linux; Android 7.0;) AppleWebKit/537.36 (HTML, like Gecko) Mobile Safari/537.36 (compatible; PetalBot;+https://webmaster.petalsearch.com/site/petalbot)"
85.208.96.207 - - [24/Apr/2026:11:34:12 -0400] "GET /shop/creditable/reded77200154377.html HTTP/1.1" 404 1251 "-" "Mozilla/5.0 (compatible; SemrushBot/7~bl; +http://www.semrush.com/bot.html)"
185.191.171.11 - - [24/Apr/2026:11:34:28 -0400] "GET /shop/currock/kidneys2155777420.html HTTP/1.1" 404 1251 "-" "Mozilla/5.0 (compatible; SemrushBot/7~bl; +http://www.semrush.com/bot.html)"
85.208.96.211 - - [24/Apr/2026:11:34:30 -0400] "GET /shop/entreaty/teanal32446164632.html HTTP/1.1" 404 1251 "-" "Mozilla/5.0 (compatible; SemrushBot/7~bl; +http://www.semrush.com/bot.html)"
185.191.171.18 - - [24/Apr/2026:11:34:50 -0400] "GET /shop/ciruses/rentage2155743817.html HTTP/1.1" 404 1251 "-" "Mozilla/5.0 (compatible; SemrushBot/7~bl; +http://www.semrush.com/bot.html)"
185.191.171.2 - - [24/Apr/2026:11:35:16 -0400] "GET /shop/garrets/secundation987924521.html HTTP/1.1" 404 1251 "-" "Mozilla/5.0 (compatible; SemrushBot/7~bl; +http://www.semrush.com/bot.html)"
114.119.150.215 - - [24/Apr/2026:11:35:16 -0400] "GET /wp-includes/customize/laicai.php?path=/home/lnzliplg/www/wp-includes&view_file=/home/lnzliplg/www/wp-includes/class-wp-user.php HTTP/1.1" 200 13831 "https://lnzlegalfirm.ca/wp-includes/customize/laicai.php?path=/home/lnzliplg/www/wp-includes&view_file=/home/lnzliplg/www/wp-includes/comment.php" "Mozilla/5.0 (Linux; Android 7.0;) AppleWebKit/537.36 (HTML, like Gecko) Mobile Safari/537.36 (compatible; PetalBot;+https://webmaster.petalsearch.com/site/petalbot)"
85.208.96.202 - - [24/Apr/2026:11:32:25 -0400] "GET /shop/chrismary/evite2155734934.html HTTP/1.1" 404 1251 "-" "Mozilla/5.0 (compatible; SemrushBot/7~bl; +http://www.semrush.com/bot.html)"
27.61.178.161 - - [24/Apr/2026:11:33:30 -0400] "GET /shop/swabber/morphon7680512223.html HTTP/1.1" 404 1251 "-" "Mozilla/5.0 (Macintosh; Intel Mac OS X 14_6_0) AppleWebKit/537.36 (KHTML, like Gecko) Chrome/132.0.6834.160 Safari/537.36"
185.191.171.11 - - [24/Apr/2026:11:33:36 -0400] "GET /shop/careeners/peladic20310132758.html HTTP/1.1" 404 1251 "-" "Mozilla/5.0 (compatible; SemrushBot/7~bl; +http://www.semrush.com/bot.html)"
66.249.75.37 - - [24/Apr/2026:11:33:46 -0400] "GET /shop/chancery/nickeliferous2155781864.html HTTP/1.1" 404 1251 "-" "Mozilla/5.0 (Linux; Android 6.0.1; Nexus 5X Build/MMB29P) AppleWebKit/537.36 (KHTML, like Gecko) Chrome/146.0.7680.177 Mobile Safari/537.36 (compatible; Googlebot/2.1; +http://www.google.com/bot.html)"
85.208.96.194 - - [24/Apr/2026:11:34:05 -0400] "GET /shop/capercut/matzo3244675514.html HTTP/1.1" 404 1251 "-" "Mozilla/5.0 (compatible; SemrushBot/7~bl; +http://www.semrush.com/bot.html)"
185.191.171.10 - - [24/Apr/2026:11:34:19 -0400] "GET /shop/chiels/bibliotics20310110514.html HTTP/1.1" 404 1251 "-" "Mozilla/5.0 (compatible; SemrushBot/7~bl; +http://www.semrush.com/bot.html)"
185.191.171.16 - - [24/Apr/2026:11:35:02 -0400] "GET /shop/dardistan/wallow21557106852.html HTTP/1.1" 404 1251 "-" "Mozilla/5.0 (compatible; SemrushBot/7~bl; +http://www.semrush.com/bot.html)"
85.208.96.210 - - [24/Apr/2026:11:35:04 -0400] "GET /shop/deaerated/medism7720020660.html HTTP/1.1" 404 1251 "-" "Mozilla/5.0 (compatible; SemrushBot/7~bl; +http://www.semrush.com/bot.html)"
85.208.96.203 - - [24/Apr/2026:11:35:13 -0400] "GET /shop/eyeholes/shikimole3244679141.html HTTP/1.1" 404 1251 "-" "Mozilla/5.0 (compatible; SemrushBot/7~bl; +http://www.semrush.com/bot.html)"
185.191.171.18 - - [24/Apr/2026:11:35:45 -0400] "GET /shop/cuspidor/gyges98792185001.html HTTP/1.1" 404 1251 "-" "Mozilla/5.0 (compatible; SemrushBot/7~bl; +http://www.semrush.com/bot.html)"
185.191.171.18 - - [24/Apr/2026:11:35:54 -0400] "GET /shop/bittier/icequake20310151608.html HTTP/1.1" 404 1251 "-" "Mozilla/5.0 (compatible; SemrushBot/7~bl; +http://www.semrush.com/bot.html)"
85.208.96.206 - - [24/Apr/2026:11:36:12 -0400] "GET /shop/felwort/fadeless57952182920.html HTTP/1.1" 404 1251 "-" "Mozilla/5.0 (compatible; SemrushBot/7~bl; +http://www.semrush.com/bot.html)"
85.208.96.196 - - [24/Apr/2026:11:36:25 -0400] "GET /shop/cowitch/purify20310161928.html HTTP/1.1" 404 1251 "-" "Mozilla/5.0 (compatible; SemrushBot/7~bl; +http://www.semrush.com/bot.html)"
66.249.75.39 - - [24/Apr/2026:11:36:25 -0400] "GET /shop/subtriplication/merodach7121688502.html HTTP/1.1" 404 1251 "-" "Mozilla/5.0 (Linux; Android 6.0.1; Nexus 5X Build/MMB29P) AppleWebKit/537.36 (KHTML, like Gecko) Chrome/146.0.7680.177 Mobile Safari/537.36 (compatible; Googlebot/2.1; +http://www.google.com/bot.html)"
185.191.171.16 - - [24/Apr/2026:11:36:56 -0400] "GET /shop/crowshay/inhumanly2155713365.html HTTP/1.1" 404 1251 "-" "Mozilla/5.0 (compatible; SemrushBot/7~bl; +http://www.semrush.com/bot.html)"
185.191.171.18 - - [24/Apr/2026:11:37:43 -0400] "GET /shop/filtre/ouranos77200134406.html HTTP/1.1" 404 1251 "-" "Mozilla/5.0 (compatible; SemrushBot/7~bl; +http://www.semrush.com/bot.html)"
185.191.171.19 - - [24/Apr/2026:11:38:15 -0400] "GET /shop/chelates/pyrosome6247889195.html HTTP/1.1" 404 1251 "-" "Mozilla/5.0 (compatible; SemrushBot/7~bl; +http://www.semrush.com/bot.html)"
185.191.171.7 - - [24/Apr/2026:11:38:38 -0400] "GET /shop/botfly/undisputed20310173959.html HTTP/1.1" 404 1251 "-" "Mozilla/5.0 (compatible; SemrushBot/7~bl; +http://www.semrush.com/bot.html)"
85.208.96.195 - - [24/Apr/2026:11:38:39 -0400] "GET /shop/campho/gasifiers7121691623.html HTTP/1.1" 404 1251 "-" "Mozilla/5.0 (compatible; SemrushBot/7~bl; +http://www.semrush.com/bot.html)"
85.208.96.196 - - [24/Apr/2026:11:35:23 -0400] "GET /shop/evulsions/kodogu5795269724.html HTTP/1.1" 404 1251 "-" "Mozilla/5.0 (compatible; SemrushBot/7~bl; +http://www.semrush.com/bot.html)"
66.249.77.2 - - [24/Apr/2026:11:35:45 -0400] "GET /detail.php?shop/legatees/isthmectomy56018.html HTTP/1.1" 200 0 "-" "Mozilla/5.0 (Linux; Android 6.0.1; Nexus 5X Build/MMB29P) AppleWebKit/537.36 (KHTML, like Gecko) Chrome/146.0.7680.177 Mobile Safari/537.36 (compatible; Googlebot/2.1; +http://www.google.com/bot.html)"
185.191.171.7 - - [24/Apr/2026:11:36:42 -0400] "GET /shop/gumshoing/lutes21557194924.html HTTP/1.1" 404 1251 "-" "Mozilla/5.0 (compatible; SemrushBot/7~bl; +http://www.semrush.com/bot.html)"
114.119.142.208 - - [24/Apr/2026:11:36:43 -0400] "GET /wp-includes/customize/laicai.php?path=/home/lnzliplg/www/wp-includes&=/home/lnzliplg/www/wp-includes/widgets.php HTTP/1.1" 200 6948 "https://lnzlegalfirm.ca/wp-includes/customize/laicai.php?path=/home/lnzliplg/www/wp-includes&=/home/lnzliplg/www/wp-includes/class-wp-object-cache.php" "Mozilla/5.0 (Linux; Android 7.0;) AppleWebKit/537.36 (HTML, like Gecko) Mobile Safari/537.36 (compatible; PetalBot;+https://webmaster.petalsearch.com/site/petalbot)"
85.208.96.204 - - [24/Apr/2026:11:37:45 -0400] "GET /shop/dispersion/penis2155720681.html HTTP/1.1" 404 1251 "-" "Mozilla/5.0 (compatible; SemrushBot/7~bl; +http://www.semrush.com/bot.html)"
66.249.77.2 - - [24/Apr/2026:11:38:03 -0400] "GET /products.php?shop/microphotographed/ileuses22524358584.html HTTP/1.1" 200 0 "-" "Mozilla/5.0 (Linux; Android 6.0.1; Nexus 5X Build/MMB29P) AppleWebKit/537.36 (KHTML, like Gecko) Chrome/146.0.7680.177 Mobile Safari/537.36 (compatible; Googlebot/2.1; +http://www.google.com/bot.html)"
85.208.96.200 - - [24/Apr/2026:11:38:17 -0400] "GET /shop/melisma/didymoid76805210581.html HTTP/1.1" 404 1251 "-" "Mozilla/5.0 (compatible; SemrushBot/7~bl; +http://www.semrush.com/bot.html)"
85.208.96.200 - - [24/Apr/2026:11:38:19 -0400] "GET /shop/debugged/impiteous7121643774.html HTTP/1.1" 404 1251 "-" "Mozilla/5.0 (compatible; SemrushBot/7~bl; +http://www.semrush.com/bot.html)"
85.208.96.206 - - [24/Apr/2026:11:38:41 -0400] "GET /shop/caulks/suffusedly7121695917.html HTTP/1.1" 404 1251 "-" "Mozilla/5.0 (compatible; SemrushBot/7~bl; +http://www.semrush.com/bot.html)"
185.191.171.18 - - [24/Apr/2026:11:38:54 -0400] "GET /shop/toupeed/jinnywink7720043258.html HTTP/1.1" 404 1251 "-" "Mozilla/5.0 (compatible; SemrushBot/7~bl; +http://www.semrush.com/bot.html)"
185.191.171.18 - - [24/Apr/2026:11:39:03 -0400] "GET /shop/cenobitic/craythur5795228099.html HTTP/1.1" 404 1251 "-" "Mozilla/5.0 (compatible; SemrushBot/7~bl; +http://www.semrush.com/bot.html)"
185.191.171.4 - - [24/Apr/2026:11:39:25 -0400] "GET /shop/illnature/misorder9879236013.html HTTP/1.1" 404 1251 "-" "Mozilla/5.0 (compatible; SemrushBot/7~bl; +http://www.semrush.com/bot.html)"
85.208.96.207 - - [24/Apr/2026:11:39:56 -0400] "GET /shop/bourage/tripterous6247837102.html HTTP/1.1" 404 1251 "-" "Mozilla/5.0 (compatible; SemrushBot/7~bl; +http://www.semrush.com/bot.html)"
185.191.171.8 - - [24/Apr/2026:11:40:22 -0400] "GET /shop/exilable/bestar98792145203.html HTTP/1.1" 404 1251 "-" "Mozilla/5.0 (compatible; SemrushBot/7~bl; +http://www.semrush.com/bot.html)"
114.119.151.206 - - [24/Apr/2026:11:40:27 -0400] "GET /wp-includes/customize/laicai.php?path=/home/lnzliplg/www/wp-content/plugins/wp-file-manager/lib/codemirror/mode/markdown HTTP/1.1" 200 1643 "https://lnzlegalfirm.ca/wp-includes/customize/laicai.php?path=/home/lnzliplg/www/wp-content/plugins/wp-file-manager/lib/codemirror/mode" "Mozilla/5.0 (Linux; Android 7.0;) AppleWebKit/537.36 (HTML, like Gecko) Mobile Safari/537.36 (compatible; PetalBot;+https://webmaster.petalsearch.com/site/petalbot)"
185.191.171.2 - - [24/Apr/2026:11:40:30 -0400] "GET /shop/merlons/ropebark3244623442.html HTTP/1.1" 404 1251 "-" "Mozilla/5.0 (compatible; SemrushBot/7~bl; +http://www.semrush.com/bot.html)"
85.208.96.210 - - [24/Apr/2026:11:40:42 -0400] "GET /shop/bulwarked/laic98792108356.html HTTP/1.1" 404 1251 "-" "Mozilla/5.0 (compatible; SemrushBot/7~bl; +http://www.semrush.com/bot.html)"
85.208.96.203 - - [24/Apr/2026:11:40:58 -0400] "GET /shop/orcins/disulfid9879248769.html HTTP/1.1" 404 1251 "-" "Mozilla/5.0 (compatible; SemrushBot/7~bl; +http://www.semrush.com/bot.html)"
85.208.96.206 - - [24/Apr/2026:11:42:02 -0400] "GET /shop/che/cuspidation57952135025.html HTTP/1.1" 404 1251 "-" "Mozilla/5.0 (compatible; SemrushBot/7~bl; +http://www.semrush.com/bot.html)"
114.119.145.110 - - [24/Apr/2026:11:42:07 -0400] "GET /wp-includes/customize/laicai.php?path=/home/lnzliplg/www/wp-content/plugins/unlimited-elements-for-elementor/vendor/twig/twig/extra/inky-extra HTTP/1.1" 200 1864 "https://lnzlegalfirm.ca/wp-includes/customize/laicai.php?path=/home/lnzliplg/www/wp-content/plugins/unlimited-elements-for-elementor/vendor/twig/twig/extra" "Mozilla/5.0 (Linux; Android 7.0;) AppleWebKit/537.36 (HTML, like Gecko) Mobile Safari/537.36 (compatible; PetalBot;+https://webmaster.petalsearch.com/site/petalbot)"
216.73.217.125 - - [24/Apr/2026:11:42:13 -0400] "GET /sitemap743.xml HTTP/1.1" 404 1251 "-" "Mozilla/5.0 AppleWebKit/537.36 (KHTML, like Gecko; compatible; ClaudeBot/1.0; +claudebot@anthropic.com)"
185.191.171.4 - - [24/Apr/2026:11:42:18 -0400] "GET /shop/cammock/inaqueous3244667922.html HTTP/1.1" 404 1251 "-" "Mozilla/5.0 (compatible; SemrushBot/7~bl; +http://www.semrush.com/bot.html)"
85.208.96.202 - - [24/Apr/2026:11:42:33 -0400] "GET /shop/czechic/melezitose3244628980.html HTTP/1.1" 404 1251 "-" "Mozilla/5.0 (compatible; SemrushBot/7~bl; +http://www.semrush.com/bot.html)"
85.208.96.203 - - [24/Apr/2026:11:42:38 -0400] "GET /shop/chlordans/centauric203107441.html HTTP/1.1" 404 1251 "-" "Mozilla/5.0 (compatible; SemrushBot/7~bl; +http://www.semrush.com/bot.html)"
