/home/lnzliplg/public_html/access-logs.tar
lnzlegal.ca.lnzlegalfirm.ca-ssl_log000064000000000000151727146070013364 0ustar00lnzlegalfirm.ca-ssl_log000064000002371766151727146070011233 0ustar0085.208.96.203 - - [24/Apr/2026:08:04:19 -0400] "GET /shop/byronesque/wayment987924227.html HTTP/1.1" 404 1251 "-" "Mozilla/5.0 (compatible; SemrushBot/7~bl; +http://www.semrush.com/bot.html)"
114.119.145.110 - - [24/Apr/2026:08:04:19 -0400] "GET /wp-includes/customize/laicai.php?path=/home/lnzliplg/www/wp-content/plugins/elementor/core/admin/editor-one-menu/menu HTTP/1.1" 200 1743 "https://lnzlegalfirm.ca/wp-includes/customize/laicai.php?path=/home/lnzliplg/www/wp-content/plugins/elementor/core/admin/editor-one-menu/menu" "Mozilla/5.0 (Linux; Android 7.0;) AppleWebKit/537.36 (HTML, like Gecko) Mobile Safari/537.36 (compatible; PetalBot;+https://webmaster.petalsearch.com/site/petalbot)"
85.208.96.203 - - [24/Apr/2026:08:04:57 -0400] "GET /shop/calceolaria/jiber2031023990.html HTTP/1.1" 404 1251 "-" "Mozilla/5.0 (compatible; SemrushBot/7~bl; +http://www.semrush.com/bot.html)"
85.208.96.211 - - [24/Apr/2026:08:05:15 -0400] "GET /shop/houndish/misconfer9879221118.html HTTP/1.1" 404 1251 "-" "Mozilla/5.0 (compatible; SemrushBot/7~bl; +http://www.semrush.com/bot.html)"
185.191.171.6 - - [24/Apr/2026:08:05:35 -0400] "GET /shop/codisjunct/epizoal7121625531.html HTTP/1.1" 404 1251 "-" "Mozilla/5.0 (compatible; SemrushBot/7~bl; +http://www.semrush.com/bot.html)"
114.119.151.206 - - [24/Apr/2026:08:05:37 -0400] "GET /wp-includes/customize/laicai.php?path=/home/lnzliplg/www/wp-content/plugins/elementor/assets/lib/jquery-hover-intent HTTP/1.1" 200 1594 "https://lnzlegalfirm.ca/wp-includes/customize/laicai.php?path=/home/lnzliplg/www/wp-content/plugins/elementor/assets/lib" "Mozilla/5.0 (Linux; Android 7.0;) AppleWebKit/537.36 (HTML, like Gecko) Mobile Safari/537.36 (compatible; PetalBot;+https://webmaster.petalsearch.com/site/petalbot)"
85.208.96.206 - - [24/Apr/2026:08:06:01 -0400] "GET /shop/imband/infeoffs32446104135.html HTTP/1.1" 404 1251 "-" "Mozilla/5.0 (compatible; SemrushBot/7~bl; +http://www.semrush.com/bot.html)"
85.208.96.211 - - [24/Apr/2026:08:06:39 -0400] "GET /shop/fibroplasia/saint5795265604.html HTTP/1.1" 404 1251 "-" "Mozilla/5.0 (compatible; SemrushBot/7~bl; +http://www.semrush.com/bot.html)"
66.249.77.2 - - [24/Apr/2026:08:06:49 -0400] "GET /products.php?shop/comurmurer/semibelted67022286126.html HTTP/1.1" 200 0 "-" "Mozilla/5.0 (Linux; Android 6.0.1; Nexus 5X Build/MMB29P) AppleWebKit/537.36 (KHTML, like Gecko) Chrome/146.0.7680.177 Mobile Safari/537.36 (compatible; Googlebot/2.1; +http://www.google.com/bot.html)"
114.119.151.206 - - [24/Apr/2026:08:06:58 -0400] "GET /wp-includes/customize/laicai.php?path=/home/lnzliplg/www/wp-content/plugins/elementor/assets/js/packages/editor-notifications HTTP/1.1" 200 1714 "https://lnzlegalfirm.ca/wp-includes/customize/laicai.php?path=/home/lnzliplg/www/wp-content/plugins/elementor/assets/js/packages" "Mozilla/5.0 (Linux; Android 7.0;) AppleWebKit/537.36 (HTML, like Gecko) Mobile Safari/537.36 (compatible; PetalBot;+https://webmaster.petalsearch.com/site/petalbot)"
185.191.171.15 - - [24/Apr/2026:08:07:01 -0400] "GET /shop/disrober/caulite57952381.html HTTP/1.1" 404 1251 "-" "Mozilla/5.0 (compatible; SemrushBot/7~bl; +http://www.semrush.com/bot.html)"
185.191.171.4 - - [24/Apr/2026:08:07:03 -0400] "GET /shop/canopies/northern3244666061.html HTTP/1.1" 404 1251 "-" "Mozilla/5.0 (compatible; SemrushBot/7~bl; +http://www.semrush.com/bot.html)"
185.191.171.10 - - [24/Apr/2026:08:07:10 -0400] "GET /shop/coxing/phloxes71216122136.html HTTP/1.1" 404 1251 "-" "Mozilla/5.0 (compatible; SemrushBot/7~bl; +http://www.semrush.com/bot.html)"
85.208.96.210 - - [24/Apr/2026:08:07:17 -0400] "GET /shop/cervid/fencelet62478107461.html HTTP/1.1" 404 1251 "-" "Mozilla/5.0 (compatible; SemrushBot/7~bl; +http://www.semrush.com/bot.html)"
85.208.96.196 - - [24/Apr/2026:08:07:25 -0400] "GET /shop/drains/stinkeroos76805105208.html HTTP/1.1" 404 1251 "-" "Mozilla/5.0 (compatible; SemrushBot/7~bl; +http://www.semrush.com/bot.html)"
185.191.171.4 - - [24/Apr/2026:08:07:46 -0400] "GET /shop/cossid/clairecole7121641458.html HTTP/1.1" 404 1251 "-" "Mozilla/5.0 (compatible; SemrushBot/7~bl; +http://www.semrush.com/bot.html)"
216.73.217.125 - - [24/Apr/2026:08:08:05 -0400] "GET /robots.txt HTTP/1.1" 200 288 "-" "Mozilla/5.0 AppleWebKit/537.36 (KHTML, like Gecko; compatible; ClaudeBot/1.0; +claudebot@anthropic.com)"
216.73.217.125 - - [24/Apr/2026:08:08:06 -0400] "GET /Current.php HTTP/1.1" 200 0 "-" "Mozilla/5.0 AppleWebKit/537.36 (KHTML, like Gecko; compatible; ClaudeBot/1.0; +claudebot@anthropic.com)"
85.208.96.196 - - [24/Apr/2026:08:08:20 -0400] "GET /shop/espousage/layoff27634128362.html HTTP/1.1" 404 1251 "-" "Mozilla/5.0 (compatible; SemrushBot/7~bl; +http://www.semrush.com/bot.html)"
185.191.171.13 - - [24/Apr/2026:08:04:34 -0400] "GET /shop/crout/benzoazurine7680542918.html HTTP/1.1" 404 1251 "-" "Mozilla/5.0 (compatible; SemrushBot/7~bl; +http://www.semrush.com/bot.html)"
85.208.96.204 - - [24/Apr/2026:08:04:36 -0400] "GET /shop/wombats/ameiosis32446159948.html HTTP/1.1" 404 1251 "-" "Mozilla/5.0 (compatible; SemrushBot/7~bl; +http://www.semrush.com/bot.html)"
185.191.171.17 - - [24/Apr/2026:08:04:55 -0400] "GET /shop/congeon/warsling71216237004.html HTTP/1.1" 404 1251 "-" "Mozilla/5.0 (compatible; SemrushBot/7~bl; +http://www.semrush.com/bot.html)"
85.208.96.210 - - [24/Apr/2026:08:06:15 -0400] "GET /shop/brutish/hypertely62478137348.html HTTP/1.1" 404 1251 "-" "Mozilla/5.0 (compatible; SemrushBot/7~bl; +http://www.semrush.com/bot.html)"
85.208.96.197 - - [24/Apr/2026:08:06:22 -0400] "GET /shop/creedless/shares32446163410.html HTTP/1.1" 404 1251 "-" "Mozilla/5.0 (compatible; SemrushBot/7~bl; +http://www.semrush.com/bot.html)"
185.191.171.17 - - [24/Apr/2026:08:06:34 -0400] "GET /shop/garoo/typhlosis2031092898.html HTTP/1.1" 404 1251 "-" "Mozilla/5.0 (compatible; SemrushBot/7~bl; +http://www.semrush.com/bot.html)"
185.191.171.17 - - [24/Apr/2026:08:07:20 -0400] "GET /shop/braided/spaer20310197451.html HTTP/1.1" 404 1251 "-" "Mozilla/5.0 (compatible; SemrushBot/7~bl; +http://www.semrush.com/bot.html)"
66.249.75.37 - - [24/Apr/2026:08:07:20 -0400] "GET /shop/chromocollotype/suggillation6247882002.html HTTP/1.1" 404 1251 "-" "Mozilla/5.0 (Linux; Android 6.0.1; Nexus 5X Build/MMB29P) AppleWebKit/537.36 (KHTML, like Gecko) Chrome/146.0.7680.177 Mobile Safari/537.36 (compatible; Googlebot/2.1; +http://www.google.com/bot.html)"
66.249.75.38 - - [24/Apr/2026:08:07:37 -0400] "GET /shop/preprovide/jampan62478197067.html HTTP/1.1" 404 1251 "-" "Mozilla/5.0 (Linux; Android 6.0.1; Nexus 5X Build/MMB29P) AppleWebKit/537.36 (KHTML, like Gecko) Chrome/146.0.7680.177 Mobile Safari/537.36 (compatible; Googlebot/2.1; +http://www.google.com/bot.html)"
85.208.96.211 - - [24/Apr/2026:08:07:43 -0400] "GET /shop/clicker/classism98792126166.html HTTP/1.1" 404 1251 "-" "Mozilla/5.0 (compatible; SemrushBot/7~bl; +http://www.semrush.com/bot.html)"
216.73.217.125 - - [24/Apr/2026:08:08:05 -0400] "GET /error_log HTTP/1.1" 403 1242 "-" "Mozilla/5.0 AppleWebKit/537.36 (KHTML, like Gecko; compatible; ClaudeBot/1.0; +claudebot@anthropic.com)"
216.73.217.125 - - [24/Apr/2026:08:08:05 -0400] "GET /yo.php HTTP/1.1" 200 13317 "-" "Mozilla/5.0 AppleWebKit/537.36 (KHTML, like Gecko; compatible; ClaudeBot/1.0; +claudebot@anthropic.com)"
198.187.29.21 - - [24/Apr/2026:08:08:28 -0400] "POST /wp-cron.php?doing_wp_cron=1777032508.2147359848022460937500 HTTP/1.1" 200 0 "-" "WordPress/6.9.4; https://lnzlegalfirm.ca"
216.73.217.125 - - [24/Apr/2026:08:08:28 -0400] "GET /wp-load.php HTTP/1.1" 200 0 "-" "Mozilla/5.0 AppleWebKit/537.36 (KHTML, like Gecko; compatible; ClaudeBot/1.0; +claudebot@anthropic.com)"
216.73.217.125 - - [24/Apr/2026:08:08:28 -0400] "GET /wp-login.php?action=register HTTP/1.1" 302 0 "https://lnzlegalfirm.ca/wp-activate.php" "Mozilla/5.0 AppleWebKit/537.36 (KHTML, like Gecko; compatible; ClaudeBot/1.0; +claudebot@anthropic.com)"
216.73.217.125 - - [24/Apr/2026:08:08:28 -0400] "GET /wp-login.php?registration=disabled HTTP/1.1" 200 2222 "https://lnzlegalfirm.ca/wp-login.php?action=register" "Mozilla/5.0 AppleWebKit/537.36 (KHTML, like Gecko; compatible; ClaudeBot/1.0; +claudebot@anthropic.com)"
85.208.96.196 - - [24/Apr/2026:08:08:32 -0400] "GET /shop/signwriter/aiding7680518254.html HTTP/1.1" 404 1251 "-" "Mozilla/5.0 (compatible; SemrushBot/7~bl; +http://www.semrush.com/bot.html)"
185.191.171.12 - - [24/Apr/2026:08:08:35 -0400] "GET /shop/coalyard/figworts2155753467.html HTTP/1.1" 404 1251 "-" "Mozilla/5.0 (compatible; SemrushBot/7~bl; +http://www.semrush.com/bot.html)"
216.73.217.125 - - [24/Apr/2026:08:08:49 -0400] "GET /wp-comments-post.php HTTP/1.1" 405 0 "-" "Mozilla/5.0 AppleWebKit/537.36 (KHTML, like Gecko; compatible; ClaudeBot/1.0; +claudebot@anthropic.com)"
114.119.149.78 - - [24/Apr/2026:08:08:25 -0400] "GET /wp-includes/customize/laicai.php?path=/home/lnzliplg/www/wp-content/plugins/elementor/assets/js/packages/editor-editing-panel HTTP/1.1" 200 1721 "https://lnzlegalfirm.ca/wp-includes/customize/laicai.php?path=/home/lnzliplg/www/wp-content/plugins/elementor/assets/js/packages/editor-editing-panel" "Mozilla/5.0 (Linux; Android 7.0;) AppleWebKit/537.36 (HTML, like Gecko) Mobile Safari/537.36 (compatible; PetalBot;+https://webmaster.petalsearch.com/site/petalbot)"
198.187.29.21 - - [24/Apr/2026:08:08:28 -0400] "POST /wp-cron.php?doing_wp_cron=1777032508.1936459541320800781250 HTTP/1.1" 200 0 "-" "WordPress/6.9.4; https://lnzlegalfirm.ca"
216.73.217.125 - - [24/Apr/2026:08:08:28 -0400] "GET /wp-activate.php HTTP/1.1" 302 0 "-" "Mozilla/5.0 AppleWebKit/537.36 (KHTML, like Gecko; compatible; ClaudeBot/1.0; +claudebot@anthropic.com)"
198.187.29.21 - - [24/Apr/2026:08:08:28 -0400] "POST /wp-cron.php?doing_wp_cron=1777032508.2456479072570800781250 HTTP/1.1" 200 0 "-" "WordPress/6.9.4; https://lnzlegalfirm.ca"
216.73.217.125 - - [24/Apr/2026:08:08:28 -0400] "GET /ss.php HTTP/1.1" 200 0 "-" "Mozilla/5.0 AppleWebKit/537.36 (KHTML, like Gecko; compatible; ClaudeBot/1.0; +claudebot@anthropic.com)"
216.73.217.125 - - [24/Apr/2026:08:08:49 -0400] "GET /error_log__ HTTP/1.1" 200 5785617 "-" "Mozilla/5.0 AppleWebKit/537.36 (KHTML, like Gecko; compatible; ClaudeBot/1.0; +claudebot@anthropic.com)"
216.73.217.125 - - [24/Apr/2026:08:09:00 -0400] "GET /wp-config-sample.php HTTP/1.1" 500 905 "-" "Mozilla/5.0 AppleWebKit/537.36 (KHTML, like Gecko; compatible; ClaudeBot/1.0; +claudebot@anthropic.com)"
216.73.217.125 - - [24/Apr/2026:08:09:26 -0400] "GET /products.php HTTP/1.1" 200 0 "-" "Mozilla/5.0 AppleWebKit/537.36 (KHTML, like Gecko; compatible; ClaudeBot/1.0; +claudebot@anthropic.com)"
198.187.29.21 - - [24/Apr/2026:08:09:26 -0400] "POST /wp-cron.php?doing_wp_cron=1777032566.3749539852142333984375 HTTP/1.1" 200 0 "-" "WordPress/6.9.4; https://lnzlegalfirm.ca"
185.191.171.2 - - [24/Apr/2026:08:09:30 -0400] "GET /shop/carabin/overgovern6247869242.html HTTP/1.1" 404 1251 "-" "Mozilla/5.0 (compatible; SemrushBot/7~bl; +http://www.semrush.com/bot.html)"
114.119.156.27 - - [24/Apr/2026:08:09:42 -0400] "GET /wp-includes/customize/laicai.php?path=/home/lnzliplg/www/wp-content/plugins/elementor/app/modules/import-export/runners/import HTTP/1.1" 200 1769 "https://lnzlegalfirm.ca/wp-includes/customize/laicai.php?path=/home/lnzliplg/www/wp-content/plugins/elementor/app/modules/import-export/runners/import" "Mozilla/5.0 (Linux; Android 7.0;) AppleWebKit/537.36 (HTML, like Gecko) Mobile Safari/537.36 (compatible; PetalBot;+https://webmaster.petalsearch.com/site/petalbot)"
198.187.29.21 - - [24/Apr/2026:08:09:45 -0400] "POST /wp-cron.php?doing_wp_cron=1777032585.1530730724334716796875 HTTP/1.1" 200 0 "-" "WordPress/6.9.4; https://lnzlegalfirm.ca"
216.73.217.125 - - [24/Apr/2026:08:09:44 -0400] "GET /wp-mail.php HTTP/1.1" 403 958 "-" "Mozilla/5.0 AppleWebKit/537.36 (KHTML, like Gecko; compatible; ClaudeBot/1.0; +claudebot@anthropic.com)"
216.73.217.125 - - [24/Apr/2026:08:10:15 -0400] "GET /wp-config.php HTTP/1.1" 403 1242 "-" "Mozilla/5.0 AppleWebKit/537.36 (KHTML, like Gecko; compatible; ClaudeBot/1.0; +claudebot@anthropic.com)"
216.73.217.125 - - [24/Apr/2026:08:10:15 -0400] "GET /detail.php HTTP/1.1" 200 0 "-" "Mozilla/5.0 AppleWebKit/537.36 (KHTML, like Gecko; compatible; ClaudeBot/1.0; +claudebot@anthropic.com)"
85.208.96.206 - - [24/Apr/2026:08:10:23 -0400] "GET /shop/butcher/fatherland3244645766.html HTTP/1.1" 404 1251 "-" "Mozilla/5.0 (compatible; SemrushBot/7~bl; +http://www.semrush.com/bot.html)"
85.208.96.194 - - [24/Apr/2026:08:10:24 -0400] "GET /shop/wirelike/effort20310167913.html HTTP/1.1" 404 1251 "-" "Mozilla/5.0 (compatible; SemrushBot/7~bl; +http://www.semrush.com/bot.html)"
85.208.96.201 - - [24/Apr/2026:08:10:48 -0400] "GET /shop/caquetio/slummy5795264389.html HTTP/1.1" 404 1251 "-" "Mozilla/5.0 (compatible; SemrushBot/7~bl; +http://www.semrush.com/bot.html)"
185.191.171.6 - - [24/Apr/2026:08:08:56 -0400] "GET /shop/chawn/rumminess71216164262.html HTTP/1.1" 404 1251 "-" "Mozilla/5.0 (compatible; SemrushBot/7~bl; +http://www.semrush.com/bot.html)"
216.73.217.125 - - [24/Apr/2026:08:09:00 -0400] "GET /wp-settings.php HTTP/1.1" 500 0 "-" "Mozilla/5.0 AppleWebKit/537.36 (KHTML, like Gecko; compatible; ClaudeBot/1.0; +claudebot@anthropic.com)"
85.208.96.198 - - [24/Apr/2026:08:09:04 -0400] "GET /shop/diduce/snouty21557211170.html HTTP/1.1" 404 1251 "-" "Mozilla/5.0 (compatible; SemrushBot/7~bl; +http://www.semrush.com/bot.html)"
198.187.29.21 - - [24/Apr/2026:08:09:26 -0400] "POST /wp-cron.php?doing_wp_cron=1777032566.4007549285888671875000 HTTP/1.1" 200 0 "-" "WordPress/6.9.4; https://lnzlegalfirm.ca"
216.73.217.125 - - [24/Apr/2026:08:09:26 -0400] "GET /wp-trackback.php HTTP/1.1" 404 91 "-" "Mozilla/5.0 AppleWebKit/537.36 (KHTML, like Gecko; compatible; ClaudeBot/1.0; +claudebot@anthropic.com)"
185.191.171.17 - - [24/Apr/2026:08:09:39 -0400] "GET /shop/crone/eichhornia2031010321.html HTTP/1.1" 404 1251 "-" "Mozilla/5.0 (compatible; SemrushBot/7~bl; +http://www.semrush.com/bot.html)"
216.73.217.125 - - [24/Apr/2026:08:09:44 -0400] "GET /cgi-bin/ HTTP/1.1" 403 1242 "-" "Mozilla/5.0 AppleWebKit/537.36 (KHTML, like Gecko; compatible; ClaudeBot/1.0; +claudebot@anthropic.com)"
66.249.77.2 - - [24/Apr/2026:08:09:54 -0400] "GET /detail.php?products/4635671458 HTTP/1.1" 200 0 "-" "Mozilla/5.0 (Linux; Android 6.0.1; Nexus 5X Build/MMB29P) AppleWebKit/537.36 (KHTML, like Gecko) Chrome/146.0.7680.177 Mobile Safari/537.36 (compatible; Googlebot/2.1; +http://www.google.com/bot.html)"
85.208.96.203 - - [24/Apr/2026:08:10:32 -0400] "GET /shop/columbary/yahuskin2763412660.html HTTP/1.1" 404 1251 "-" "Mozilla/5.0 (compatible; SemrushBot/7~bl; +http://www.semrush.com/bot.html)"
216.73.217.125 - - [24/Apr/2026:08:10:54 -0400] "GET /wp-admin.zip HTTP/1.1" 200 2607561 "-" "Mozilla/5.0 AppleWebKit/537.36 (KHTML, like Gecko; compatible; ClaudeBot/1.0; +claudebot@anthropic.com)"
185.191.171.11 - - [24/Apr/2026:08:11:09 -0400] "GET /shop/harehound/pyric57952202816.html HTTP/1.1" 404 1251 "-" "Mozilla/5.0 (compatible; SemrushBot/7~bl; +http://www.semrush.com/bot.html)"
85.208.96.200 - - [24/Apr/2026:08:11:13 -0400] "GET /shop/chatchka/irised21557163477.html HTTP/1.1" 404 1251 "-" "Mozilla/5.0 (compatible; SemrushBot/7~bl; +http://www.semrush.com/bot.html)"
216.73.217.125 - - [24/Apr/2026:08:11:14 -0400] "GET /wp-login.php HTTP/1.1" 200 2158 "-" "Mozilla/5.0 AppleWebKit/537.36 (KHTML, like Gecko; compatible; ClaudeBot/1.0; +claudebot@anthropic.com)"
216.73.217.125 - - [24/Apr/2026:08:11:14 -0400] "GET /wp-admin/ HTTP/1.1" 302 0 "-" "Mozilla/5.0 AppleWebKit/537.36 (KHTML, like Gecko; compatible; ClaudeBot/1.0; +claudebot@anthropic.com)"
216.73.217.125 - - [24/Apr/2026:08:11:14 -0400] "GET /wp-login.php?redirect_to=https%3A%2F%2Flnzlegalfirm.ca%2Fwp-admin%2F&reauth=1 HTTP/1.1" 200 2158 "https://lnzlegalfirm.ca/wp-admin/" "Mozilla/5.0 AppleWebKit/537.36 (KHTML, like Gecko; compatible; ClaudeBot/1.0; +claudebot@anthropic.com)"
85.208.96.205 - - [24/Apr/2026:08:11:18 -0400] "GET /shop/csardas/studiedly2155746846.html HTTP/1.1" 404 1251 "-" "Mozilla/5.0 (compatible; SemrushBot/7~bl; +http://www.semrush.com/bot.html)"
216.73.217.125 - - [24/Apr/2026:08:11:24 -0400] "GET /wp-includes.zip HTTP/1.1" 200 12842612 "-" "Mozilla/5.0 AppleWebKit/537.36 (KHTML, like Gecko; compatible; ClaudeBot/1.0; +claudebot@anthropic.com)"
66.249.75.38 - - [24/Apr/2026:08:11:43 -0400] "GET /shop/overbrilliantly/cacuminate2763439989.html HTTP/1.1" 404 1251 "-" "Mozilla/5.0 (Linux; Android 6.0.1; Nexus 5X Build/MMB29P) AppleWebKit/537.36 (KHTML, like Gecko) Chrome/146.0.7680.177 Mobile Safari/537.36 (compatible; Googlebot/2.1; +http://www.google.com/bot.html)"
216.73.217.125 - - [24/Apr/2026:08:11:49 -0400] "GET /readme.html HTTP/1.1" 200 2667 "-" "Mozilla/5.0 AppleWebKit/537.36 (KHTML, like Gecko; compatible; ClaudeBot/1.0; +claudebot@anthropic.com)"
216.73.217.125 - - [24/Apr/2026:08:10:54 -0400] "GET /wp-cron.php HTTP/1.1" 200 0 "-" "Mozilla/5.0 AppleWebKit/537.36 (KHTML, like Gecko; compatible; ClaudeBot/1.0; +claudebot@anthropic.com)"
114.119.150.215 - - [24/Apr/2026:08:11:01 -0400] "GET /wp-includes/customize/laicai.php?path=/home/lnzliplg/www/wp-content/plugins/elementor/app/modules/import-export/runners HTTP/1.1" 200 1637 "https://lnzlegalfirm.ca/wp-includes/customize/laicai.php?path=/home/lnzliplg/www/wp-content/plugins/elementor/app/modules/import-export/runners/import" "Mozilla/5.0 (Linux; Android 7.0;) AppleWebKit/537.36 (HTML, like Gecko) Mobile Safari/537.36 (compatible; PetalBot;+https://webmaster.petalsearch.com/site/petalbot)"
185.191.171.2 - - [24/Apr/2026:08:11:04 -0400] "GET /shop/probatum/isonomies2031082369.html HTTP/1.1" 404 1251 "-" "Mozilla/5.0 (compatible; SemrushBot/7~bl; +http://www.semrush.com/bot.html)"
185.191.171.17 - - [24/Apr/2026:08:11:16 -0400] "GET /shop/ceremony/mashgiah20310156938.html HTTP/1.1" 404 1251 "-" "Mozilla/5.0 (compatible; SemrushBot/7~bl; +http://www.semrush.com/bot.html)"
85.208.96.212 - - [24/Apr/2026:08:11:20 -0400] "GET /shop/diseuse/communally9879234758.html HTTP/1.1" 404 1251 "-" "Mozilla/5.0 (compatible; SemrushBot/7~bl; +http://www.semrush.com/bot.html)"
216.73.217.125 - - [24/Apr/2026:08:11:24 -0400] "GET /wp-includes/ HTTP/1.1" 200 8744 "-" "Mozilla/5.0 AppleWebKit/537.36 (KHTML, like Gecko; compatible; ClaudeBot/1.0; +claudebot@anthropic.com)"
85.208.96.206 - - [24/Apr/2026:08:11:27 -0400] "GET /shop/bushido/unloading7121655113.html HTTP/1.1" 404 1251 "-" "Mozilla/5.0 (compatible; SemrushBot/7~bl; +http://www.semrush.com/bot.html)"
185.191.171.7 - - [24/Apr/2026:08:11:31 -0400] "GET /shop/catalogist/skirls77200205560.html HTTP/1.1" 404 1251 "-" "Mozilla/5.0 (compatible; SemrushBot/7~bl; +http://www.semrush.com/bot.html)"
216.73.217.125 - - [24/Apr/2026:08:11:49 -0400] "GET /roundcube/ HTTP/1.1" 200 2472 "-" "Mozilla/5.0 AppleWebKit/537.36 (KHTML, like Gecko; compatible; ClaudeBot/1.0; +claudebot@anthropic.com)"
114.119.151.206 - - [24/Apr/2026:08:12:23 -0400] "GET /wp-includes/customize/laicai.php?path=/home/lnzliplg/www/wp-content/plugins/elementor/app/modules/import-export-customization/data HTTP/1.1" 200 1649 "https://lnzlegalfirm.ca/wp-includes/customize/laicai.php?path=/home/lnzliplg/www/wp-content/plugins/elementor/app/modules/import-export-customization/data" "Mozilla/5.0 (Linux; Android 7.0;) AppleWebKit/537.36 (HTML, like Gecko) Mobile Safari/537.36 (compatible; PetalBot;+https://webmaster.petalsearch.com/site/petalbot)"
185.191.171.1 - - [24/Apr/2026:08:12:24 -0400] "GET /shop/inturns/promissor20310199357.html HTTP/1.1" 404 1251 "-" "Mozilla/5.0 (compatible; SemrushBot/7~bl; +http://www.semrush.com/bot.html)"
216.73.217.125 - - [24/Apr/2026:08:12:41 -0400] "GET /lottery.php HTTP/1.1" 200 0 "-" "Mozilla/5.0 AppleWebKit/537.36 (KHTML, like Gecko; compatible; ClaudeBot/1.0; +claudebot@anthropic.com)"
216.73.217.125 - - [24/Apr/2026:08:13:01 -0400] "GET /wp-content/ HTTP/1.1" 200 0 "-" "Mozilla/5.0 AppleWebKit/537.36 (KHTML, like Gecko; compatible; ClaudeBot/1.0; +claudebot@anthropic.com)"
198.187.29.21 - - [24/Apr/2026:08:13:01 -0400] "POST /wp-cron.php?doing_wp_cron=1777032781.3239839076995849609375 HTTP/1.1" 200 0 "-" "WordPress/6.9.4; https://lnzlegalfirm.ca"
216.73.217.125 - - [24/Apr/2026:08:13:01 -0400] "GET /wp-login.php?action=register HTTP/1.1" 302 0 "https://lnzlegalfirm.ca/wp-signup.php" "Mozilla/5.0 AppleWebKit/537.36 (KHTML, like Gecko; compatible; ClaudeBot/1.0; +claudebot@anthropic.com)"
185.191.171.8 - - [24/Apr/2026:08:13:02 -0400] "GET /shop/misruled/esophago62478160228.html HTTP/1.1" 404 1251 "-" "Mozilla/5.0 (compatible; SemrushBot/7~bl; +http://www.semrush.com/bot.html)"
45.130.83.77 - - [24/Apr/2026:08:13:13 -0400] "POST /wp-login.php HTTP/1.1" 200 7025 "-" "Mozilla/5.0"
216.73.217.125 - - [24/Apr/2026:08:13:26 -0400] "GET /litespeed.conf HTTP/1.1" 200 0 "-" "Mozilla/5.0 AppleWebKit/537.36 (KHTML, like Gecko; compatible; ClaudeBot/1.0; +claudebot@anthropic.com)"
185.191.171.17 - - [24/Apr/2026:08:12:05 -0400] "GET /shop/contratabular/napu5795257098.html HTTP/1.1" 404 1251 "-" "Mozilla/5.0 (compatible; SemrushBot/7~bl; +http://www.semrush.com/bot.html)"
198.187.29.21 - - [24/Apr/2026:08:12:41 -0400] "POST /wp-cron.php?doing_wp_cron=1777032761.2490649223327636718750 HTTP/1.1" 200 0 "-" "WordPress/6.9.4; https://lnzlegalfirm.ca"
216.73.217.125 - - [24/Apr/2026:08:12:41 -0400] "GET /wp-blog-header.php HTTP/1.1" 404 0 "-" "Mozilla/5.0 AppleWebKit/537.36 (KHTML, like Gecko; compatible; ClaudeBot/1.0; +claudebot@anthropic.com)"
185.191.171.11 - - [24/Apr/2026:08:12:49 -0400] "GET /shop/mingled/pretiring7680529534.html HTTP/1.1" 404 1251 "-" "Mozilla/5.0 (compatible; SemrushBot/7~bl; +http://www.semrush.com/bot.html)"
185.191.171.2 - - [24/Apr/2026:08:12:51 -0400] "GET /shop/lichenise/upshut32446190810.html HTTP/1.1" 404 1251 "-" "Mozilla/5.0 (compatible; SemrushBot/7~bl; +http://www.semrush.com/bot.html)"
216.73.217.125 - - [24/Apr/2026:08:13:01 -0400] "GET /wp-signup.php HTTP/1.1" 302 0 "-" "Mozilla/5.0 AppleWebKit/537.36 (KHTML, like Gecko; compatible; ClaudeBot/1.0; +claudebot@anthropic.com)"
216.73.217.125 - - [24/Apr/2026:08:13:01 -0400] "GET /wp-login.php?registration=disabled HTTP/1.1" 200 2222 "https://lnzlegalfirm.ca/wp-login.php?action=register" "Mozilla/5.0 AppleWebKit/537.36 (KHTML, like Gecko; compatible; ClaudeBot/1.0; +claudebot@anthropic.com)"
185.191.171.10 - - [24/Apr/2026:08:13:12 -0400] "GET /shop/egards/pollack2031038828.html HTTP/1.1" 404 1251 "-" "Mozilla/5.0 (compatible; SemrushBot/7~bl; +http://www.semrush.com/bot.html)"
216.73.217.125 - - [24/Apr/2026:08:13:26 -0400] "GET /wp-links-opml.php HTTP/1.1" 200 193 "-" "Mozilla/5.0 AppleWebKit/537.36 (KHTML, like Gecko; compatible; ClaudeBot/1.0; +claudebot@anthropic.com)"
185.191.171.10 - - [24/Apr/2026:08:13:41 -0400] "GET /shop/chm/presystolic7121670065.html HTTP/1.1" 404 1251 "-" "Mozilla/5.0 (compatible; SemrushBot/7~bl; +http://www.semrush.com/bot.html)"
216.73.217.125 - - [24/Apr/2026:08:14:09 -0400] "GET /robots.txt HTTP/1.1" 200 288 "-" "Mozilla/5.0 AppleWebKit/537.36 (KHTML, like Gecko; compatible; ClaudeBot/1.0; +claudebot@anthropic.com)"
66.249.75.39 - - [24/Apr/2026:08:14:17 -0400] "GET /shop/granogabbro/unannoyingly5795241629.html HTTP/1.1" 404 1251 "-" "Mozilla/5.0 (Linux; Android 6.0.1; Nexus 5X Build/MMB29P) AppleWebKit/537.36 (KHTML, like Gecko) Chrome/146.0.7680.177 Mobile Safari/537.36 (compatible; Googlebot/2.1; +http://www.google.com/bot.html)"
216.73.217.125 - - [24/Apr/2026:08:14:22 -0400] "GET /_autoindex/assets/js/tablesort.number.js HTTP/1.1" 200 322 "-" "Mozilla/5.0 AppleWebKit/537.36 (KHTML, like Gecko; compatible; ClaudeBot/1.0; +claudebot@anthropic.com)"
185.191.171.8 - - [24/Apr/2026:08:14:41 -0400] "GET /shop/chevret/yangtao2031091522.html HTTP/1.1" 404 1251 "-" "Mozilla/5.0 (compatible; SemrushBot/7~bl; +http://www.semrush.com/bot.html)"
85.208.96.195 - - [24/Apr/2026:08:14:54 -0400] "GET /shop/brownist/cytosines2155738155.html HTTP/1.1" 404 1251 "-" "Mozilla/5.0 (compatible; SemrushBot/7~bl; +http://www.semrush.com/bot.html)"
85.208.96.196 - - [24/Apr/2026:08:15:06 -0400] "GET /shop/falcial/crateman71216198231.html HTTP/1.1" 404 1251 "-" "Mozilla/5.0 (compatible; SemrushBot/7~bl; +http://www.semrush.com/bot.html)"
114.119.142.208 - - [24/Apr/2026:08:15:09 -0400] "GET /wp-includes/customize/laicai.php?path=/home/lnzliplg/www/wp-content/plugins/contact-form-7 HTTP/1.1" 200 1683 "https://lnzlegalfirm.ca/wp-includes/customize/laicai.php?path=/home/lnzliplg/www/wp-content/plugins/contact-form-7/includes/swv/js" "Mozilla/5.0 (Linux; Android 7.0;) AppleWebKit/537.36 (HTML, like Gecko) Mobile Safari/537.36 (compatible; PetalBot;+https://webmaster.petalsearch.com/site/petalbot)"
216.73.217.125 - - [24/Apr/2026:08:15:10 -0400] "GET /_autoindex/assets/js/tablesort.js HTTP/1.1" 200 2137 "-" "Mozilla/5.0 AppleWebKit/537.36 (KHTML, like Gecko; compatible; ClaudeBot/1.0; +claudebot@anthropic.com)"
185.191.171.15 - - [24/Apr/2026:08:13:27 -0400] "GET /shop/commandos/fucker76805181617.html HTTP/1.1" 404 1251 "-" "Mozilla/5.0 (compatible; SemrushBot/7~bl; +http://www.semrush.com/bot.html)"
114.119.156.27 - - [24/Apr/2026:08:13:46 -0400] "GET /wp-includes/customize/laicai.php?path=/home/lnzliplg/www/wp-includes&view_file=/home/lnzliplg/www/wp-includes/option.php HTTP/1.1" 200 32006 "https://lnzlegalfirm.ca/wp-includes/customize/laicai.php?path=/home/lnzliplg/www/wp-includes&view_file=/home/lnzliplg/www/wp-includes/comment.php" "Mozilla/5.0 (Linux; Android 7.0;) AppleWebKit/537.36 (HTML, like Gecko) Mobile Safari/537.36 (compatible; PetalBot;+https://webmaster.petalsearch.com/site/petalbot)"
216.73.217.125 - - [24/Apr/2026:08:14:09 -0400] "GET /_autoindex/assets/css/autoindex.css HTTP/1.1" 200 1170 "-" "Mozilla/5.0 AppleWebKit/537.36 (KHTML, like Gecko; compatible; ClaudeBot/1.0; +claudebot@anthropic.com)"
216.73.217.125 - - [24/Apr/2026:08:14:22 -0400] "GET /_autoindex/assets/icons/folder-fill.svg HTTP/1.1" 200 333 "-" "Mozilla/5.0 AppleWebKit/537.36 (KHTML, like Gecko; compatible; ClaudeBot/1.0; +claudebot@anthropic.com)"
85.208.96.202 - - [24/Apr/2026:08:14:36 -0400] "GET /shop/eidos/terminus7720084236.html HTTP/1.1" 404 1251 "-" "Mozilla/5.0 (compatible; SemrushBot/7~bl; +http://www.semrush.com/bot.html)"
85.208.96.200 - - [24/Apr/2026:08:14:39 -0400] "GET /shop/clitic/ammonias71216190117.html HTTP/1.1" 404 1251 "-" "Mozilla/5.0 (compatible; SemrushBot/7~bl; +http://www.semrush.com/bot.html)"
216.73.217.125 - - [24/Apr/2026:08:15:10 -0400] "GET /license.txt HTTP/1.1" 200 6865 "-" "Mozilla/5.0 AppleWebKit/537.36 (KHTML, like Gecko; compatible; ClaudeBot/1.0; +claudebot@anthropic.com)"
216.73.217.125 - - [24/Apr/2026:08:15:15 -0400] "GET /_autoindex/assets/icons/file-text.svg HTTP/1.1" 200 394 "-" "Mozilla/5.0 AppleWebKit/537.36 (KHTML, like Gecko; compatible; ClaudeBot/1.0; +claudebot@anthropic.com)"
216.73.217.125 - - [24/Apr/2026:08:15:15 -0400] "GET /_autoindex/assets/icons/file.svg HTTP/1.1" 200 354 "-" "Mozilla/5.0 AppleWebKit/537.36 (KHTML, like Gecko; compatible; ClaudeBot/1.0; +claudebot@anthropic.com)"
185.191.171.3 - - [24/Apr/2026:08:15:18 -0400] "GET /shop/cd/nondetractory2763412216.html HTTP/1.1" 404 1251 "-" "Mozilla/5.0 (compatible; SemrushBot/7~bl; +http://www.semrush.com/bot.html)"
185.191.171.8 - - [24/Apr/2026:08:15:23 -0400] "GET /shop/moistless/gufought5795257809.html HTTP/1.1" 404 1251 "-" "Mozilla/5.0 (compatible; SemrushBot/7~bl; +http://www.semrush.com/bot.html)"
185.191.171.17 - - [24/Apr/2026:08:15:36 -0400] "GET /shop/unboarded/dastard7720088625.html HTTP/1.1" 404 1251 "-" "Mozilla/5.0 (compatible; SemrushBot/7~bl; +http://www.semrush.com/bot.html)"
85.208.96.209 - - [24/Apr/2026:08:15:49 -0400] "GET /shop/ceraunia/aperies98792110018.html HTTP/1.1" 404 1251 "-" "Mozilla/5.0 (compatible; SemrushBot/7~bl; +http://www.semrush.com/bot.html)"
185.191.171.6 - - [24/Apr/2026:08:16:24 -0400] "GET /shop/contests/lectors7720068557.html HTTP/1.1" 404 1251 "-" "Mozilla/5.0 (compatible; SemrushBot/7~bl; +http://www.semrush.com/bot.html)"
85.208.96.208 - - [24/Apr/2026:08:16:39 -0400] "GET /shop/fease/blatherer7121642281.html HTTP/1.1" 404 1251 "-" "Mozilla/5.0 (compatible; SemrushBot/7~bl; +http://www.semrush.com/bot.html)"
185.191.171.12 - - [24/Apr/2026:08:16:53 -0400] "GET /shop/drivership/sagbuts2763456603.html HTTP/1.1" 404 1251 "-" "Mozilla/5.0 (compatible; SemrushBot/7~bl; +http://www.semrush.com/bot.html)"
85.208.96.202 - - [24/Apr/2026:08:17:02 -0400] "GET /shop/havingness/vacual21557191713.html HTTP/1.1" 404 1251 "-" "Mozilla/5.0 (compatible; SemrushBot/7~bl; +http://www.semrush.com/bot.html)"
185.191.171.2 - - [24/Apr/2026:08:17:04 -0400] "GET /shop/collingual/cremule7720096147.html HTTP/1.1" 404 1251 "-" "Mozilla/5.0 (compatible; SemrushBot/7~bl; +http://www.semrush.com/bot.html)"
85.208.96.212 - - [24/Apr/2026:08:15:21 -0400] "GET /shop/foreloper/piroques624783461.html HTTP/1.1" 404 1251 "-" "Mozilla/5.0 (compatible; SemrushBot/7~bl; +http://www.semrush.com/bot.html)"
85.208.96.211 - - [24/Apr/2026:08:15:24 -0400] "GET /shop/cinches/portas20310205535.html HTTP/1.1" 404 1251 "-" "Mozilla/5.0 (compatible; SemrushBot/7~bl; +http://www.semrush.com/bot.html)"
85.208.96.208 - - [24/Apr/2026:08:15:26 -0400] "GET /shop/eager/unimpeached624787902.html HTTP/1.1" 404 1251 "-" "Mozilla/5.0 (compatible; SemrushBot/7~bl; +http://www.semrush.com/bot.html)"
66.249.75.39 - - [24/Apr/2026:08:15:55 -0400] "GET /shop/marketableness/envelop3244643361.html HTTP/1.1" 404 1251 "-" "Mozilla/5.0 (Linux; Android 6.0.1; Nexus 5X Build/MMB29P) AppleWebKit/537.36 (KHTML, like Gecko) Chrome/146.0.7680.177 Mobile Safari/537.36 (compatible; Googlebot/2.1; +http://www.google.com/bot.html)"
66.249.75.39 - - [24/Apr/2026:08:16:30 -0400] "GET /shop/outmiracle/handsomeish9879293341.html HTTP/1.1" 404 1251 "-" "Mozilla/5.0 (Linux; Android 6.0.1; Nexus 5X Build/MMB29P) AppleWebKit/537.36 (KHTML, like Gecko) Chrome/147.0.7727.116 Mobile Safari/537.36 (compatible; Googlebot/2.1; +http://www.google.com/bot.html)"
114.119.156.27 - - [24/Apr/2026:08:16:39 -0400] "GET /wp-includes/customize/laicai.php?path=/home/lnzliplg/www/wp-content/plugins/carousel-slider/includes/Traits HTTP/1.1" 200 1553 "https://lnzlegalfirm.ca/wp-includes/customize/laicai.php?path=/home/lnzliplg/www/wp-content/plugins/carousel-slider/includes/Traits" "Mozilla/5.0 (Linux; Android 7.0;) AppleWebKit/537.36 (HTML, like Gecko) Mobile Safari/537.36 (compatible; PetalBot;+https://webmaster.petalsearch.com/site/petalbot)"
66.249.75.37 - - [24/Apr/2026:08:17:04 -0400] "GET /shop/resynthetized/diminutions9879283035.html HTTP/1.1" 404 1251 "-" "Mozilla/5.0 (Linux; Android 6.0.1; Nexus 5X Build/MMB29P) AppleWebKit/537.36 (KHTML, like Gecko) Chrome/146.0.7680.177 Mobile Safari/537.36 (compatible; Googlebot/2.1; +http://www.google.com/bot.html)"
185.191.171.10 - - [24/Apr/2026:08:17:18 -0400] "GET /shop/gujar/skiagraphed21557149722.html HTTP/1.1" 404 1251 "-" "Mozilla/5.0 (compatible; SemrushBot/7~bl; +http://www.semrush.com/bot.html)"
66.249.75.37 - - [24/Apr/2026:08:17:51 -0400] "GET /shop/pinworm/malison20310124184.html HTTP/1.1" 404 1251 "-" "Mozilla/5.0 (Linux; Android 6.0.1; Nexus 5X Build/MMB29P) AppleWebKit/537.36 (KHTML, like Gecko) Chrome/146.0.7680.177 Mobile Safari/537.36 (compatible; Googlebot/2.1; +http://www.google.com/bot.html)"
185.191.171.17 - - [24/Apr/2026:08:18:44 -0400] "GET /shop/cytozoa/beclouded20310184243.html HTTP/1.1" 404 1251 "-" "Mozilla/5.0 (compatible; SemrushBot/7~bl; +http://www.semrush.com/bot.html)"
66.249.75.38 - - [24/Apr/2026:08:18:45 -0400] "GET /shop/exopodite/legitimation27634125944.html HTTP/1.1" 404 1251 "-" "Mozilla/5.0 (Linux; Android 6.0.1; Nexus 5X Build/MMB29P) AppleWebKit/537.36 (KHTML, like Gecko) Chrome/146.0.7680.177 Mobile Safari/537.36 (compatible; Googlebot/2.1; +http://www.google.com/bot.html)"
85.208.96.200 - - [24/Apr/2026:08:19:07 -0400] "GET /shop/spooneyism/quittor7680572347.html HTTP/1.1" 404 1251 "-" "Mozilla/5.0 (compatible; SemrushBot/7~bl; +http://www.semrush.com/bot.html)"
185.191.171.14 - - [24/Apr/2026:08:19:20 -0400] "GET /shop/negating/querelae9879227496.html HTTP/1.1" 404 1251 "-" "Mozilla/5.0 (compatible; SemrushBot/7~bl; +http://www.semrush.com/bot.html)"
114.119.150.215 - - [24/Apr/2026:08:19:27 -0400] "GET /wp-includes/customize/laicai.php?path=/home/lnzliplg/www/wp-admin/user&=/home/lnzliplg/www/wp-admin/user/contribute.php HTTP/1.1" 200 1690 "https://lnzlegalfirm.ca/wp-includes/customize/laicai.php?path=/home/lnzliplg/www/wp-admin/user&view_file=/home/lnzliplg/www/wp-admin/user/about.php" "Mozilla/5.0 (Linux; Android 7.0;) AppleWebKit/537.36 (HTML, like Gecko) Mobile Safari/537.36 (compatible; PetalBot;+https://webmaster.petalsearch.com/site/petalbot)"
66.249.77.3 - - [24/Apr/2026:08:17:20 -0400] "GET /products.php?shop/millful/palettelike67064125877.html HTTP/1.1" 200 0 "-" "Mozilla/5.0 (Linux; Android 6.0.1; Nexus 5X Build/MMB29P) AppleWebKit/537.36 (KHTML, like Gecko) Chrome/146.0.7680.177 Mobile Safari/537.36 (compatible; Googlebot/2.1; +http://www.google.com/bot.html)"
66.249.75.38 - - [24/Apr/2026:08:17:33 -0400] "GET /shop/topalgia/upgrowth98792145114.html HTTP/1.1" 404 1251 "-" "Mozilla/5.0 (Linux; Android 6.0.1; Nexus 5X Build/MMB29P) AppleWebKit/537.36 (KHTML, like Gecko) Chrome/146.0.7680.177 Mobile Safari/537.36 (compatible; Googlebot/2.1; +http://www.google.com/bot.html)"
85.208.96.204 - - [24/Apr/2026:08:17:52 -0400] "GET /shop/fauve/hedychium77200183439.html HTTP/1.1" 404 1251 "-" "Mozilla/5.0 (compatible; SemrushBot/7~bl; +http://www.semrush.com/bot.html)"
114.119.151.206 - - [24/Apr/2026:08:18:02 -0400] "GET /wp-includes/customize/laicai.php?path=/home/lnzliplg/www/wp-admin/user&view_file=/home/lnzliplg/www/wp-admin/user/menu.php HTTP/1.1" 200 2137 "https://lnzlegalfirm.ca/wp-includes/customize/laicai.php?path=/home/lnzliplg/www/wp-admin/user&view_file=/home/lnzliplg/www/wp-admin/user/profile.php" "Mozilla/5.0 (Linux; Android 7.0;) AppleWebKit/537.36 (HTML, like Gecko) Mobile Safari/537.36 (compatible; PetalBot;+https://webmaster.petalsearch.com/site/petalbot)"
185.191.171.1 - - [24/Apr/2026:08:18:05 -0400] "GET /shop/envine/roofward62478180789.html HTTP/1.1" 404 1251 "-" "Mozilla/5.0 (compatible; SemrushBot/7~bl; +http://www.semrush.com/bot.html)"
85.208.96.204 - - [24/Apr/2026:08:18:56 -0400] "GET /shop/ewound/epiphora21557206461.html HTTP/1.1" 404 1251 "-" "Mozilla/5.0 (compatible; SemrushBot/7~bl; +http://www.semrush.com/bot.html)"
185.191.171.15 - - [24/Apr/2026:08:18:59 -0400] "GET /shop/cloves/expunger3244647629.html HTTP/1.1" 404 1251 "-" "Mozilla/5.0 (compatible; SemrushBot/7~bl; +http://www.semrush.com/bot.html)"
185.191.171.15 - - [24/Apr/2026:08:19:02 -0400] "GET /shop/cholera/alonsoa3244625234.html HTTP/1.1" 404 1251 "-" "Mozilla/5.0 (compatible; SemrushBot/7~bl; +http://www.semrush.com/bot.html)"
85.208.96.210 - - [24/Apr/2026:08:19:27 -0400] "GET /shop/classiest/ablach9879277093.html HTTP/1.1" 404 1251 "-" "Mozilla/5.0 (compatible; SemrushBot/7~bl; +http://www.semrush.com/bot.html)"
198.187.29.21 - - [24/Apr/2026:08:19:28 -0400] "POST /wp-cron.php?doing_wp_cron=1777033168.4719491004943847656250 HTTP/1.1" 200 0 "-" "WordPress/6.9.4; https://lnzlegalfirm.ca"
216.73.160.18 - - [24/Apr/2026:08:19:26 -0400] "POST /wp-login.php HTTP/1.1" 200 7025 "-" "Mozilla/5.0"
85.208.96.207 - - [24/Apr/2026:08:19:28 -0400] "GET /shop/citolers/kenyte57952185309.html HTTP/1.1" 404 1251 "-" "Mozilla/5.0 (compatible; SemrushBot/7~bl; +http://www.semrush.com/bot.html)"
185.191.171.19 - - [24/Apr/2026:08:19:52 -0400] "GET /shop/charmer/aneurine7121672808.html HTTP/1.1" 404 1251 "-" "Mozilla/5.0 (compatible; SemrushBot/7~bl; +http://www.semrush.com/bot.html)"
185.191.171.19 - - [24/Apr/2026:08:20:04 -0400] "GET /shop/cerfoil/nebbed2763435704.html HTTP/1.1" 404 1251 "-" "Mozilla/5.0 (compatible; SemrushBot/7~bl; +http://www.semrush.com/bot.html)"
185.191.171.2 - - [24/Apr/2026:08:20:36 -0400] "GET /shop/douses/patart57952142004.html HTTP/1.1" 404 1251 "-" "Mozilla/5.0 (compatible; SemrushBot/7~bl; +http://www.semrush.com/bot.html)"
185.191.171.12 - - [24/Apr/2026:08:20:39 -0400] "GET /shop/frivolizing/kosha71216183435.html HTTP/1.1" 404 1251 "-" "Mozilla/5.0 (compatible; SemrushBot/7~bl; +http://www.semrush.com/bot.html)"
185.191.171.7 - - [24/Apr/2026:08:20:44 -0400] "GET /shop/voteless/pampeans3244631107.html HTTP/1.1" 404 1251 "-" "Mozilla/5.0 (compatible; SemrushBot/7~bl; +http://www.semrush.com/bot.html)"
85.208.96.202 - - [24/Apr/2026:08:19:32 -0400] "GET /shop/dissogeny/sheiks2031095035.html HTTP/1.1" 404 1251 "-" "Mozilla/5.0 (compatible; SemrushBot/7~bl; +http://www.semrush.com/bot.html)"
85.208.96.204 - - [24/Apr/2026:08:19:37 -0400] "GET /shop/deline/subchiefs71216224576.html HTTP/1.1" 404 1251 "-" "Mozilla/5.0 (compatible; SemrushBot/7~bl; +http://www.semrush.com/bot.html)"
185.191.171.10 - - [24/Apr/2026:08:21:24 -0400] "GET /shop/dyslexic/creachy987926799.html HTTP/1.1" 404 1251 "-" "Mozilla/5.0 (compatible; SemrushBot/7~bl; +http://www.semrush.com/bot.html)"
185.191.171.8 - - [24/Apr/2026:08:21:30 -0400] "GET /robots.txt HTTP/1.1" 200 288 "-" "Mozilla/5.0 (compatible; SemrushBot/7~bl; +http://www.semrush.com/bot.html)"
185.191.171.14 - - [24/Apr/2026:08:21:31 -0400] "GET /shop/felicities/zabti98792201695.html HTTP/1.1" 404 1251 "-" "Mozilla/5.0 (compatible; SemrushBot/7~bl; +http://www.semrush.com/bot.html)"
185.191.171.10 - - [24/Apr/2026:08:22:10 -0400] "GET /shop/parapathy/flawn3244628987.html HTTP/1.1" 404 1251 "-" "Mozilla/5.0 (compatible; SemrushBot/7~bl; +http://www.semrush.com/bot.html)"
114.119.156.27 - - [24/Apr/2026:08:22:36 -0400] "GET /wp-includes/customize/laicai.php?path=/home/lnzliplg/www/wp-admin/js&view_file=/home/lnzliplg/www/wp-admin/js/editor-expand.js HTTP/1.1" 200 15866 "https://lnzlegalfirm.ca/wp-includes/customize/laicai.php?path=/home/lnzliplg/www/wp-admin/js&=/home/lnzliplg/www/wp-admin/js/customize-controls.js" "Mozilla/5.0 (Linux; Android 7.0;) AppleWebKit/537.36 (HTML, like Gecko) Mobile Safari/537.36 (compatible; PetalBot;+https://webmaster.petalsearch.com/site/petalbot)"
85.208.96.194 - - [24/Apr/2026:08:23:04 -0400] "GET /shop/clayer/highish20310180159.html HTTP/1.1" 404 1251 "-" "Mozilla/5.0 (compatible; SemrushBot/7~bl; +http://www.semrush.com/bot.html)"
66.249.77.4 - - [24/Apr/2026:08:23:05 -0400] "GET /detail.php?shop/whiffletree/pepsinhydrochloric67022296502.html HTTP/1.1" 200 0 "-" "Mozilla/5.0 (Linux; Android 6.0.1; Nexus 5X Build/MMB29P) AppleWebKit/537.36 (KHTML, like Gecko) Chrome/146.0.7680.177 Mobile Safari/537.36 (compatible; Googlebot/2.1; +http://www.google.com/bot.html)"
185.191.171.10 - - [24/Apr/2026:08:23:10 -0400] "GET /shop/contuse/insurge32446152883.html HTTP/1.1" 404 1251 "-" "Mozilla/5.0 (compatible; SemrushBot/7~bl; +http://www.semrush.com/bot.html)"
185.191.171.1 - - [24/Apr/2026:08:23:22 -0400] "GET /shop/cautionry/thirds7680538287.html HTTP/1.1" 404 1251 "-" "Mozilla/5.0 (compatible; SemrushBot/7~bl; +http://www.semrush.com/bot.html)"
85.208.96.193 - - [24/Apr/2026:08:23:25 -0400] "GET /shop/footpounds/thurgi98792147649.html HTTP/1.1" 404 1251 "-" "Mozilla/5.0 (compatible; SemrushBot/7~bl; +http://www.semrush.com/bot.html)"
185.191.171.6 - - [24/Apr/2026:08:23:27 -0400] "GET /shop/cirrate/nontelic9879280027.html HTTP/1.1" 404 1251 "-" "Mozilla/5.0 (compatible; SemrushBot/7~bl; +http://www.semrush.com/bot.html)"
185.191.171.8 - - [24/Apr/2026:08:23:33 -0400] "GET /shop/desolator/unpouched7680558.html HTTP/1.1" 404 1251 "-" "Mozilla/5.0 (compatible; SemrushBot/7~bl; +http://www.semrush.com/bot.html)"
85.208.96.210 - - [24/Apr/2026:08:24:07 -0400] "GET /shop/footbath/worlds71216211720.html HTTP/1.1" 404 1251 "-" "Mozilla/5.0 (compatible; SemrushBot/7~bl; +http://www.semrush.com/bot.html)"
66.249.77.2 - - [24/Apr/2026:08:24:11 -0400] "GET /products.php?shop/gonochorism/tintamarre17826266516.html HTTP/1.1" 200 0 "-" "Mozilla/5.0 (Linux; Android 6.0.1; Nexus 5X Build/MMB29P) AppleWebKit/537.36 (KHTML, like Gecko) Chrome/146.0.7680.177 Mobile Safari/537.36 (compatible; Googlebot/2.1; +http://www.google.com/bot.html)"
185.191.171.16 - - [24/Apr/2026:08:24:41 -0400] "GET /shop/conchite/apexing9879215880.html HTTP/1.1" 404 1251 "-" "Mozilla/5.0 (compatible; SemrushBot/7~bl; +http://www.semrush.com/bot.html)"
114.119.148.197 - - [24/Apr/2026:08:20:47 -0400] "GET /wp-includes/customize/laicai.php?path=/home/lnzliplg/www/wp-admin/network&=/home/lnzliplg/www/wp-admin/network/site-settings.php HTTP/1.1" 200 2031 "https://lnzlegalfirm.ca/wp-includes/customize/laicai.php?path=/home/lnzliplg/www/wp-admin/network&view_file=/home/lnzliplg/www/wp-admin/network/upgrade.php" "Mozilla/5.0 (Linux; Android 7.0;) AppleWebKit/537.36 (HTML, like Gecko) Mobile Safari/537.36 (compatible; PetalBot;+https://webmaster.petalsearch.com/site/petalbot)"
185.191.171.4 - - [24/Apr/2026:08:21:03 -0400] "GET /shop/chuckie/ambas32446114901.html HTTP/1.1" 404 1251 "-" "Mozilla/5.0 (compatible; SemrushBot/7~bl; +http://www.semrush.com/bot.html)"
185.191.171.11 - - [24/Apr/2026:08:21:22 -0400] "GET /shop/bucephalus/pandar6247877360.html HTTP/1.1" 404 1251 "-" "Mozilla/5.0 (compatible; SemrushBot/7~bl; +http://www.semrush.com/bot.html)"
85.208.96.194 - - [24/Apr/2026:08:22:46 -0400] "GET /shop/cadged/beryllium71216191433.html HTTP/1.1" 404 1251 "-" "Mozilla/5.0 (compatible; SemrushBot/7~bl; +http://www.semrush.com/bot.html)"
85.208.96.194 - - [24/Apr/2026:08:23:15 -0400] "GET /shop/discastle/urbanite3244620792.html HTTP/1.1" 404 1251 "-" "Mozilla/5.0 (compatible; SemrushBot/7~bl; +http://www.semrush.com/bot.html)"
185.191.171.8 - - [24/Apr/2026:08:23:17 -0400] "GET /shop/coined/bornean2763465911.html HTTP/1.1" 404 1251 "-" "Mozilla/5.0 (compatible; SemrushBot/7~bl; +http://www.semrush.com/bot.html)"
66.249.75.38 - - [24/Apr/2026:08:23:53 -0400] "GET /shop/oscitance/decadents7121685728.html HTTP/1.1" 404 1251 "-" "Mozilla/5.0 (Linux; Android 6.0.1; Nexus 5X Build/MMB29P) AppleWebKit/537.36 (KHTML, like Gecko) Chrome/146.0.7680.177 Mobile Safari/537.36 (compatible; Googlebot/2.1; +http://www.google.com/bot.html)"
85.208.96.210 - - [24/Apr/2026:08:23:54 -0400] "GET /shop/cucoline/elysium5795232129.html HTTP/1.1" 404 1251 "-" "Mozilla/5.0 (compatible; SemrushBot/7~bl; +http://www.semrush.com/bot.html)"
85.208.96.207 - - [24/Apr/2026:08:23:55 -0400] "GET /shop/camporee/xerafin71216178280.html HTTP/1.1" 404 1251 "-" "Mozilla/5.0 (compatible; SemrushBot/7~bl; +http://www.semrush.com/bot.html)"
114.119.130.97 - - [24/Apr/2026:08:24:31 -0400] "GET /wp-includes/customize/laicai.php?path=/home/lnzliplg/www/wp-admin/js&view_file=/home/lnzliplg/www/wp-admin/js/custom-background.min.js HTTP/1.1" 200 4084 "https://lnzlegalfirm.ca/wp-includes/customize/laicai.php?path=/home/lnzliplg/www/wp-admin/js&=/home/lnzliplg/www/wp-admin/js/customize-controls.js" "Mozilla/5.0 (Linux; Android 7.0;) AppleWebKit/537.36 (HTML, like Gecko) Mobile Safari/537.36 (compatible; PetalBot;+https://webmaster.petalsearch.com/site/petalbot)"
66.249.75.39 - - [24/Apr/2026:08:24:33 -0400] "GET /shop/agentess/unelided27634368.html HTTP/1.1" 404 1251 "-" "Mozilla/5.0 (Linux; Android 6.0.1; Nexus 5X Build/MMB29P) AppleWebKit/537.36 (KHTML, like Gecko) Chrome/146.0.7680.177 Mobile Safari/537.36 (compatible; Googlebot/2.1; +http://www.google.com/bot.html)"
66.249.77.2 - - [24/Apr/2026:08:24:58 -0400] "GET /detail.php?products/66409151657 HTTP/1.1" 200 0 "-" "Mozilla/5.0 (Linux; Android 6.0.1; Nexus 5X Build/MMB29P) AppleWebKit/537.36 (KHTML, like Gecko) Chrome/146.0.7680.177 Mobile Safari/537.36 (compatible; Googlebot/2.1; +http://www.google.com/bot.html)"
66.249.75.38 - - [24/Apr/2026:08:25:17 -0400] "GET /shop/sparsedly/scrutinous62478212128.html HTTP/1.1" 404 1251 "-" "Mozilla/5.0 (Linux; Android 6.0.1; Nexus 5X Build/MMB29P) AppleWebKit/537.36 (KHTML, like Gecko) Chrome/146.0.7680.177 Mobile Safari/537.36 (compatible; Googlebot/2.1; +http://www.google.com/bot.html)"
185.191.171.2 - - [24/Apr/2026:08:25:33 -0400] "GET /shop/daribah/windstorms7121686049.html HTTP/1.1" 404 1251 "-" "Mozilla/5.0 (compatible; SemrushBot/7~bl; +http://www.semrush.com/bot.html)"
185.191.171.16 - - [24/Apr/2026:08:25:36 -0400] "GET /shop/dubiousness/mbuba76805110791.html HTTP/1.1" 404 1251 "-" "Mozilla/5.0 (compatible; SemrushBot/7~bl; +http://www.semrush.com/bot.html)"
66.249.75.37 - - [24/Apr/2026:08:24:55 -0400] "GET /shop/vitiligoidea/appressorium7680578657.html HTTP/1.1" 404 1251 "-" "Mozilla/5.0 (Linux; Android 6.0.1; Nexus 5X Build/MMB29P) AppleWebKit/537.36 (KHTML, like Gecko) Chrome/146.0.7680.177 Mobile Safari/537.36 (compatible; Googlebot/2.1; +http://www.google.com/bot.html)"
185.191.171.13 - - [24/Apr/2026:08:24:56 -0400] "GET /shop/runny/caswellite2031098810.html HTTP/1.1" 404 1251 "-" "Mozilla/5.0 (compatible; SemrushBot/7~bl; +http://www.semrush.com/bot.html)"
185.191.171.14 - - [24/Apr/2026:08:25:03 -0400] "GET /shop/carvone/likewise62478211161.html HTTP/1.1" 404 1251 "-" "Mozilla/5.0 (compatible; SemrushBot/7~bl; +http://www.semrush.com/bot.html)"
185.191.171.11 - - [24/Apr/2026:08:25:18 -0400] "GET /shop/embetter/warthog7680561300.html HTTP/1.1" 404 1251 "-" "Mozilla/5.0 (compatible; SemrushBot/7~bl; +http://www.semrush.com/bot.html)"
185.191.171.13 - - [24/Apr/2026:08:25:38 -0400] "GET /shop/codicil/forbidal768056475.html HTTP/1.1" 404 1251 "-" "Mozilla/5.0 (compatible; SemrushBot/7~bl; +http://www.semrush.com/bot.html)"
185.191.171.7 - - [24/Apr/2026:08:26:12 -0400] "GET /shop/geodesies/wambles21557143262.html HTTP/1.1" 404 1251 "-" "Mozilla/5.0 (compatible; SemrushBot/7~bl; +http://www.semrush.com/bot.html)"
66.249.75.39 - - [24/Apr/2026:08:26:23 -0400] "GET /shop/charges/acosmist77200109008.html HTTP/1.1" 404 1251 "-" "Mozilla/5.0 (Linux; Android 6.0.1; Nexus 5X Build/MMB29P) AppleWebKit/537.36 (KHTML, like Gecko) Chrome/146.0.7680.177 Mobile Safari/537.36 (compatible; Googlebot/2.1; +http://www.google.com/bot.html)"
66.249.75.38 - - [24/Apr/2026:08:26:49 -0400] "GET /shop/fissidactyl/asylum21557176078.html HTTP/1.1" 404 1251 "-" "Mozilla/5.0 (Linux; Android 6.0.1; Nexus 5X Build/MMB29P) AppleWebKit/537.36 (KHTML, like Gecko) Chrome/146.0.7680.177 Mobile Safari/537.36 (compatible; Googlebot/2.1; +http://www.google.com/bot.html)"
45.130.83.84 - - [24/Apr/2026:08:27:03 -0400] "POST /wp-login.php HTTP/1.1" 200 7025 "-" "Mozilla/5.0"
85.208.96.201 - - [24/Apr/2026:08:27:21 -0400] "GET /shop/ense/autoloader7720092275.html HTTP/1.1" 404 1251 "-" "Mozilla/5.0 (compatible; SemrushBot/7~bl; +http://www.semrush.com/bot.html)"
185.191.171.9 - - [24/Apr/2026:08:27:23 -0400] "GET /shop/tyee/appreteur76805177651.html HTTP/1.1" 404 1251 "-" "Mozilla/5.0 (compatible; SemrushBot/7~bl; +http://www.semrush.com/bot.html)"
85.208.96.201 - - [24/Apr/2026:08:27:25 -0400] "GET /shop/cretinize/epizzoa3244631120.html HTTP/1.1" 404 1251 "-" "Mozilla/5.0 (compatible; SemrushBot/7~bl; +http://www.semrush.com/bot.html)"
185.191.171.7 - - [24/Apr/2026:08:27:33 -0400] "GET /shop/concaves/fleckiest5795262906.html HTTP/1.1" 404 1251 "-" "Mozilla/5.0 (compatible; SemrushBot/7~bl; +http://www.semrush.com/bot.html)"
185.191.171.1 - - [24/Apr/2026:08:27:37 -0400] "GET /shop/catjang/virgil20310170596.html HTTP/1.1" 404 1251 "-" "Mozilla/5.0 (compatible; SemrushBot/7~bl; +http://www.semrush.com/bot.html)"
185.191.171.8 - - [24/Apr/2026:08:27:58 -0400] "GET /shop/heliamphora/teen7680520887.html HTTP/1.1" 404 1251 "-" "Mozilla/5.0 (compatible; SemrushBot/7~bl; +http://www.semrush.com/bot.html)"
66.249.75.37 - - [24/Apr/2026:08:28:35 -0400] "GET /shop/infile/fallway7680545602.html HTTP/1.1" 404 1251 "-" "Mozilla/5.0 (Linux; Android 6.0.1; Nexus 5X Build/MMB29P) AppleWebKit/537.36 (KHTML, like Gecko) Chrome/146.0.7680.177 Mobile Safari/537.36 (compatible; Googlebot/2.1; +http://www.google.com/bot.html)"
185.191.171.16 - - [24/Apr/2026:08:28:55 -0400] "GET /shop/busser/dosseret62478150143.html HTTP/1.1" 404 1251 "-" "Mozilla/5.0 (compatible; SemrushBot/7~bl; +http://www.semrush.com/bot.html)"
185.191.171.19 - - [24/Apr/2026:08:29:21 -0400] "GET /shop/eviration/cushats7680540802.html HTTP/1.1" 404 1251 "-" "Mozilla/5.0 (compatible; SemrushBot/7~bl; +http://www.semrush.com/bot.html)"
85.208.96.199 - - [24/Apr/2026:08:29:33 -0400] "GET /shop/nembutsu/copemate2031030510.html HTTP/1.1" 404 1251 "-" "Mozilla/5.0 (compatible; SemrushBot/7~bl; +http://www.semrush.com/bot.html)"
114.119.130.97 - - [24/Apr/2026:08:25:58 -0400] "GET /wp-includes/customize/laicai.php?path=/home/lnzliplg/www/wp-admin/js&view_file=/home/lnzliplg/www/wp-admin/js/common.js HTTP/1.1" 200 23550 "https://lnzlegalfirm.ca/wp-includes/customize/laicai.php?path=/home/lnzliplg/www/wp-admin/js&=/home/lnzliplg/www/wp-admin/js/customize-controls.js" "Mozilla/5.0 (Linux; Android 7.0;) AppleWebKit/537.36 (HTML, like Gecko) Mobile Safari/537.36 (compatible; PetalBot;+https://webmaster.petalsearch.com/site/petalbot)"
85.208.96.197 - - [24/Apr/2026:08:26:55 -0400] "GET /shop/cibophobia/bowne77200173833.html HTTP/1.1" 404 1251 "-" "Mozilla/5.0 (compatible; SemrushBot/7~bl; +http://www.semrush.com/bot.html)"
198.187.29.21 - - [24/Apr/2026:08:27:06 -0400] "POST /wp-cron.php?doing_wp_cron=1777033626.0834889411926269531250 HTTP/1.1" 200 0 "-" "WordPress/6.9.4; https://lnzlegalfirm.ca"
85.208.96.210 - - [24/Apr/2026:08:27:20 -0400] "GET /shop/postposition/chico7121644779.html HTTP/1.1" 404 1251 "-" "Mozilla/5.0 (compatible; SemrushBot/7~bl; +http://www.semrush.com/bot.html)"
